{"id":710355,"date":"2025-08-27T16:34:54","date_gmt":"2025-08-27T13:34:54","guid":{"rendered":"https:\/\/roveyayinevi.com.tr\/index.php\/urun\/calinan-tac-4\/"},"modified":"2026-04-12T02:22:00","modified_gmt":"2026-04-11T23:22:00","slug":"calinan-tac-4","status":"publish","type":"product","link":"https:\/\/roveyayinevi.com.tr\/index.php\/urun\/calinan-tac-4\/","title":{"rendered":"\u00c7al\u0131nan Ta\u00e7"},"content":{"rendered":"<p>Londra\u2019n\u0131n en yoksul ailelerinden birine mensup ve babas\u0131 taraf\u0131ndan dilencili\u011fe zorlanan bir \u00e7ocuk ile \u0130ngiltere taht\u0131n\u0131n varis prensi, beklenmedik bir dizi olay\u0131n ard\u0131ndan istemeden yer de\u011fi\u015ftirirler.Prens 4.Edward kendini kar\u015f\u0131 kar\u015f\u0131ya kald\u0131\u011f\u0131 t\u00fcrl\u00fc t\u00fcrl\u00fc zorluklardan ve varl\u0131\u011f\u0131ndan haberdar bile olmad\u0131\u011f\u0131, son derece a\u011f\u0131r ko\u015fullar\u0131n h\u00fck\u00fcm s\u00fcrd\u00fc\u011f\u00fc bir d\u00fcnyadan kurtarmaya \u00e7abalar. Ayn\u0131 s\u0131ralarda, Tom da b\u00fcy\u00fck bir \u015fa\u015fk\u0131nl\u0131k i\u00e7erisinde saray ya\u015fant\u0131s\u0131n\u0131n keyfini s\u00fcrmekte ancak bir yandan da ger\u00e7ek prens olmad\u0131\u011f\u0131n\u0131n ortaya \u00e7\u0131kmas\u0131 durumunda ba\u015f\u0131na gelecekler i\u00e7in endi\u015felenmektedir.Bu de\u011fi\u015fim neticesinde, Edward ve Tom ya\u015fad\u0131klar\u0131 \u00fclkedeki farkl\u0131 sosyal s\u0131n\u0131flar\u0131n, farkl\u0131 hayatlar\u0131n bilincine var\u0131r ve hayata bamba\u015fka bir g\u00f6zle bakmaya ba\u015flar.\u00c7al\u0131nan Ta\u00e7, Mark Twain (1835-1910) taraf\u0131ndan kaleme al\u0131nan ilk sosyal hicivlerden bir tanesidir ve yazar\u0131n en bilinen \u00e7ocuk hikayelerinden biri olarak t\u00fcm d\u00fcnyada ilgi g\u00f6rmektedir. <\/p>\n","protected":false},"excerpt":{"rendered":"<p>Londra\u2019n\u0131n en yoksul ailelerinden birine mensup ve babas\u0131 taraf\u0131ndan dilencili\u011fe zorlanan bir \u00e7ocuk ile \u0130ngiltere taht\u0131n\u0131n varis prensi, beklenmedik bir dizi olay\u0131n ard\u0131ndan istemeden yer de\u011fi\u015ftirirler.Prens<span class=\"excerpt-hellip\"> [\u2026]<\/span><\/p>\n","protected":false},"featured_media":0,"template":"","meta":{"_monsterinsights_skip_tracking":false,"_monsterinsights_sitenote_active":false,"_monsterinsights_sitenote_note":"","_monsterinsights_sitenote_category":0},"product_brand":[],"product_cat":[12274,12284],"product_tag":[],"class_list":{"0":"post-710355","1":"product","2":"type-product","3":"status-publish","5":"product_cat-cocuk-ve-genclik-kitaplari","6":"product_cat-hikayeler","7":"pa_cilt-ciltsiz","8":"pa_tur-kitap","9":"pa_yayinevi-arkadas-yayinlari","10":"pa_yazar-mark-twain","12":"first","13":"instock","14":"sale","15":"shipping-taxable","16":"purchasable","17":"product-type-simple"},"_links":{"self":[{"href":"https:\/\/roveyayinevi.com.tr\/index.php\/wp-json\/wp\/v2\/product\/710355","targetHints":{"allow":["GET"]}}],"collection":[{"href":"https:\/\/roveyayinevi.com.tr\/index.php\/wp-json\/wp\/v2\/product"}],"about":[{"href":"https:\/\/roveyayinevi.com.tr\/index.php\/wp-json\/wp\/v2\/types\/product"}],"wp:attachment":[{"href":"https:\/\/roveyayinevi.com.tr\/index.php\/wp-json\/wp\/v2\/media?parent=710355"}],"wp:term":[{"taxonomy":"product_brand","embeddable":true,"href":"https:\/\/roveyayinevi.com.tr\/index.php\/wp-json\/wp\/v2\/product_brand?post=710355"},{"taxonomy":"product_cat","embeddable":true,"href":"https:\/\/roveyayinevi.com.tr\/index.php\/wp-json\/wp\/v2\/product_cat?post=710355"},{"taxonomy":"product_tag","embeddable":true,"href":"https:\/\/roveyayinevi.com.tr\/index.php\/wp-json\/wp\/v2\/product_tag?post=710355"}],"curies":[{"name":"wp","href":"https:\/\/api.w.org\/{rel}","templated":true}]}}