{"id":710341,"date":"2025-08-27T16:34:47","date_gmt":"2025-08-27T13:34:47","guid":{"rendered":"https:\/\/roveyayinevi.com.tr\/index.php\/urun\/yuzyilin-hesabi-deprem-baglaminda-dirayetli-toplumun-neresindeyiz\/"},"modified":"2026-04-16T02:19:15","modified_gmt":"2026-04-15T23:19:15","slug":"yuzyilin-hesabi-deprem-baglaminda-dirayetli-toplumun-neresindeyiz","status":"publish","type":"product","link":"https:\/\/roveyayinevi.com.tr\/index.php\/urun\/yuzyilin-hesabi-deprem-baglaminda-dirayetli-toplumun-neresindeyiz\/","title":{"rendered":"Y\u00fczy\u0131l\u0131n Hesab\u0131 (Deprem Ba\u011flam\u0131nda Dirayetli Toplumun Neresindeyiz?)"},"content":{"rendered":"<p>Bu kitab\u0131, toplumsal haf\u0131zam\u0131zda depremin kal\u0131c\u0131 bir yer etmesine katk\u0131da bulunmak i\u00e7in yaz\u0131yorum.  Depremi korkun\u00e7 k\u0131lan\u0131n yerin sars\u0131lmas\u0131ndan \u00e7ok, bilgisiz, haz\u0131rl\u0131ks\u0131z, \u00f6rg\u00fcts\u00fcz ve yanl\u0131\u015f \u015fekillerde kurdu\u011fumuz mek\u00e2nlar\u0131m\u0131z ve ya\u015famlar\u0131m\u0131z oldu\u011funun alt\u0131n\u0131 \u00e7izmek i\u00e7in yaz\u0131yorum.   Her t\u00fcr e\u015fitsizli\u011fin her t\u00fcr \u201csars\u0131nt\u0131y\u0131\u201d derinle\u015ftirdi\u011fini g\u00f6stermek istiyorum. Olumsuzluklardan, sorumlulu\u011fu \u00fcstlenmeyen hem toplumun hem de devletin sorumlu oldu\u011funa i\u015faret etmek istiyorum.   Toplumla devleti birlikte sorumlu eyleyiciler (akt\u00f6rler) olarak i\u015faretlerken amac\u0131m devletin sorumlulu\u011funu da\u011f\u0131tmak de\u011fil, devlete y\u00fckledi\u011fimiz sorumlulu\u011fun i\u00e7ini doldurmak.   Her seferinde \u201cart\u0131k ge\u00e7ti\u201d diyemeyece\u011fimiz kadar i\u00e7 i\u00e7e oldu\u011fumuz deprem ger\u00e7e\u011fini kabul edip, gere\u011fini yapmaya bir \u00e7a\u011fr\u0131 bu \u2013 bundan \u00f6nce yap\u0131lm\u0131\u015f bin bir \u00e7a\u011fr\u0131dan biri daha&#8230; \u201cGere\u011fi\u201d de, bina <\/p>\n","protected":false},"excerpt":{"rendered":"<p>Bu kitab\u0131, toplumsal haf\u0131zam\u0131zda depremin kal\u0131c\u0131 bir yer etmesine katk\u0131da bulunmak i\u00e7in yaz\u0131yorum. Depremi korkun\u00e7 k\u0131lan\u0131n yerin sars\u0131lmas\u0131ndan \u00e7ok, bilgisiz, haz\u0131rl\u0131ks\u0131z, \u00f6rg\u00fcts\u00fcz ve yanl\u0131\u015f \u015fekillerde kurdu\u011fumuz<span class=\"excerpt-hellip\"> [\u2026]<\/span><\/p>\n","protected":false},"featured_media":0,"template":"","meta":{"_monsterinsights_skip_tracking":false,"_monsterinsights_sitenote_active":false,"_monsterinsights_sitenote_note":"","_monsterinsights_sitenote_category":0},"product_brand":[],"product_cat":[13590,12337],"product_tag":[],"class_list":{"0":"post-710341","1":"product","2":"type-product","3":"status-publish","5":"product_cat-arastirma-inceleme-politika-siyaset","6":"product_cat-politika-siyaset","7":"pa_cilt-ciltsiz","8":"pa_tur-kitap","9":"pa_yayinevi-yeni-insan-yayinlari","10":"pa_yazar-oya-acikalin","12":"first","13":"instock","14":"sale","15":"shipping-taxable","16":"purchasable","17":"product-type-simple"},"_links":{"self":[{"href":"https:\/\/roveyayinevi.com.tr\/index.php\/wp-json\/wp\/v2\/product\/710341","targetHints":{"allow":["GET"]}}],"collection":[{"href":"https:\/\/roveyayinevi.com.tr\/index.php\/wp-json\/wp\/v2\/product"}],"about":[{"href":"https:\/\/roveyayinevi.com.tr\/index.php\/wp-json\/wp\/v2\/types\/product"}],"wp:attachment":[{"href":"https:\/\/roveyayinevi.com.tr\/index.php\/wp-json\/wp\/v2\/media?parent=710341"}],"wp:term":[{"taxonomy":"product_brand","embeddable":true,"href":"https:\/\/roveyayinevi.com.tr\/index.php\/wp-json\/wp\/v2\/product_brand?post=710341"},{"taxonomy":"product_cat","embeddable":true,"href":"https:\/\/roveyayinevi.com.tr\/index.php\/wp-json\/wp\/v2\/product_cat?post=710341"},{"taxonomy":"product_tag","embeddable":true,"href":"https:\/\/roveyayinevi.com.tr\/index.php\/wp-json\/wp\/v2\/product_tag?post=710341"}],"curies":[{"name":"wp","href":"https:\/\/api.w.org\/{rel}","templated":true}]}}