{"id":710322,"date":"2025-08-27T16:34:37","date_gmt":"2025-08-27T13:34:37","guid":{"rendered":"https:\/\/roveyayinevi.com.tr\/index.php\/urun\/0-3-yas-cocuk-gelisimi-gelisim-psikolojisinin-temel-esaslari-i\/"},"modified":"2026-04-16T02:19:15","modified_gmt":"2026-04-15T23:19:15","slug":"0-3-yas-cocuk-gelisimi-gelisim-psikolojisinin-temel-esaslari-i","status":"publish","type":"product","link":"https:\/\/roveyayinevi.com.tr\/index.php\/urun\/0-3-yas-cocuk-gelisimi-gelisim-psikolojisinin-temel-esaslari-i\/","title":{"rendered":"0-3 Ya\u015f \u00c7ocuk Geli\u015fimi Geli\u015fim Psikolojisinin Temel Esaslar\u0131 I"},"content":{"rendered":"<p>0-3 Ya\u015f \u00c7ocuk Geli\u015fimi &amp; Geli\u015fim Psikolojisinin Temel Esaslar\u0131 -I- kitab\u0131; e\u011fitimcilere, ebeveynlere ve ilgili di\u011fer ki\u015filere ilk 3 ya\u015ftaki \u00e7ocuk geli\u015fimine ili\u015fkin, esas te\u015fkil edecek genel bir bak\u0131\u015f sunmaktad\u0131r. Bu kitapta; geli\u015fime dair \u00f6nemli ad\u0131mlar\u0131n ortaya konmas\u0131, geli\u015fim psikologlar\u0131n\u0131n teori ve ara\u015ft\u0131rmalar\u0131na de\u011finilmesi, konuyla ilgili ayr\u0131nt\u0131l\u0131 a\u00e7\u0131klamalar\u0131n yap\u0131lmas\u0131 ama\u00e7lanm\u0131\u015ft\u0131r. \ufffcTan\u0131t\u0131m Metni<\/p>\n","protected":false},"excerpt":{"rendered":"<p>0-3 Ya\u015f \u00c7ocuk Geli\u015fimi &amp; Geli\u015fim Psikolojisinin Temel Esaslar\u0131 -I- kitab\u0131; e\u011fitimcilere, ebeveynlere ve ilgili di\u011fer ki\u015filere ilk 3 ya\u015ftaki \u00e7ocuk geli\u015fimine ili\u015fkin, esas te\u015fkil edecek<span class=\"excerpt-hellip\"> [\u2026]<\/span><\/p>\n","protected":false},"featured_media":0,"template":"","meta":{"_monsterinsights_skip_tracking":false,"_monsterinsights_sitenote_active":false,"_monsterinsights_sitenote_note":"","_monsterinsights_sitenote_category":0},"product_brand":[],"product_cat":[12573,12566],"product_tag":[],"class_list":{"0":"post-710322","1":"product","2":"type-product","3":"status-publish","5":"product_cat-akademik-kitaplar","6":"product_cat-egitim","7":"pa_cilt-ciltsiz","8":"pa_tur-kitap","9":"pa_yayinevi-ani-yayincilik","10":"pa_yazar-zekeriya-caliskan-aysegul-ulutas-mehmet-saglam","12":"first","13":"instock","14":"sale","15":"shipping-taxable","16":"purchasable","17":"product-type-simple"},"_links":{"self":[{"href":"https:\/\/roveyayinevi.com.tr\/index.php\/wp-json\/wp\/v2\/product\/710322","targetHints":{"allow":["GET"]}}],"collection":[{"href":"https:\/\/roveyayinevi.com.tr\/index.php\/wp-json\/wp\/v2\/product"}],"about":[{"href":"https:\/\/roveyayinevi.com.tr\/index.php\/wp-json\/wp\/v2\/types\/product"}],"wp:attachment":[{"href":"https:\/\/roveyayinevi.com.tr\/index.php\/wp-json\/wp\/v2\/media?parent=710322"}],"wp:term":[{"taxonomy":"product_brand","embeddable":true,"href":"https:\/\/roveyayinevi.com.tr\/index.php\/wp-json\/wp\/v2\/product_brand?post=710322"},{"taxonomy":"product_cat","embeddable":true,"href":"https:\/\/roveyayinevi.com.tr\/index.php\/wp-json\/wp\/v2\/product_cat?post=710322"},{"taxonomy":"product_tag","embeddable":true,"href":"https:\/\/roveyayinevi.com.tr\/index.php\/wp-json\/wp\/v2\/product_tag?post=710322"}],"curies":[{"name":"wp","href":"https:\/\/api.w.org\/{rel}","templated":true}]}}