{"id":710311,"date":"2025-08-27T16:34:31","date_gmt":"2025-08-27T13:34:31","guid":{"rendered":"https:\/\/roveyayinevi.com.tr\/index.php\/urun\/altinci-kogus\/"},"modified":"2026-04-16T02:19:14","modified_gmt":"2026-04-15T23:19:14","slug":"altinci-kogus","status":"publish","type":"product","link":"https:\/\/roveyayinevi.com.tr\/index.php\/urun\/altinci-kogus\/","title":{"rendered":"Alt\u0131nc\u0131 Ko\u011fu\u015f"},"content":{"rendered":"<p>\u00c7ehov bir ta\u015fra kasabas\u0131ndaki ak\u0131l hastanesinde ge\u00e7en bu novellas\u0131nda, e\u011fitimli bir hasta olan \u0130van Dmitri\u00e7 ile Doktor Andrey Yefim\u0131\u00e7 aras\u0131ndaki felsefi \u00e7at\u0131\u015fmaya odaklan\u0131r. \u0130van Dmitri\u00e7 maruz kald\u0131klar\u0131 adaletsizli\u011fe, i\u00e7inde ya\u015famaya zorland\u0131klar\u0131 baebat ko\u015fullara kar\u015f\u0131 \u00e7\u0131karken, Andrey Yefim\u0131\u00e7bunlar\u0131 g\u00f6rmezden gelmekte \u0131srar eder ve durumu de\u011fi\u015ftirmek i\u00e7in k\u0131l\u0131n\u0131 bile k\u0131p\u0131rdatmaz. Doktor sonunda i\u00e7ine d\u00fc\u015ft\u00fc\u011f\u00fc \u2018felsefi\u2019 yan\u0131lg\u0131n\u0131n fark\u0131na vard\u0131\u011f\u0131nda ise art\u0131k i\u015f i\u015ften ge\u00e7mi\u015ftir.Alt\u0131nc\u0131 Ko\u011fu\u015f, Rusya\u2019n\u0131n ve \u00fclkenin sorunlar\u0131yla ilgilenmek yerine onlar\u0131 uzaktan izlemeyi tercih eden elit Rus ayd\u0131n\u0131n\u0131n \u2018delili\u011fi\u2019nin simgesidir adeta.<\/p>\n","protected":false},"excerpt":{"rendered":"<p>\u00c7ehov bir ta\u015fra kasabas\u0131ndaki ak\u0131l hastanesinde ge\u00e7en bu novellas\u0131nda, e\u011fitimli bir hasta olan \u0130van Dmitri\u00e7 ile Doktor Andrey Yefim\u0131\u00e7 aras\u0131ndaki felsefi \u00e7at\u0131\u015fmaya odaklan\u0131r. \u0130van Dmitri\u00e7 maruz<span class=\"excerpt-hellip\"> [\u2026]<\/span><\/p>\n","protected":false},"featured_media":0,"template":"","meta":{"_monsterinsights_skip_tracking":false,"_monsterinsights_sitenote_active":false,"_monsterinsights_sitenote_note":"","_monsterinsights_sitenote_category":0},"product_brand":[],"product_cat":[13835],"product_tag":[],"class_list":{"0":"post-710311","1":"product","2":"type-product","3":"status-publish","5":"product_cat-cok-satanlar","6":"pa_cilt-ciltsiz","7":"pa_tur-kitap","8":"pa_yayinevi-is-bankasi-kultur-yayinlari","9":"pa_yazar-anton-cehov","11":"first","12":"instock","13":"sale","14":"shipping-taxable","15":"purchasable","16":"product-type-simple"},"_links":{"self":[{"href":"https:\/\/roveyayinevi.com.tr\/index.php\/wp-json\/wp\/v2\/product\/710311","targetHints":{"allow":["GET"]}}],"collection":[{"href":"https:\/\/roveyayinevi.com.tr\/index.php\/wp-json\/wp\/v2\/product"}],"about":[{"href":"https:\/\/roveyayinevi.com.tr\/index.php\/wp-json\/wp\/v2\/types\/product"}],"wp:attachment":[{"href":"https:\/\/roveyayinevi.com.tr\/index.php\/wp-json\/wp\/v2\/media?parent=710311"}],"wp:term":[{"taxonomy":"product_brand","embeddable":true,"href":"https:\/\/roveyayinevi.com.tr\/index.php\/wp-json\/wp\/v2\/product_brand?post=710311"},{"taxonomy":"product_cat","embeddable":true,"href":"https:\/\/roveyayinevi.com.tr\/index.php\/wp-json\/wp\/v2\/product_cat?post=710311"},{"taxonomy":"product_tag","embeddable":true,"href":"https:\/\/roveyayinevi.com.tr\/index.php\/wp-json\/wp\/v2\/product_tag?post=710311"}],"curies":[{"name":"wp","href":"https:\/\/api.w.org\/{rel}","templated":true}]}}