{"id":710307,"date":"2025-08-27T16:34:29","date_gmt":"2025-08-27T13:34:29","guid":{"rendered":"https:\/\/roveyayinevi.com.tr\/index.php\/urun\/ataturk-donemi-turkiyesinde-milletvekili-genel-secimleri-1919-1935\/"},"modified":"2026-04-16T02:19:14","modified_gmt":"2026-04-15T23:19:14","slug":"ataturk-donemi-turkiyesinde-milletvekili-genel-secimleri-1919-1935","status":"publish","type":"product","link":"https:\/\/roveyayinevi.com.tr\/index.php\/urun\/ataturk-donemi-turkiyesinde-milletvekili-genel-secimleri-1919-1935\/","title":{"rendered":"Atat\u00fcrk D\u00f6nemi T\u00fcrkiye\u2019sinde Milletvekili Genel Se\u00e7imleri (1919-1935)"},"content":{"rendered":"<p>B\u00fcy\u00fck umutlarla girilen I. D\u00fcnya Sava\u015f\u0131\u2019n\u0131n ard\u0131ndan imzalanan Mondros M\u00fctarekesi, T\u00fcrk halk\u0131n\u0131n kaderinin belirlenmesinde \u00f6nemli rol oynad\u0131. Devlet toprak b\u00fct\u00fcnl\u00fc\u011f\u00fcn\u00fc ve egemenlik haklar\u0131n\u0131, halk ise temel hak ve \u00f6zg\u00fcrl\u00fcklerini yitirme riskiyle y\u00fcz y\u00fcze geldi. T\u00fcrkiye\u2019de o zamana kadar g\u00f6r\u00fclmedik bir bi\u00e7imde tabandan tavana do\u011fru \u00f6rg\u00fctlenildi ve Mustafa Kemal Atat\u00fcrk\u2019\u00fcn \u00f6nderli\u011finde, \u00f6mr\u00fcn\u00fc t\u00fcketmi\u015f ve \u00e7a\u011fd\u0131\u015f\u0131 kalm\u0131\u015f mutlak y\u00f6netimden \u00e7a\u011fda\u015f demokratik cumhuriyete ge\u00e7ildi. <\/p>\n","protected":false},"excerpt":{"rendered":"<p>B\u00fcy\u00fck umutlarla girilen I. D\u00fcnya Sava\u015f\u0131\u2019n\u0131n ard\u0131ndan imzalanan Mondros M\u00fctarekesi, T\u00fcrk halk\u0131n\u0131n kaderinin belirlenmesinde \u00f6nemli rol oynad\u0131. Devlet toprak b\u00fct\u00fcnl\u00fc\u011f\u00fcn\u00fc ve egemenlik haklar\u0131n\u0131, halk ise temel<span class=\"excerpt-hellip\"> [\u2026]<\/span><\/p>\n","protected":false},"featured_media":0,"template":"","meta":{"_monsterinsights_skip_tracking":false,"_monsterinsights_sitenote_active":false,"_monsterinsights_sitenote_note":"","_monsterinsights_sitenote_category":0},"product_brand":[],"product_cat":[13590,12337],"product_tag":[],"class_list":{"0":"post-710307","1":"product","2":"type-product","3":"status-publish","5":"product_cat-arastirma-inceleme-politika-siyaset","6":"product_cat-politika-siyaset","7":"pa_cilt-ciltsiz","8":"pa_tur-kitap","9":"pa_yayinevi-is-bankasi-kultur-yayinlari","10":"pa_yazar-ihsan-gunes","12":"first","13":"instock","14":"sale","15":"shipping-taxable","16":"purchasable","17":"product-type-simple"},"_links":{"self":[{"href":"https:\/\/roveyayinevi.com.tr\/index.php\/wp-json\/wp\/v2\/product\/710307","targetHints":{"allow":["GET"]}}],"collection":[{"href":"https:\/\/roveyayinevi.com.tr\/index.php\/wp-json\/wp\/v2\/product"}],"about":[{"href":"https:\/\/roveyayinevi.com.tr\/index.php\/wp-json\/wp\/v2\/types\/product"}],"wp:attachment":[{"href":"https:\/\/roveyayinevi.com.tr\/index.php\/wp-json\/wp\/v2\/media?parent=710307"}],"wp:term":[{"taxonomy":"product_brand","embeddable":true,"href":"https:\/\/roveyayinevi.com.tr\/index.php\/wp-json\/wp\/v2\/product_brand?post=710307"},{"taxonomy":"product_cat","embeddable":true,"href":"https:\/\/roveyayinevi.com.tr\/index.php\/wp-json\/wp\/v2\/product_cat?post=710307"},{"taxonomy":"product_tag","embeddable":true,"href":"https:\/\/roveyayinevi.com.tr\/index.php\/wp-json\/wp\/v2\/product_tag?post=710307"}],"curies":[{"name":"wp","href":"https:\/\/api.w.org\/{rel}","templated":true}]}}