{"id":710300,"date":"2025-08-27T16:34:26","date_gmt":"2025-08-27T13:34:26","guid":{"rendered":"https:\/\/roveyayinevi.com.tr\/index.php\/urun\/fincandaki-firtina-gundelik-hayattan-fizik-dersleri\/"},"modified":"2026-04-16T02:19:14","modified_gmt":"2026-04-15T23:19:14","slug":"fincandaki-firtina-gundelik-hayattan-fizik-dersleri","status":"publish","type":"product","link":"https:\/\/roveyayinevi.com.tr\/index.php\/urun\/fincandaki-firtina-gundelik-hayattan-fizik-dersleri\/","title":{"rendered":"Fincandaki F\u0131rt\u0131na &#8211; G\u00fcndelik Hayattan Fizik Dersleri"},"content":{"rendered":"<p>Evren ak\u0131l almaz gizemlerle dolu. Peki bu s\u0131r perdesini aralamak i\u00e7in ekmek k\u0131zart\u0131c\u0131n\u0131z\u0131n i\u00e7ine bakmak akl\u0131n\u0131za gelmi\u015f miydi?   Fincandaki F\u0131rt\u0131na g\u00fcndelik hayatlar\u0131m\u0131zda kar\u015f\u0131m\u0131za \u00e7\u0131kan ufak tefek \u015feyleri, i\u00e7inde ya\u015fad\u0131\u011f\u0131m\u0131z b\u00fcy\u00fck d\u00fcnyayla ili\u015fkilendiriyor. \u00dcnl\u00fc fizik\u00e7i ve belgesel yap\u0131mc\u0131s\u0131 Helen Czerski, patlam\u0131\u015f m\u0131s\u0131rlar, kahve lekeleri ya da buzdolab\u0131 m\u0131knat\u0131slar\u0131 ile enerji krizi, iklim de\u011fi\u015fimi ve ileri t\u0131p aras\u0131ndaki ili\u015fkiyi ortaya sererek s\u0131radan e\u015fyalara ve olaylara bak\u0131\u015f a\u00e7\u0131m\u0131z\u0131 de\u011fi\u015ftiriyor. Gaz yasalar\u0131n\u0131 m\u0131s\u0131r patlatarak, yer\u00e7ekimini gazoz \u015fi\u015fesine ku\u015f \u00fcz\u00fcm\u00fc atarak, zaman\u0131 ise ket\u00e7ab\u0131n \u015fi\u015feden akmas\u0131n\u0131n neden bu kadar zaman ald\u0131\u011f\u0131na kafa yorarak anlat\u0131yor.   Hayat\u0131n g\u00fcndelik sihirlerini bir de fizik\u00e7iden dinleyin; bundan b\u00f6yle ekmek k\u0131zart\u0131c\u0131n\u0131za asla ayn\u0131 \u015fekilde bakmayacaks\u0131n\u0131z.     \u201cFizi\u011fin g\u00fczellikleri ve evrenselli\u011fi \u00fczerine harika bir kitap. Czerski tekd\u00fcze d\u00fcnyam\u0131za hayat \u00fcfl\u00fcyor; bizlere bu d\u00fcnyan\u0131n b\u00fcy\u00fcs\u00fcn\u00fcn Hubble teleskobuyla g\u00f6r\u00fclebilenlerden hi\u00e7 de geri kal\u0131r yan\u0131 olmad\u0131\u011f\u0131n\u0131 g\u00f6steriyor.\u201d JIM AL-KHALILI   \u201cHelen Czerski\u2019de her ta\u015f\u0131n alt\u0131nda bilimsel bir ilgin\u00e7lik bulmas\u0131n\u0131 sa\u011flayan \u00f6zel bir yetenek var. Sadece her ta\u015f\u0131n m\u0131? Her ya\u011fmur damlas\u0131n\u0131n, her kum tanesinin\u2026\u201d JORDAN ELLENBERG <\/p>\n","protected":false},"excerpt":{"rendered":"<p>Evren ak\u0131l almaz gizemlerle dolu. Peki bu s\u0131r perdesini aralamak i\u00e7in ekmek k\u0131zart\u0131c\u0131n\u0131z\u0131n i\u00e7ine bakmak akl\u0131n\u0131za gelmi\u015f miydi? Fincandaki F\u0131rt\u0131na g\u00fcndelik hayatlar\u0131m\u0131zda kar\u015f\u0131m\u0131za \u00e7\u0131kan ufak tefek<span class=\"excerpt-hellip\"> [\u2026]<\/span><\/p>\n","protected":false},"featured_media":0,"template":"","meta":{"_monsterinsights_skip_tracking":false,"_monsterinsights_sitenote_active":false,"_monsterinsights_sitenote_note":"","_monsterinsights_sitenote_category":0},"product_brand":[],"product_cat":[13005,13006],"product_tag":[],"class_list":{"0":"post-710300","1":"product","2":"type-product","3":"status-publish","5":"product_cat-bilim-muhendislik","6":"product_cat-populer-bilim","7":"pa_cilt-ciltsiz","8":"pa_tur-kitap","9":"pa_yayinevi-domingo-yayinevi","10":"pa_yazar-helen-czerski","12":"first","13":"instock","14":"sale","15":"shipping-taxable","16":"purchasable","17":"product-type-simple"},"_links":{"self":[{"href":"https:\/\/roveyayinevi.com.tr\/index.php\/wp-json\/wp\/v2\/product\/710300","targetHints":{"allow":["GET"]}}],"collection":[{"href":"https:\/\/roveyayinevi.com.tr\/index.php\/wp-json\/wp\/v2\/product"}],"about":[{"href":"https:\/\/roveyayinevi.com.tr\/index.php\/wp-json\/wp\/v2\/types\/product"}],"wp:attachment":[{"href":"https:\/\/roveyayinevi.com.tr\/index.php\/wp-json\/wp\/v2\/media?parent=710300"}],"wp:term":[{"taxonomy":"product_brand","embeddable":true,"href":"https:\/\/roveyayinevi.com.tr\/index.php\/wp-json\/wp\/v2\/product_brand?post=710300"},{"taxonomy":"product_cat","embeddable":true,"href":"https:\/\/roveyayinevi.com.tr\/index.php\/wp-json\/wp\/v2\/product_cat?post=710300"},{"taxonomy":"product_tag","embeddable":true,"href":"https:\/\/roveyayinevi.com.tr\/index.php\/wp-json\/wp\/v2\/product_tag?post=710300"}],"curies":[{"name":"wp","href":"https:\/\/api.w.org\/{rel}","templated":true}]}}