{"id":710284,"date":"2025-08-27T16:34:17","date_gmt":"2025-08-27T13:34:17","guid":{"rendered":"https:\/\/roveyayinevi.com.tr\/index.php\/urun\/walden-golu-ormanda-yasam\/"},"modified":"2026-04-16T02:18:55","modified_gmt":"2026-04-15T23:18:55","slug":"walden-golu-ormanda-yasam","status":"publish","type":"product","link":"https:\/\/roveyayinevi.com.tr\/index.php\/urun\/walden-golu-ormanda-yasam\/","title":{"rendered":"Walden G\u00f6l\u00fc &#8211; Ormanda Ya\u015fam"},"content":{"rendered":"<p>Amerikal\u0131 filozof, \u015fair, aktivist ve g\u00fcn\u00fcm\u00fczdeki do\u011faya d\u00f6n\u00fc\u015f d\u00fc\u015f\u00fcncesinin fikir babas\u0131 nat\u00fcralist Henry David Thoreau, bu kitab\u0131nda Walden G\u00f6l\u00fc k\u0131y\u0131s\u0131nda kendi emekleriyle in\u015fa etti\u011fi kul\u00fcbede 2 y\u0131l boyunca do\u011fayla i\u00e7 i\u00e7e ya\u015fad\u0131klar\u0131n\u0131 anlat\u0131yor. T\u00fcm toplumsal ba\u011flar\u0131n\u0131 koparm\u0131\u015f bir \u015fekilde hayatta kalmaya \u00e7al\u0131\u015fman\u0131n, do\u011fayla b\u00fct\u00fcnle\u015fmenin, ya\u015fam\u0131 sadele\u015ftirmenin ne demek oldu\u011funu deneyimlerine ve g\u00f6zlemlerine dayanarak dile getiriyor. Kendi ko\u015fullar\u0131n\u0131 kendi yaratarak kurdu\u011fu \u201c\u00fctopya\u201ds\u0131nda al\u0131\u015f\u0131lm\u0131\u015f\u0131n d\u0131\u015f\u0131na \u00e7\u0131k\u0131p \u00f6zg\u00fcr bir ya\u015fam tarz\u0131 belirleyen Thoreau, modern toplum ele\u015ftirisi yaparak belki de s\u0131n\u0131rlar aras\u0131na s\u0131k\u0131\u015f\u0131p kalm\u0131\u015f g\u00fcn\u00fcm\u00fcz insan\u0131na da alternatif bir bak\u0131\u015f a\u00e7\u0131s\u0131 sunuyor. Eserleriyle Mahatma Gandhi, John F. Kennedy, Martin Luther King, Marcel Proust, William Butler Yeats, Ernest Hemingway, John Burroughs, Tolstoy gibi isimleri etkileyen Thoreau\u2019nun bu ba\u015fyap\u0131t\u0131 d\u00f6nemin en \u00f6nemli entelekt\u00fcel ak\u0131mlar\u0131ndan biri olan New England Transendentalizmi\u2019ne \u00f6rnek say\u0131labilecek niteliktedir <\/p>\n","protected":false},"excerpt":{"rendered":"<p>Amerikal\u0131 filozof, \u015fair, aktivist ve g\u00fcn\u00fcm\u00fczdeki do\u011faya d\u00f6n\u00fc\u015f d\u00fc\u015f\u00fcncesinin fikir babas\u0131 nat\u00fcralist Henry David Thoreau, bu kitab\u0131nda Walden G\u00f6l\u00fc k\u0131y\u0131s\u0131nda kendi emekleriyle in\u015fa etti\u011fi kul\u00fcbede 2<span class=\"excerpt-hellip\"> [\u2026]<\/span><\/p>\n","protected":false},"featured_media":0,"template":"","meta":{"_monsterinsights_skip_tracking":false,"_monsterinsights_sitenote_active":false,"_monsterinsights_sitenote_note":"","_monsterinsights_sitenote_category":0},"product_brand":[],"product_cat":[12312,12304],"product_tag":[],"class_list":{"0":"post-710284","1":"product","2":"type-product","3":"status-publish","5":"product_cat-diger","6":"product_cat-tarih","7":"pa_cilt-ciltsiz","8":"pa_tur-kitap","9":"pa_yayinevi-say-yayinlari","10":"pa_yazar-henry-david-thoreau","12":"first","13":"instock","14":"sale","15":"shipping-taxable","16":"purchasable","17":"product-type-simple"},"_links":{"self":[{"href":"https:\/\/roveyayinevi.com.tr\/index.php\/wp-json\/wp\/v2\/product\/710284","targetHints":{"allow":["GET"]}}],"collection":[{"href":"https:\/\/roveyayinevi.com.tr\/index.php\/wp-json\/wp\/v2\/product"}],"about":[{"href":"https:\/\/roveyayinevi.com.tr\/index.php\/wp-json\/wp\/v2\/types\/product"}],"wp:attachment":[{"href":"https:\/\/roveyayinevi.com.tr\/index.php\/wp-json\/wp\/v2\/media?parent=710284"}],"wp:term":[{"taxonomy":"product_brand","embeddable":true,"href":"https:\/\/roveyayinevi.com.tr\/index.php\/wp-json\/wp\/v2\/product_brand?post=710284"},{"taxonomy":"product_cat","embeddable":true,"href":"https:\/\/roveyayinevi.com.tr\/index.php\/wp-json\/wp\/v2\/product_cat?post=710284"},{"taxonomy":"product_tag","embeddable":true,"href":"https:\/\/roveyayinevi.com.tr\/index.php\/wp-json\/wp\/v2\/product_tag?post=710284"}],"curies":[{"name":"wp","href":"https:\/\/api.w.org\/{rel}","templated":true}]}}