{"id":710265,"date":"2025-08-27T16:34:07","date_gmt":"2025-08-27T13:34:07","guid":{"rendered":"https:\/\/roveyayinevi.com.tr\/index.php\/urun\/gelecek-gunlerin-sarabi\/"},"modified":"2026-04-01T02:25:19","modified_gmt":"2026-03-31T23:25:19","slug":"gelecek-gunlerin-sarabi","status":"publish","type":"product","link":"https:\/\/roveyayinevi.com.tr\/index.php\/urun\/gelecek-gunlerin-sarabi\/","title":{"rendered":"Gelecek G\u00fcnlerin \u015earab\u0131"},"content":{"rendered":"<p>ah, ne yapmal\u0131 bu hayatla ge\u00e7ti\u011fim yollar a\u00e7t\u0131\u011f\u0131m kap\u0131lard\u0131 kapand\u0131 ard\u0131mda titrek bir \u0131\u015f\u0131k, ba\u015fucumda   i\u00e7imden ta\u015fan yaln\u0131zl\u0131k sar\u0131yor duman gibi her yeri birbirimizden uzaklara savuruyor bizleri   s\u00f6yleyecek bir \u015feyler vard\u0131 r\u00fczg\u00e2ra <\/p>\n","protected":false},"excerpt":{"rendered":"<p>ah, ne yapmal\u0131 bu hayatla ge\u00e7ti\u011fim yollar a\u00e7t\u0131\u011f\u0131m kap\u0131lard\u0131 kapand\u0131 ard\u0131mda titrek bir \u0131\u015f\u0131k, ba\u015fucumda i\u00e7imden ta\u015fan yaln\u0131zl\u0131k sar\u0131yor duman gibi her yeri birbirimizden uzaklara savuruyor<span class=\"excerpt-hellip\"> [\u2026]<\/span><\/p>\n","protected":false},"featured_media":0,"template":"","meta":{"_monsterinsights_skip_tracking":false,"_monsterinsights_sitenote_active":false,"_monsterinsights_sitenote_note":"","_monsterinsights_sitenote_category":0},"product_brand":[],"product_cat":[12291,12509],"product_tag":[],"class_list":{"0":"post-710265","1":"product","2":"type-product","3":"status-publish","5":"product_cat-edebiyat","6":"product_cat-siir","7":"pa_cilt-ciltsiz","8":"pa_tur-kitap","9":"pa_yayinevi-kirmizi-kedi-yayinevi","10":"pa_yazar-tugrul-tanyol","12":"first","13":"instock","14":"sale","15":"shipping-taxable","16":"purchasable","17":"product-type-simple"},"_links":{"self":[{"href":"https:\/\/roveyayinevi.com.tr\/index.php\/wp-json\/wp\/v2\/product\/710265","targetHints":{"allow":["GET"]}}],"collection":[{"href":"https:\/\/roveyayinevi.com.tr\/index.php\/wp-json\/wp\/v2\/product"}],"about":[{"href":"https:\/\/roveyayinevi.com.tr\/index.php\/wp-json\/wp\/v2\/types\/product"}],"wp:attachment":[{"href":"https:\/\/roveyayinevi.com.tr\/index.php\/wp-json\/wp\/v2\/media?parent=710265"}],"wp:term":[{"taxonomy":"product_brand","embeddable":true,"href":"https:\/\/roveyayinevi.com.tr\/index.php\/wp-json\/wp\/v2\/product_brand?post=710265"},{"taxonomy":"product_cat","embeddable":true,"href":"https:\/\/roveyayinevi.com.tr\/index.php\/wp-json\/wp\/v2\/product_cat?post=710265"},{"taxonomy":"product_tag","embeddable":true,"href":"https:\/\/roveyayinevi.com.tr\/index.php\/wp-json\/wp\/v2\/product_tag?post=710265"}],"curies":[{"name":"wp","href":"https:\/\/api.w.org\/{rel}","templated":true}]}}