{"id":710223,"date":"2025-08-27T16:33:37","date_gmt":"2025-08-27T13:33:37","guid":{"rendered":"https:\/\/roveyayinevi.com.tr\/index.php\/urun\/kariyer-yelkenlisi-modeli\/"},"modified":"2026-04-11T13:37:46","modified_gmt":"2026-04-11T10:37:46","slug":"kariyer-yelkenlisi-modeli","status":"publish","type":"product","link":"https:\/\/roveyayinevi.com.tr\/index.php\/urun\/kariyer-yelkenlisi-modeli\/","title":{"rendered":"Kariyer Yelkenlisi Modeli"},"content":{"rendered":"<p>Kariyer yelkenlisi modeli kendilerine uygun liman\u0131 arayanlar i\u00e7in \u00e7al\u0131\u015fma el kitab\u0131 Kariyer karar\u0131 verme s\u00fcreci uzun bir deniz yolculu\u011funa benzetilebilir. Bu s\u00fcre\u00e7, bir yelkencinin bazen sakin, bazen dalgal\u0131, bazen ak\u0131nt\u0131l\u0131 ve r\u00fczgarl\u0131 olabilecek bir denizde ula\u015f\u0131labilecek uygun bir liman aramas\u0131 ve bu liman\u0131 bulunca da oraya ula\u015fmak i\u00e7in yelkenlinin d\u00fcmenini o tarafa do\u011fru y\u00f6nlendirmesi metaforuna benzetilebilir. Bu metafora g\u00f6re geli\u015ftirilen Kariyer Yelkenlisi Modeli&#8217;ne temellendirilen bu kitapta, \u00e7e\u015fitli etkinlikler arac\u0131l\u0131\u011f\u0131 ile bireylerin kariyer karar\u0131 verme s\u00fcre\u00e7lerine destek olmak ama\u00e7lanmaktad\u0131r. Modelde, bireylerin kendilerini ve i\u00e7inde ya\u015fad\u0131klar\u0131 toplumdaki e\u011fitim ve i\u015f olanaklar\u0131n\u0131 daha ayr\u0131nt\u0131l\u0131 \u00f6\u011frenmeleri ve bu fark\u0131ndal\u0131klar do\u011frultusunda verdikleri kararlara g\u00f6re kariyer planlamas\u0131 yapmalar\u0131 bi\u00e7imindeki kariyer psikolojik dan\u0131\u015fmanl\u0131\u011f\u0131n\u0131n \u00fc\u00e7 a\u015famas\u0131 dikkate al\u0131nm\u0131\u015ft\u0131r. Bu kitap bireylerin hem bir profesyonel deste\u011fi hem de isterlerse kendi ba\u015flar\u0131na \u00e7al\u0131\u015fabilecekleri bir yap\u0131 g\u00f6stermektedir Kariyerleriyle ilgili karars\u0131zl\u0131k ya\u015fayan bireyler bu kitab\u0131 kullanarak kariyer yolculuklar\u0131nda kendi kariyer yelkenlilerinin hangi limana do\u011fru gitmesinin uygun olaca\u011f\u0131na karar verebilirler.<\/p>\n","protected":false},"excerpt":{"rendered":"<p>Kariyer yelkenlisi modeli kendilerine uygun liman\u0131 arayanlar i\u00e7in \u00e7al\u0131\u015fma el kitab\u0131 Kariyer karar\u0131 verme s\u00fcreci uzun bir deniz yolculu\u011funa benzetilebilir. Bu s\u00fcre\u00e7, bir yelkencinin bazen sakin,<span class=\"excerpt-hellip\"> [\u2026]<\/span><\/p>\n","protected":false},"featured_media":0,"template":"","meta":{"_monsterinsights_skip_tracking":false,"_monsterinsights_sitenote_active":false,"_monsterinsights_sitenote_note":"","_monsterinsights_sitenote_category":0},"product_brand":[],"product_cat":[12364,12376],"product_tag":[],"class_list":{"0":"post-710223","1":"product","2":"type-product","3":"status-publish","5":"product_cat-genel-konular","6":"product_cat-kisisel-gelisim","7":"pa_cilt-ciltsiz","8":"pa_tur-kitap","9":"pa_yayinevi-ani-yayincilik","10":"pa_yazar-fidan-korkut-owen","12":"first","13":"instock","14":"sale","15":"shipping-taxable","16":"purchasable","17":"product-type-simple"},"_links":{"self":[{"href":"https:\/\/roveyayinevi.com.tr\/index.php\/wp-json\/wp\/v2\/product\/710223","targetHints":{"allow":["GET"]}}],"collection":[{"href":"https:\/\/roveyayinevi.com.tr\/index.php\/wp-json\/wp\/v2\/product"}],"about":[{"href":"https:\/\/roveyayinevi.com.tr\/index.php\/wp-json\/wp\/v2\/types\/product"}],"wp:attachment":[{"href":"https:\/\/roveyayinevi.com.tr\/index.php\/wp-json\/wp\/v2\/media?parent=710223"}],"wp:term":[{"taxonomy":"product_brand","embeddable":true,"href":"https:\/\/roveyayinevi.com.tr\/index.php\/wp-json\/wp\/v2\/product_brand?post=710223"},{"taxonomy":"product_cat","embeddable":true,"href":"https:\/\/roveyayinevi.com.tr\/index.php\/wp-json\/wp\/v2\/product_cat?post=710223"},{"taxonomy":"product_tag","embeddable":true,"href":"https:\/\/roveyayinevi.com.tr\/index.php\/wp-json\/wp\/v2\/product_tag?post=710223"}],"curies":[{"name":"wp","href":"https:\/\/api.w.org\/{rel}","templated":true}]}}