{"id":710216,"date":"2025-08-27T16:33:33","date_gmt":"2025-08-27T13:33:33","guid":{"rendered":"https:\/\/roveyayinevi.com.tr\/index.php\/urun\/baskervillelerin-kopegi-the-hound-of-the-baskervilles\/"},"modified":"2026-04-16T02:18:53","modified_gmt":"2026-04-15T23:18:53","slug":"baskervillelerin-kopegi-the-hound-of-the-baskervilles","status":"publish","type":"product","link":"https:\/\/roveyayinevi.com.tr\/index.php\/urun\/baskervillelerin-kopegi-the-hound-of-the-baskervilles\/","title":{"rendered":"Baskerville&#8217;lerin K\u00f6pe\u011fi (The Hound of the Baskervilles)"},"content":{"rendered":"<p>\u201cBug\u00fcne kadar ilgilendi\u011fim be\u015f y\u00fcz \u00f6nemli vaka i\u00e7inde, bu kadar derine ineni var m\u0131, emin de\u011filim. Ama elimizde birka\u00e7 ipucu var ve muhtemelen bunlardan biri olmazsa di\u011feri bizi ger\u00e7e\u011fe g\u00f6t\u00fcrecek,\u201d diyor Sherlock Holmes.Sir Arthur Conan Doyle\u2019un Baskerville\u2019lerin K\u00f6pe\u011fi adl\u0131 eseri ilk olarak A\u011fustos 1901 &#8211; Nisan 1902 tarihleri aras\u0131nda The Strand dergisinde tefrika edilmi\u015fti. Umberto Eco\u2019nun G\u00fcl\u00fcn Ad\u0131\u2019nda gerek e\u015fk\u00e2li gerekse muhakeme yetene\u011fiyle Holmes\u2019u and\u0131ran unutulmaz ba\u015fkahraman Baskerville\u2019li William ile g\u00f6nderme yapt\u0131\u011f\u0131 bu ba\u015fyap\u0131t, ani ve \u015fiddetli korku y\u00fcz\u00fcnden \u00f6l\u00fcmle sonu\u00e7lanan kalp krizi vakalar\u0131n\u0131 tan\u0131mlayan \u201cBaskerville etkisi\u201d terimiyle t\u0131p literat\u00fcr\u00fcne girmi\u015f durumda. \u0130ngiltere\u2019de, Dartmoor\u2019day\u0131z. Soylu Charles Baskerville\u2019in ani \u00f6l\u00fcm\u00fcyle tekrar canlanan bir lanetli aile efsanesiyle tan\u0131\u015f\u0131yoruz. 1742 tarihli bir elyazmas\u0131yla ba\u015flay\u0131p Watson\u2019\u0131n olay mahallinden yazd\u0131\u011f\u0131 raporlarla \u00f6r\u00fcl\u00fcp geli\u015fen \u00f6yk\u00fc, \u00fcrk\u00fct\u00fcc\u00fc atmosferiyle, deh\u015fet sa\u00e7an vah\u015fi bir taz\u0131, \u0131ss\u0131z bir bozk\u0131r, aman vermez bir batakl\u0131k ve kasvetli bir k\u00f6\u015fk ortam\u0131 i\u00e7inde gizemini son ana kadar koruyor. <\/p>\n","protected":false},"excerpt":{"rendered":"<p>\u201cBug\u00fcne kadar ilgilendi\u011fim be\u015f y\u00fcz \u00f6nemli vaka i\u00e7inde, bu kadar derine ineni var m\u0131, emin de\u011filim. Ama elimizde birka\u00e7 ipucu var ve muhtemelen bunlardan biri olmazsa<span class=\"excerpt-hellip\"> [\u2026]<\/span><\/p>\n","protected":false},"featured_media":0,"template":"","meta":{"_monsterinsights_skip_tracking":false,"_monsterinsights_sitenote_active":false,"_monsterinsights_sitenote_note":"","_monsterinsights_sitenote_category":0},"product_brand":[],"product_cat":[12291,12866],"product_tag":[],"class_list":{"0":"post-710216","1":"product","2":"type-product","3":"status-publish","5":"product_cat-edebiyat","6":"product_cat-ingiliz-edebiyati","7":"pa_cilt-ciltsiz","8":"pa_tur-kitap","9":"pa_yayinevi-kirmizi-kedi-yayinevi","10":"pa_yazar-sir-arthur-conan-doyle","12":"first","13":"instock","14":"sale","15":"shipping-taxable","16":"purchasable","17":"product-type-simple"},"_links":{"self":[{"href":"https:\/\/roveyayinevi.com.tr\/index.php\/wp-json\/wp\/v2\/product\/710216","targetHints":{"allow":["GET"]}}],"collection":[{"href":"https:\/\/roveyayinevi.com.tr\/index.php\/wp-json\/wp\/v2\/product"}],"about":[{"href":"https:\/\/roveyayinevi.com.tr\/index.php\/wp-json\/wp\/v2\/types\/product"}],"wp:attachment":[{"href":"https:\/\/roveyayinevi.com.tr\/index.php\/wp-json\/wp\/v2\/media?parent=710216"}],"wp:term":[{"taxonomy":"product_brand","embeddable":true,"href":"https:\/\/roveyayinevi.com.tr\/index.php\/wp-json\/wp\/v2\/product_brand?post=710216"},{"taxonomy":"product_cat","embeddable":true,"href":"https:\/\/roveyayinevi.com.tr\/index.php\/wp-json\/wp\/v2\/product_cat?post=710216"},{"taxonomy":"product_tag","embeddable":true,"href":"https:\/\/roveyayinevi.com.tr\/index.php\/wp-json\/wp\/v2\/product_tag?post=710216"}],"curies":[{"name":"wp","href":"https:\/\/api.w.org\/{rel}","templated":true}]}}