{"id":710207,"date":"2025-08-27T16:33:29","date_gmt":"2025-08-27T13:33:29","guid":{"rendered":"https:\/\/roveyayinevi.com.tr\/index.php\/urun\/theodor-adorno-kultur-endustrisinin-kiskacinda-kultur\/"},"modified":"2026-04-16T02:18:53","modified_gmt":"2026-04-15T23:18:53","slug":"theodor-adorno-kultur-endustrisinin-kiskacinda-kultur","status":"publish","type":"product","link":"https:\/\/roveyayinevi.com.tr\/index.php\/urun\/theodor-adorno-kultur-endustrisinin-kiskacinda-kultur\/","title":{"rendered":"Theodor Adorno &#8211; K\u00fclt\u00fcr End\u00fcstrisinin K\u0131skac\u0131nda K\u00fclt\u00fcr"},"content":{"rendered":"<p>Elinizdeki \u00e7al\u0131\u015fma, Theodor Adorno\u2019nun ele\u015ftirel yakla\u015f\u0131m\u0131 \u0131\u015f\u0131\u011f\u0131nda bir yandan k\u00fclt\u00fcr end\u00fcstrisini a\u00e7\u0131mlamaya ve sorgulamaya \u00e7al\u0131\u015f\u0131rken, di\u011fer yandan okuru be\u011fenilerimizi tart\u0131\u015fmaya \u00e7a\u011f\u0131r\u0131yor. K\u00fclt\u00fcr end\u00fcstrisinin k\u0131skac\u0131nda yarat\u0131lan k\u00fclt\u00fcr\u00fcn, bireyin \u00f6zg\u00fcn be\u011fenilerini yans\u0131tamayaca\u011f\u0131n\u0131 savunarak, bir ba\u015fka se\u00e7ene\u011fin m\u00fcmk\u00fcn oldu\u011fu sonucuna da var\u0131yor.   G\u00fcn\u00fcm\u00fczde k\u00fclt\u00fcr end\u00fcstrisinin internet ve dijital oyunlar arac\u0131l\u0131\u011f\u0131yla kazand\u0131\u011f\u0131 etki ve yayg\u0131nla\u015fma, dahas\u0131 end\u00fcstriyel k\u00fclt\u00fcr\u00fcn t\u00fcketicilerinin ayn\u0131 zamanda \u00fcreticileri haline gelmeleri Adorno taraf\u0131ndan tahayy\u00fcl bile edilemezdi. Elbette, bunlar televizyonun ula\u015ft\u0131\u011f\u0131 nokta gibi Adorno\u2019nun d\u00fc\u015f\u00fcncelerini do\u011frulamakta ama ayn\u0131 zamanda \u00e7izdikleri s\u0131n\u0131rlar\u0131 zorlamaktad\u0131rlar. Bundan dolay\u0131, Adorno\u2019nun felsefesinin bahsedilen de\u011fi\u015fimler ve yeni formlar bak\u0131m\u0131ndan tekrar de\u011ferlendirilmesi son derece elzemdir.   \u00d6nder Kulak\u2019\u0131n \u00e7al\u0131\u015fmas\u0131, k\u00fclt\u00fcr end\u00fcstrisi fenomenine dair Adorno\u2019nun ele\u015ftirileri \u00fczerine bir rehber kitap olma niteli\u011fi ta\u015f\u0131yor. <\/p>\n","protected":false},"excerpt":{"rendered":"<p>Elinizdeki \u00e7al\u0131\u015fma, Theodor Adorno\u2019nun ele\u015ftirel yakla\u015f\u0131m\u0131 \u0131\u015f\u0131\u011f\u0131nda bir yandan k\u00fclt\u00fcr end\u00fcstrisini a\u00e7\u0131mlamaya ve sorgulamaya \u00e7al\u0131\u015f\u0131rken, di\u011fer yandan okuru be\u011fenilerimizi tart\u0131\u015fmaya \u00e7a\u011f\u0131r\u0131yor. K\u00fclt\u00fcr end\u00fcstrisinin k\u0131skac\u0131nda yarat\u0131lan k\u00fclt\u00fcr\u00fcn,<span class=\"excerpt-hellip\"> [\u2026]<\/span><\/p>\n","protected":false},"featured_media":0,"template":"","meta":{"_monsterinsights_skip_tracking":false,"_monsterinsights_sitenote_active":false,"_monsterinsights_sitenote_note":"","_monsterinsights_sitenote_category":0},"product_brand":[],"product_cat":[12312,12304],"product_tag":[],"class_list":{"0":"post-710207","1":"product","2":"type-product","3":"status-publish","5":"product_cat-diger","6":"product_cat-tarih","7":"pa_cilt-ciltsiz","8":"pa_tur-kitap","9":"pa_yayinevi-ithaki-yayinlari","10":"pa_yazar-onder-kulak","12":"first","13":"instock","14":"sale","15":"shipping-taxable","16":"purchasable","17":"product-type-simple"},"_links":{"self":[{"href":"https:\/\/roveyayinevi.com.tr\/index.php\/wp-json\/wp\/v2\/product\/710207","targetHints":{"allow":["GET"]}}],"collection":[{"href":"https:\/\/roveyayinevi.com.tr\/index.php\/wp-json\/wp\/v2\/product"}],"about":[{"href":"https:\/\/roveyayinevi.com.tr\/index.php\/wp-json\/wp\/v2\/types\/product"}],"wp:attachment":[{"href":"https:\/\/roveyayinevi.com.tr\/index.php\/wp-json\/wp\/v2\/media?parent=710207"}],"wp:term":[{"taxonomy":"product_brand","embeddable":true,"href":"https:\/\/roveyayinevi.com.tr\/index.php\/wp-json\/wp\/v2\/product_brand?post=710207"},{"taxonomy":"product_cat","embeddable":true,"href":"https:\/\/roveyayinevi.com.tr\/index.php\/wp-json\/wp\/v2\/product_cat?post=710207"},{"taxonomy":"product_tag","embeddable":true,"href":"https:\/\/roveyayinevi.com.tr\/index.php\/wp-json\/wp\/v2\/product_tag?post=710207"}],"curies":[{"name":"wp","href":"https:\/\/api.w.org\/{rel}","templated":true}]}}