{"id":710192,"date":"2025-08-27T16:33:21","date_gmt":"2025-08-27T13:33:21","guid":{"rendered":"https:\/\/roveyayinevi.com.tr\/index.php\/urun\/soylem-belirsizlik-mubadele-bilgi-guc-ve-refleksivite\/"},"modified":"2026-04-16T02:18:53","modified_gmt":"2026-04-15T23:18:53","slug":"soylem-belirsizlik-mubadele-bilgi-guc-ve-refleksivite","status":"publish","type":"product","link":"https:\/\/roveyayinevi.com.tr\/index.php\/urun\/soylem-belirsizlik-mubadele-bilgi-guc-ve-refleksivite\/","title":{"rendered":"S\u00f6ylem &#8211; Belirsizlik, M\u00fcbadele, Bilgi, G\u00fc\u00e7 ve Refleksivite"},"content":{"rendered":"<p>\u201cS\u00f6ylemin ke\u015ffinden sonra, art\u0131k evrensel ger\u00e7eklik yoktur; ger\u00e7eklikler vard\u0131r. Ger\u00e7eklik s\u00f6ylemle ve s\u00f6ylem i\u00e7inde in\u015fa edilen \u015feydir. Her s\u00f6ylem bir ger\u00e7eklik in\u015fas\u0131d\u0131r ve dolay\u0131s\u0131yla, art\u0131k s\u00f6ylemlere tekab\u00fcl eden ger\u00e7eklikler s\u00f6z konusudur. Eylem ve etkile\u015fimlerimizi belirleyen, i\u00e7inde bulundu\u011fumuz d\u00fcnyev\u00ee hayat\u0131 anlaml\u0131 ya da anla\u015f\u0131l\u0131r k\u0131lan, dille ve dilde in\u015fa edilen sosyal ger\u00e7ekliklerdir.\u201d <\/p>\n","protected":false},"excerpt":{"rendered":"<p>\u201cS\u00f6ylemin ke\u015ffinden sonra, art\u0131k evrensel ger\u00e7eklik yoktur; ger\u00e7eklikler vard\u0131r. Ger\u00e7eklik s\u00f6ylemle ve s\u00f6ylem i\u00e7inde in\u015fa edilen \u015feydir. Her s\u00f6ylem bir ger\u00e7eklik in\u015fas\u0131d\u0131r ve dolay\u0131s\u0131yla, art\u0131k s\u00f6ylemlere<span class=\"excerpt-hellip\"> [\u2026]<\/span><\/p>\n","protected":false},"featured_media":0,"template":"","meta":{"_monsterinsights_skip_tracking":false,"_monsterinsights_sitenote_active":false,"_monsterinsights_sitenote_note":"","_monsterinsights_sitenote_category":0},"product_brand":[],"product_cat":[12364],"product_tag":[],"class_list":{"0":"post-710192","1":"product","2":"type-product","3":"status-publish","5":"product_cat-genel-konular","6":"pa_cilt-ciltsiz","7":"pa_tur-kitap","8":"pa_yayinevi-profil-kitap","9":"pa_yazar-edibe-sozen","11":"first","12":"instock","13":"sale","14":"shipping-taxable","15":"purchasable","16":"product-type-simple"},"_links":{"self":[{"href":"https:\/\/roveyayinevi.com.tr\/index.php\/wp-json\/wp\/v2\/product\/710192","targetHints":{"allow":["GET"]}}],"collection":[{"href":"https:\/\/roveyayinevi.com.tr\/index.php\/wp-json\/wp\/v2\/product"}],"about":[{"href":"https:\/\/roveyayinevi.com.tr\/index.php\/wp-json\/wp\/v2\/types\/product"}],"wp:attachment":[{"href":"https:\/\/roveyayinevi.com.tr\/index.php\/wp-json\/wp\/v2\/media?parent=710192"}],"wp:term":[{"taxonomy":"product_brand","embeddable":true,"href":"https:\/\/roveyayinevi.com.tr\/index.php\/wp-json\/wp\/v2\/product_brand?post=710192"},{"taxonomy":"product_cat","embeddable":true,"href":"https:\/\/roveyayinevi.com.tr\/index.php\/wp-json\/wp\/v2\/product_cat?post=710192"},{"taxonomy":"product_tag","embeddable":true,"href":"https:\/\/roveyayinevi.com.tr\/index.php\/wp-json\/wp\/v2\/product_tag?post=710192"}],"curies":[{"name":"wp","href":"https:\/\/api.w.org\/{rel}","templated":true}]}}