{"id":710183,"date":"2025-08-27T16:33:16","date_gmt":"2025-08-27T13:33:16","guid":{"rendered":"https:\/\/roveyayinevi.com.tr\/index.php\/urun\/cumba\/"},"modified":"2026-04-16T02:18:52","modified_gmt":"2026-04-15T23:18:52","slug":"cumba","status":"publish","type":"product","link":"https:\/\/roveyayinevi.com.tr\/index.php\/urun\/cumba\/","title":{"rendered":"Cumba"},"content":{"rendered":"<p>Kuru kalabal\u0131klar tehlikelidir \u00e7\u00fcnk\u00fc \u00f6zsuyu \u00e7ekilmi\u015f insanlar bir \u00e7\u0131rayla tutu\u015fur ve ortal\u0131k yang\u0131n yerine d\u00f6ner. Kalabal\u0131klar\u0131 kuruluktan kurtaransa \u00e7o\u011fu zaman ak\u0131\u015fa kar\u015f\u0131 yol alan tek tek bireyler olur. Onlar\u0131n sorular\u0131 e\u015fli\u011finde sorgulamay\u0131, yan\u0131t aramay\u0131, hat\u0131rlamay\u0131 ve hatalardan ders almay\u0131 deneyimleyen kitleler, art\u0131k kuru kalabal\u0131k de\u011fil bireylerden olu\u015fan tertemiz bir insan toplulu\u011fu, insan soyunun y\u00fcz ak\u0131d\u0131r. Ama yaz\u0131k ki \u00e7o\u011fu zaman bu kuruluktan \u00e7\u0131kman\u0131n bedeli, ilk toplu g\u00f6zya\u015f\u0131n\u0131n, kendini feda eden birey u\u011fruna ak\u0131t\u0131lmas\u0131d\u0131r. Hi\u00e7bir \u0131slakl\u0131k da bu kadar yak\u0131c\u0131 olmaz. \u00d6yk\u00fcleri, \u015fiirleri kadar k\u00f6\u015fe yaz\u0131lar\u0131yla da ad\u0131ndan s\u00f6z ettiren Karin Karaka\u015fl\u0131\u2019n\u0131n 1996-2008 aras\u0131nda Agos\u2019ta yay\u0131mlanan yaz\u0131lar\u0131 Cumba\u2019da bir araya geldi. Unutmamak, hat\u0131rlamak ve hat\u0131rlatmak i\u00e7in.. <\/p>\n","protected":false},"excerpt":{"rendered":"<p>Kuru kalabal\u0131klar tehlikelidir \u00e7\u00fcnk\u00fc \u00f6zsuyu \u00e7ekilmi\u015f insanlar bir \u00e7\u0131rayla tutu\u015fur ve ortal\u0131k yang\u0131n yerine d\u00f6ner. Kalabal\u0131klar\u0131 kuruluktan kurtaransa \u00e7o\u011fu zaman ak\u0131\u015fa kar\u015f\u0131 yol alan tek tek<span class=\"excerpt-hellip\"> [\u2026]<\/span><\/p>\n","protected":false},"featured_media":0,"template":"","meta":{"_monsterinsights_skip_tracking":false,"_monsterinsights_sitenote_active":false,"_monsterinsights_sitenote_note":"","_monsterinsights_sitenote_category":0},"product_brand":[],"product_cat":[12777,12291],"product_tag":[],"class_list":{"0":"post-710183","1":"product","2":"type-product","3":"status-publish","5":"product_cat-deneme","6":"product_cat-edebiyat","7":"pa_cilt-ciltsiz","8":"pa_tur-kitap","9":"pa_yayinevi-can-yayinlari","10":"pa_yazar-karin-karakasli","12":"first","13":"instock","14":"sale","15":"shipping-taxable","16":"purchasable","17":"product-type-simple"},"_links":{"self":[{"href":"https:\/\/roveyayinevi.com.tr\/index.php\/wp-json\/wp\/v2\/product\/710183","targetHints":{"allow":["GET"]}}],"collection":[{"href":"https:\/\/roveyayinevi.com.tr\/index.php\/wp-json\/wp\/v2\/product"}],"about":[{"href":"https:\/\/roveyayinevi.com.tr\/index.php\/wp-json\/wp\/v2\/types\/product"}],"wp:attachment":[{"href":"https:\/\/roveyayinevi.com.tr\/index.php\/wp-json\/wp\/v2\/media?parent=710183"}],"wp:term":[{"taxonomy":"product_brand","embeddable":true,"href":"https:\/\/roveyayinevi.com.tr\/index.php\/wp-json\/wp\/v2\/product_brand?post=710183"},{"taxonomy":"product_cat","embeddable":true,"href":"https:\/\/roveyayinevi.com.tr\/index.php\/wp-json\/wp\/v2\/product_cat?post=710183"},{"taxonomy":"product_tag","embeddable":true,"href":"https:\/\/roveyayinevi.com.tr\/index.php\/wp-json\/wp\/v2\/product_tag?post=710183"}],"curies":[{"name":"wp","href":"https:\/\/api.w.org\/{rel}","templated":true}]}}