{"id":710168,"date":"2025-08-27T16:33:08","date_gmt":"2025-08-27T13:33:08","guid":{"rendered":"https:\/\/roveyayinevi.com.tr\/index.php\/urun\/super-kahraman-ben-serisi-karanliktan-korkmaz\/"},"modified":"2026-04-16T02:18:52","modified_gmt":"2026-04-15T23:18:52","slug":"super-kahraman-ben-serisi-karanliktan-korkmaz","status":"publish","type":"product","link":"https:\/\/roveyayinevi.com.tr\/index.php\/urun\/super-kahraman-ben-serisi-karanliktan-korkmaz\/","title":{"rendered":"S\u00fcper Kahraman BEN Serisi &#8211; Karanl\u0131ktan Korkmaz"},"content":{"rendered":"<p>Odamda tek ba\u015f\u0131ma oldu\u011fumda karanl\u0131ktan \u00e7ok korkard\u0131m. Art\u0131k korkmuyorum. Karanl\u0131ktan ni\u00e7in korkmad\u0131\u011f\u0131m\u0131 \u00f6\u011frenmek istiyor musun? Ne zaman karanl\u0131ktan korksam hemen S\u00fcper Kahraman pelerinimi ve ayakkab\u0131lar\u0131m\u0131 giyip S\u00fcper Kahraman olurum. S\u00fcper Kahraman hi\u00e7 korkmaz. Korkmaya ba\u015flarsan sen de S\u00fcper Kahraman oldu\u011funu hat\u0131rla! S\u00fcper Kahraman Ben ve oyunca\u011f\u0131 S\u00fcper Lulu\u2019nun maceralar\u0131 k\u00fc\u00e7\u00fcklere emzik b\u0131rakmay\u0131, karanl\u0131ktan korkmamay\u0131, kibar davranmay\u0131 ve iyi kalpli olmay\u0131 \u00f6\u011fretiyor. S\u00fcper Kahraman okumay\u0131 da \u00e7ok sever. \ufffcTan\u0131t\u0131m Metni<\/p>\n","protected":false},"excerpt":{"rendered":"<p>Odamda tek ba\u015f\u0131ma oldu\u011fumda karanl\u0131ktan \u00e7ok korkard\u0131m. Art\u0131k korkmuyorum. Karanl\u0131ktan ni\u00e7in korkmad\u0131\u011f\u0131m\u0131 \u00f6\u011frenmek istiyor musun? Ne zaman karanl\u0131ktan korksam hemen S\u00fcper Kahraman pelerinimi ve ayakkab\u0131lar\u0131m\u0131 giyip<span class=\"excerpt-hellip\"> [\u2026]<\/span><\/p>\n","protected":false},"featured_media":0,"template":"","meta":{"_monsterinsights_skip_tracking":false,"_monsterinsights_sitenote_active":false,"_monsterinsights_sitenote_note":"","_monsterinsights_sitenote_category":0},"product_brand":[],"product_cat":[12913,12274],"product_tag":[],"class_list":{"0":"post-710168","1":"product","2":"type-product","3":"status-publish","5":"product_cat-3-6-yas-kitaplari","6":"product_cat-cocuk-ve-genclik-kitaplari","7":"pa_cilt-ciltsiz","8":"pa_tur-kitap","9":"pa_yayinevi-1001-cicek-kitaplar","10":"pa_yazar-francesca-sardou-romain-sardou","12":"first","13":"instock","14":"sale","15":"shipping-taxable","16":"purchasable","17":"product-type-simple"},"_links":{"self":[{"href":"https:\/\/roveyayinevi.com.tr\/index.php\/wp-json\/wp\/v2\/product\/710168","targetHints":{"allow":["GET"]}}],"collection":[{"href":"https:\/\/roveyayinevi.com.tr\/index.php\/wp-json\/wp\/v2\/product"}],"about":[{"href":"https:\/\/roveyayinevi.com.tr\/index.php\/wp-json\/wp\/v2\/types\/product"}],"wp:attachment":[{"href":"https:\/\/roveyayinevi.com.tr\/index.php\/wp-json\/wp\/v2\/media?parent=710168"}],"wp:term":[{"taxonomy":"product_brand","embeddable":true,"href":"https:\/\/roveyayinevi.com.tr\/index.php\/wp-json\/wp\/v2\/product_brand?post=710168"},{"taxonomy":"product_cat","embeddable":true,"href":"https:\/\/roveyayinevi.com.tr\/index.php\/wp-json\/wp\/v2\/product_cat?post=710168"},{"taxonomy":"product_tag","embeddable":true,"href":"https:\/\/roveyayinevi.com.tr\/index.php\/wp-json\/wp\/v2\/product_tag?post=710168"}],"curies":[{"name":"wp","href":"https:\/\/api.w.org\/{rel}","templated":true}]}}