{"id":710165,"date":"2025-08-27T16:33:06","date_gmt":"2025-08-27T13:33:06","guid":{"rendered":"https:\/\/roveyayinevi.com.tr\/index.php\/urun\/esek-klani\/"},"modified":"2026-04-16T02:18:52","modified_gmt":"2026-04-15T23:18:52","slug":"esek-klani","status":"publish","type":"product","link":"https:\/\/roveyayinevi.com.tr\/index.php\/urun\/esek-klani\/","title":{"rendered":"E\u015fek Klan\u0131"},"content":{"rendered":"<p>E\u015fek Klan\u0131 B\u00fcy\u00fck Su\u2019ya a\u00e7\u0131l\u0131yor, macera devam ediyor! Zorlu bir yolculu\u011fun ard\u0131ndan, evlerinden \u00e7ok uzaktaki yeni topraklara ula\u015fan ve burada E\u015fek Klan\u0131\u2019na kat\u0131lan Orka ve \u015ein, bu kez sava\u015fla, dahas\u0131 k\u00f6lecilerle tan\u0131\u015f\u0131yor. K\u00f6lecilerden al\u0131nan gemiyle B\u00fcy\u00fck Su\u2019da bir ara\u015ft\u0131rma gezisine \u00e7\u0131kan Orka ve dostlar\u0131, denizin sert y\u00fcz\u00fcyle s\u0131nand\u0131klar\u0131 g\u00fcnlerin ard\u0131ndan, kendilerine hi\u00e7 benzemeyen \u201csar\u0131\u015f\u0131n\u201d insanlarla dolu bir klanla kar\u015f\u0131la\u015f\u0131yorlar. Bu \u201cdenizci\u201d halkla kurulan dostluk, yeni a\u015fklar\u0131, yeni \u015fark\u0131lar\u0131 ve elbette yeni bilgileri de beraberinde getiriyor. <\/p>\n","protected":false},"excerpt":{"rendered":"<p>E\u015fek Klan\u0131 B\u00fcy\u00fck Su\u2019ya a\u00e7\u0131l\u0131yor, macera devam ediyor! Zorlu bir yolculu\u011fun ard\u0131ndan, evlerinden \u00e7ok uzaktaki yeni topraklara ula\u015fan ve burada E\u015fek Klan\u0131\u2019na kat\u0131lan Orka ve \u015ein,<span class=\"excerpt-hellip\"> [\u2026]<\/span><\/p>\n","protected":false},"featured_media":0,"template":"","meta":{"_monsterinsights_skip_tracking":false,"_monsterinsights_sitenote_active":false,"_monsterinsights_sitenote_note":"","_monsterinsights_sitenote_category":0},"product_brand":[],"product_cat":[12274,12284],"product_tag":[],"class_list":{"0":"post-710165","1":"product","2":"type-product","3":"status-publish","5":"product_cat-cocuk-ve-genclik-kitaplari","6":"product_cat-hikayeler","7":"pa_cilt-ciltsiz","8":"pa_tur-kitap","9":"pa_yayinevi-yapi-kredi-yayinlari","10":"pa_yazar-bilgin-adali","12":"first","13":"instock","14":"sale","15":"shipping-taxable","16":"purchasable","17":"product-type-simple"},"_links":{"self":[{"href":"https:\/\/roveyayinevi.com.tr\/index.php\/wp-json\/wp\/v2\/product\/710165","targetHints":{"allow":["GET"]}}],"collection":[{"href":"https:\/\/roveyayinevi.com.tr\/index.php\/wp-json\/wp\/v2\/product"}],"about":[{"href":"https:\/\/roveyayinevi.com.tr\/index.php\/wp-json\/wp\/v2\/types\/product"}],"wp:attachment":[{"href":"https:\/\/roveyayinevi.com.tr\/index.php\/wp-json\/wp\/v2\/media?parent=710165"}],"wp:term":[{"taxonomy":"product_brand","embeddable":true,"href":"https:\/\/roveyayinevi.com.tr\/index.php\/wp-json\/wp\/v2\/product_brand?post=710165"},{"taxonomy":"product_cat","embeddable":true,"href":"https:\/\/roveyayinevi.com.tr\/index.php\/wp-json\/wp\/v2\/product_cat?post=710165"},{"taxonomy":"product_tag","embeddable":true,"href":"https:\/\/roveyayinevi.com.tr\/index.php\/wp-json\/wp\/v2\/product_tag?post=710165"}],"curies":[{"name":"wp","href":"https:\/\/api.w.org\/{rel}","templated":true}]}}