{"id":710161,"date":"2025-08-27T16:33:04","date_gmt":"2025-08-27T13:33:04","guid":{"rendered":"https:\/\/roveyayinevi.com.tr\/index.php\/urun\/anilar-surc-u-lisan-ettikse-antrakt-ikinci-perde\/"},"modified":"2026-04-16T02:18:52","modified_gmt":"2026-04-15T23:18:52","slug":"anilar-surc-u-lisan-ettikse-antrakt-ikinci-perde","status":"publish","type":"product","link":"https:\/\/roveyayinevi.com.tr\/index.php\/urun\/anilar-surc-u-lisan-ettikse-antrakt-ikinci-perde\/","title":{"rendered":"An\u0131lar &#8211; S\u00fcr\u00e7-\u00fc Lisan Ettikse &#8211; Antrakt &#8211; \u0130kinci Perde"},"content":{"rendered":"<p>T\u00fcrk Tiyatrosu&#8217;na 1954&#8217;ten bu yana 60 y\u0131l boyunca damgas\u0131n\u0131 vurmu\u015f bir tiyatro adam\u0131n\u0131n an\u0131lar\u0131n\u0131n tamam\u0131.  &#8220;Perde yava\u015f yava\u015f a\u00e7\u0131ld\u0131. Akt\u00f6rler selam vermek i\u00e7in sahneye dizildiler. En son ben \u00e7\u0131kt\u0131m. \u00d6ne do\u011fru y\u00fcr\u00fcd\u00fcm. Y\u00fcr\u00fcrken balkonlardan \u00fcst\u00fcme bahar \u00e7i\u00e7ekleri ya\u011fmaya ba\u015flad\u0131\u011f\u0131n\u0131 hissettim. G\u00f6kten \u00e7i\u00e7ek ya\u011f\u0131yordu sanki.. Sahnenin ortas\u0131na gelince durdum. Y\u0131llard\u0131r kim bilir ka\u00e7 kez ayn\u0131 hareketi yapm\u0131\u015f, seyirciyi \u015fu durdu\u011fum yerden ayn\u0131 \u015fekilde selamlam\u0131\u015ft\u0131m. Oysa \u015fimdi ilk kez s\u0131rt\u0131m\u0131 d\u00f6nd\u00fcm onlara ve e\u011filerek y\u0131llarca beraber \u00e7al\u0131\u015ft\u0131\u011f\u0131m oyuncular\u0131m\u0131 selamlad\u0131m. Do\u011fruldu\u011fum zaman, oyunda i\u015fi olsun olmas\u0131n t\u00fcm Dormen Tiyatrosu&#8217;nun sahneyi doldurup beni alk\u0131\u015flad\u0131klar\u0131n\u0131 g\u00f6rd\u00fcm.&#8221; <\/p>\n","protected":false},"excerpt":{"rendered":"<p>T\u00fcrk Tiyatrosu&#8217;na 1954&#8217;ten bu yana 60 y\u0131l boyunca damgas\u0131n\u0131 vurmu\u015f bir tiyatro adam\u0131n\u0131n an\u0131lar\u0131n\u0131n tamam\u0131. &#8220;Perde yava\u015f yava\u015f a\u00e7\u0131ld\u0131. Akt\u00f6rler selam vermek i\u00e7in sahneye dizildiler. En<span class=\"excerpt-hellip\"> [\u2026]<\/span><\/p>\n","protected":false},"featured_media":0,"template":"","meta":{"_monsterinsights_skip_tracking":false,"_monsterinsights_sitenote_active":false,"_monsterinsights_sitenote_note":"","_monsterinsights_sitenote_category":0},"product_brand":[],"product_cat":[13701,12291],"product_tag":[],"class_list":{"0":"post-710161","1":"product","2":"type-product","3":"status-publish","5":"product_cat-ani-mektup-gunluk","6":"product_cat-edebiyat","7":"pa_cilt-ciltsiz","8":"pa_tur-kitap","9":"pa_yayinevi-yapi-kredi-yayinlari","10":"pa_yazar-haldun-dormen","12":"first","13":"instock","14":"sale","15":"shipping-taxable","16":"purchasable","17":"product-type-simple"},"_links":{"self":[{"href":"https:\/\/roveyayinevi.com.tr\/index.php\/wp-json\/wp\/v2\/product\/710161","targetHints":{"allow":["GET"]}}],"collection":[{"href":"https:\/\/roveyayinevi.com.tr\/index.php\/wp-json\/wp\/v2\/product"}],"about":[{"href":"https:\/\/roveyayinevi.com.tr\/index.php\/wp-json\/wp\/v2\/types\/product"}],"wp:attachment":[{"href":"https:\/\/roveyayinevi.com.tr\/index.php\/wp-json\/wp\/v2\/media?parent=710161"}],"wp:term":[{"taxonomy":"product_brand","embeddable":true,"href":"https:\/\/roveyayinevi.com.tr\/index.php\/wp-json\/wp\/v2\/product_brand?post=710161"},{"taxonomy":"product_cat","embeddable":true,"href":"https:\/\/roveyayinevi.com.tr\/index.php\/wp-json\/wp\/v2\/product_cat?post=710161"},{"taxonomy":"product_tag","embeddable":true,"href":"https:\/\/roveyayinevi.com.tr\/index.php\/wp-json\/wp\/v2\/product_tag?post=710161"}],"curies":[{"name":"wp","href":"https:\/\/api.w.org\/{rel}","templated":true}]}}