{"id":710146,"date":"2025-08-27T16:32:56","date_gmt":"2025-08-27T13:32:56","guid":{"rendered":"https:\/\/roveyayinevi.com.tr\/index.php\/urun\/huzur-arayisi\/"},"modified":"2026-04-08T02:24:28","modified_gmt":"2026-04-07T23:24:28","slug":"huzur-arayisi","status":"publish","type":"product","link":"https:\/\/roveyayinevi.com.tr\/index.php\/urun\/huzur-arayisi\/","title":{"rendered":"Huzur Aray\u0131s\u0327\u0131"},"content":{"rendered":"<p>Bilerek ya da bilmeyerek karanl\u0131\u011f\u0131 \u00e7a\u011f\u0131rd\u0131\u011f\u0131m\u0131zda sorun ya\u015famaya devam ederiz. G\u00f6stermelik olan\u0131 se\u00e7ti\u011fimizde, \u00f6rselenmemiz s\u00fcrer. Se\u00e7imlerimizi hatal\u0131 yaparsak, huzuru ya\u015famak imk\u00e2ns\u0131zla\u015f\u0131r. Huzur, ger\u00e7ek olana duyulan hasretten do\u011fan bir g\u00f6lge gibi gelir. Huzur, ger\u00e7eklik \u00f6zleminden do\u011far. Tohum \u00e7i\u00e7eklenmeyi diler. \u00c7i\u00e7eklendi\u011finde ne\u015feyle dolar; \u00e7i\u00e7ek a\u00e7amad\u0131\u011f\u0131nda ise ac\u0131y\u0131 ve \u0131st\u0131rab\u0131 deneyimler. Nehir, okyanus olmay\u0131 arzular. E\u011fer denize ula\u015fabilir ve sonsuzlukla birle\u015febilirse dinginle\u015fir. \u201cOsho, 20. y\u00fczy\u0131l\u0131n 1000 ilah\u0131ndan biri&#8230;\u201d The Sunday Times <\/p>\n","protected":false},"excerpt":{"rendered":"<p>Bilerek ya da bilmeyerek karanl\u0131\u011f\u0131 \u00e7a\u011f\u0131rd\u0131\u011f\u0131m\u0131zda sorun ya\u015famaya devam ederiz. G\u00f6stermelik olan\u0131 se\u00e7ti\u011fimizde, \u00f6rselenmemiz s\u00fcrer. Se\u00e7imlerimizi hatal\u0131 yaparsak, huzuru ya\u015famak imk\u00e2ns\u0131zla\u015f\u0131r. Huzur, ger\u00e7ek olana duyulan hasretten<span class=\"excerpt-hellip\"> [\u2026]<\/span><\/p>\n","protected":false},"featured_media":0,"template":"","meta":{"_monsterinsights_skip_tracking":false,"_monsterinsights_sitenote_active":false,"_monsterinsights_sitenote_note":"","_monsterinsights_sitenote_category":0},"product_brand":[],"product_cat":[12364,12376],"product_tag":[],"class_list":{"0":"post-710146","1":"product","2":"type-product","3":"status-publish","5":"product_cat-genel-konular","6":"product_cat-kisisel-gelisim","7":"pa_cilt-ciltsiz","8":"pa_tur-kitap","9":"pa_yayinevi-omega","10":"pa_yazar-osho","12":"first","13":"instock","14":"sale","15":"shipping-taxable","16":"purchasable","17":"product-type-simple"},"_links":{"self":[{"href":"https:\/\/roveyayinevi.com.tr\/index.php\/wp-json\/wp\/v2\/product\/710146","targetHints":{"allow":["GET"]}}],"collection":[{"href":"https:\/\/roveyayinevi.com.tr\/index.php\/wp-json\/wp\/v2\/product"}],"about":[{"href":"https:\/\/roveyayinevi.com.tr\/index.php\/wp-json\/wp\/v2\/types\/product"}],"wp:attachment":[{"href":"https:\/\/roveyayinevi.com.tr\/index.php\/wp-json\/wp\/v2\/media?parent=710146"}],"wp:term":[{"taxonomy":"product_brand","embeddable":true,"href":"https:\/\/roveyayinevi.com.tr\/index.php\/wp-json\/wp\/v2\/product_brand?post=710146"},{"taxonomy":"product_cat","embeddable":true,"href":"https:\/\/roveyayinevi.com.tr\/index.php\/wp-json\/wp\/v2\/product_cat?post=710146"},{"taxonomy":"product_tag","embeddable":true,"href":"https:\/\/roveyayinevi.com.tr\/index.php\/wp-json\/wp\/v2\/product_tag?post=710146"}],"curies":[{"name":"wp","href":"https:\/\/api.w.org\/{rel}","templated":true}]}}