{"id":710143,"date":"2025-08-27T16:32:55","date_gmt":"2025-08-27T13:32:55","guid":{"rendered":"https:\/\/roveyayinevi.com.tr\/index.php\/urun\/turkiye-ve-fransada-neoliberal-donemde-mulki-idare\/"},"modified":"2026-04-16T02:18:51","modified_gmt":"2026-04-15T23:18:51","slug":"turkiye-ve-fransada-neoliberal-donemde-mulki-idare","status":"publish","type":"product","link":"https:\/\/roveyayinevi.com.tr\/index.php\/urun\/turkiye-ve-fransada-neoliberal-donemde-mulki-idare\/","title":{"rendered":"T\u00fcrkiye ve Fransada Neoliberal D\u00f6nemde M\u00fclki \u0130dare"},"content":{"rendered":"<p>Bu \u00e7al\u0131\u015fman\u0131n konusunu, T\u00fcrkiye\u2019de \u00fclke topraklar\u0131n\u0131n y\u00f6netiminin temelinde yer alan, \u201cm\u00fclki idare sistemi\u201d olu\u015fturmaktad\u0131r. T\u00fcrkiye\u2019de devlet, \u00fcniter  bi\u00e7imde yap\u0131lanm\u0131\u015f ve devletin \u00f6rg\u00fctlenmesi de, bu temelde in\u015fa edilmi\u015ftir. Dolay\u0131s\u0131yla \u00fcniter bir devlet anlay\u0131\u015f\u0131 i\u00e7inde merkeziyet\u00e7i ve hiyerar\u015fik bi\u00e7imde \u00f6rg\u00fctlenen m\u00fclki idare sistemi, \u00fclke topraklar\u0131n\u0131n tamam\u0131n\u0131 kapsamaktad\u0131r. Bu \u00e7al\u0131\u015fman\u0131n temel amac\u0131, kapitalizmin a\u015famalar bi\u00e7iminde ilerlemesine, her a\u015famada yeni bir sermaye birikim rejimi ve d\u00fczenleme bi\u00e7imi ile kendisini yeniden \u00fcretmesine ba\u011fl\u0131 olarak, T\u00fcrkiye\u2019de devletin ge\u00e7irdi\u011fi de\u011fi\u015fimin m\u00fclki idare sistemi \u00fczerindeki etkilerini incelemektir.Bu ama\u00e7 do\u011frultusunda, T\u00fcrkiye\u2019de m\u00fclki idare sisteminin ge\u00e7irdi\u011fi de\u011fi\u015fim s\u00fcrecinin, kapitalizmin tarihsel a\u015famalar\u0131 ba\u011flam\u0131nda ele al\u0131n\u0131p, a\u00e7\u0131klanmas\u0131 yoluna gidilmektedir.K\u0131sacas\u0131 bu \u00e7al\u0131\u015fma, \u00f6zellikle neo-liberal d\u00f6nemde T\u00fcrkiye\u2019de m\u00fclki idare sisteminde ortaya \u00e7\u0131kan de\u011fi\u015fimi incelenmeyi ama\u00e7lamaktad\u0131r.T\u00fcrkiye\u2019de m\u00fclki idare sisteminde kapitalizmin tarihse a\u015famalar\u0131 ile ba\u011flant\u0131l\u0131 bi\u00e7imde ortaya \u00e7\u0131kan de\u011fi\u015fimin daha iyi anla\u015f\u0131labilmesi amac\u0131yla kar\u015f\u0131la\u015ft\u0131rmal\u0131 bir yakla\u015f\u0131m benimsenmi\u015ftir. Kar\u015f\u0131la\u015ft\u0131rma i\u00e7in kapitalist bir toplumsal yap\u0131, devlet gelene\u011fi, y\u00f6netim sistemi ve ta\u015fra y\u00f6netim \u00f6rg\u00fctlenmesi y\u00f6nlerinden T\u00fcrkiye ile benzerlik g\u00f6steren bir \u00fclke olarak Fransa tercih edilmi\u015ftir.   Bu eser Do\u00e7. Dr. Selim \u00c7APAR taraf\u0131ndan kaleme al\u0131nm\u0131\u015ft\u0131r. <\/p>\n","protected":false},"excerpt":{"rendered":"<p>Bu \u00e7al\u0131\u015fman\u0131n konusunu, T\u00fcrkiye\u2019de \u00fclke topraklar\u0131n\u0131n y\u00f6netiminin temelinde yer alan, \u201cm\u00fclki idare sistemi\u201d olu\u015fturmaktad\u0131r. T\u00fcrkiye\u2019de devlet, \u00fcniter bi\u00e7imde yap\u0131lanm\u0131\u015f ve devletin \u00f6rg\u00fctlenmesi de, bu temelde in\u015fa<span class=\"excerpt-hellip\"> [\u2026]<\/span><\/p>\n","protected":false},"featured_media":0,"template":"","meta":{"_monsterinsights_skip_tracking":false,"_monsterinsights_sitenote_active":false,"_monsterinsights_sitenote_note":"","_monsterinsights_sitenote_category":0},"product_brand":[],"product_cat":[13590,12337],"product_tag":[],"class_list":{"0":"post-710143","1":"product","2":"type-product","3":"status-publish","5":"product_cat-arastirma-inceleme-politika-siyaset","6":"product_cat-politika-siyaset","7":"pa_cilt-ciltsiz","8":"pa_tur-kitap","9":"pa_yayinevi-tiav","10":"pa_yazar-doc-dr-selim-selim-capar","12":"first","13":"instock","14":"sale","15":"shipping-taxable","16":"purchasable","17":"product-type-simple"},"_links":{"self":[{"href":"https:\/\/roveyayinevi.com.tr\/index.php\/wp-json\/wp\/v2\/product\/710143","targetHints":{"allow":["GET"]}}],"collection":[{"href":"https:\/\/roveyayinevi.com.tr\/index.php\/wp-json\/wp\/v2\/product"}],"about":[{"href":"https:\/\/roveyayinevi.com.tr\/index.php\/wp-json\/wp\/v2\/types\/product"}],"wp:attachment":[{"href":"https:\/\/roveyayinevi.com.tr\/index.php\/wp-json\/wp\/v2\/media?parent=710143"}],"wp:term":[{"taxonomy":"product_brand","embeddable":true,"href":"https:\/\/roveyayinevi.com.tr\/index.php\/wp-json\/wp\/v2\/product_brand?post=710143"},{"taxonomy":"product_cat","embeddable":true,"href":"https:\/\/roveyayinevi.com.tr\/index.php\/wp-json\/wp\/v2\/product_cat?post=710143"},{"taxonomy":"product_tag","embeddable":true,"href":"https:\/\/roveyayinevi.com.tr\/index.php\/wp-json\/wp\/v2\/product_tag?post=710143"}],"curies":[{"name":"wp","href":"https:\/\/api.w.org\/{rel}","templated":true}]}}