{"id":710131,"date":"2025-08-27T16:32:48","date_gmt":"2025-08-27T13:32:48","guid":{"rendered":"https:\/\/roveyayinevi.com.tr\/index.php\/urun\/eglenceli-bilgi-15-bilim-carpici-elektrik\/"},"modified":"2026-04-16T02:18:51","modified_gmt":"2026-04-15T23:18:51","slug":"eglenceli-bilgi-15-bilim-carpici-elektrik","status":"publish","type":"product","link":"https:\/\/roveyayinevi.com.tr\/index.php\/urun\/eglenceli-bilgi-15-bilim-carpici-elektrik\/","title":{"rendered":"E\u011flenceli Bilgi 15 (Bilim) &#8211; \u00c7arp\u0131c\u0131 Elektrik"},"content":{"rendered":"<p>\u00c7ok e\u011flenceli! &#8211; \u00c7ok komik! &#8211; \u00c7ok \u015fa\u015f\u0131rt\u0131c\u0131! \u00c7arp\u0131c\u0131 Elektrik beyninizin sigortalar\u0131n\u0131 att\u0131racak! Ke\u015ffetmek i\u00e7in enerjinizden yerinizde duram\u0131yor musunuz? Elektrikli bir y\u0131lanbal\u0131\u011f\u0131 nas\u0131l olup da sizi \u00e7arpan elektri\u011fi \u00fcretir? Elektrik kalbinizin atmas\u0131n\u0131 nas\u0131l sa\u011flar? Kendi g\u00f6z k\u00fcrelerine elektrik \u015foku uygulayarak deney yapan bilim adamlar\u0131 kimlerdir? E\u011fer bilim bu g\u00fcne kadar sizin de midenizi a\u011fr\u0131tt\u0131ysa, elektrikli ger\u00e7ekleri \u00f6\u011frenmek i\u00e7in bu kitab\u0131n d\u00fc\u011fmesine bas\u0131n. Midenize de dokunmaz! M\u0131knat\u0131slar\u0131n ku\u015flar\u0131n u\u00e7u\u015funa nas\u0131l yard\u0131mc\u0131 oldu\u011funu ve on sekizinci y\u00fczy\u0131l\u0131n ilk enteresan elektrikli cihazlar\u0131n\u0131 \u00f6\u011frenin. Elektrik devrelerinde gezinen atom ailesini tan\u0131y\u0131n. Fantastik ger\u00e7ek dosyalar\u0131 ve heyecan verici testler, \u00f6\u011fretmeninizi imtihana \u00e7ekebilece\u011finiz test sorular\u0131 ve \u00e7\u0131lg\u0131n \u00e7izimler bu kitapta sizleri bekliyor. \u00c7arp\u0131c\u0131 Elektrik, bilgi y\u00fck\u00fc ile sizi \u00e7arpabilir, dikkat edin. Bilim hi\u00e7 bu kadar e\u011flenceli olmam\u0131\u015ft\u0131! <\/p>\n","protected":false},"excerpt":{"rendered":"<p>\u00c7ok e\u011flenceli! &#8211; \u00c7ok komik! &#8211; \u00c7ok \u015fa\u015f\u0131rt\u0131c\u0131! \u00c7arp\u0131c\u0131 Elektrik beyninizin sigortalar\u0131n\u0131 att\u0131racak! Ke\u015ffetmek i\u00e7in enerjinizden yerinizde duram\u0131yor musunuz? Elektrikli bir y\u0131lanbal\u0131\u011f\u0131 nas\u0131l olup da sizi<span class=\"excerpt-hellip\"> [\u2026]<\/span><\/p>\n","protected":false},"featured_media":0,"template":"","meta":{"_monsterinsights_skip_tracking":false,"_monsterinsights_sitenote_active":false,"_monsterinsights_sitenote_note":"","_monsterinsights_sitenote_category":0},"product_brand":[],"product_cat":[13829,12274],"product_tag":[],"class_list":{"0":"post-710131","1":"product","2":"type-product","3":"status-publish","5":"product_cat-bilimsel-kitaplar","6":"product_cat-cocuk-ve-genclik-kitaplari","7":"pa_cilt-ciltsiz","8":"pa_tur-kitap","9":"pa_yayinevi-timas-cocuk","10":"pa_yazar-nick-arnold","12":"first","13":"instock","14":"sale","15":"shipping-taxable","16":"purchasable","17":"product-type-simple"},"_links":{"self":[{"href":"https:\/\/roveyayinevi.com.tr\/index.php\/wp-json\/wp\/v2\/product\/710131","targetHints":{"allow":["GET"]}}],"collection":[{"href":"https:\/\/roveyayinevi.com.tr\/index.php\/wp-json\/wp\/v2\/product"}],"about":[{"href":"https:\/\/roveyayinevi.com.tr\/index.php\/wp-json\/wp\/v2\/types\/product"}],"wp:attachment":[{"href":"https:\/\/roveyayinevi.com.tr\/index.php\/wp-json\/wp\/v2\/media?parent=710131"}],"wp:term":[{"taxonomy":"product_brand","embeddable":true,"href":"https:\/\/roveyayinevi.com.tr\/index.php\/wp-json\/wp\/v2\/product_brand?post=710131"},{"taxonomy":"product_cat","embeddable":true,"href":"https:\/\/roveyayinevi.com.tr\/index.php\/wp-json\/wp\/v2\/product_cat?post=710131"},{"taxonomy":"product_tag","embeddable":true,"href":"https:\/\/roveyayinevi.com.tr\/index.php\/wp-json\/wp\/v2\/product_tag?post=710131"}],"curies":[{"name":"wp","href":"https:\/\/api.w.org\/{rel}","templated":true}]}}