{"id":710124,"date":"2025-08-27T16:32:44","date_gmt":"2025-08-27T13:32:44","guid":{"rendered":"https:\/\/roveyayinevi.com.tr\/index.php\/urun\/kuantum-basari\/"},"modified":"2026-04-12T02:21:54","modified_gmt":"2026-04-11T23:21:54","slug":"kuantum-basari","status":"publish","type":"product","link":"https:\/\/roveyayinevi.com.tr\/index.php\/urun\/kuantum-basari\/","title":{"rendered":"Kuantum Ba\u015far\u0131"},"content":{"rendered":"<p>\u0130stedi\u011finiz her \u015feyi elde edebilseydiniz ne yapard\u0131n\u0131z? Kuantum fizi\u011fi ilkelerinden yola \u00e7\u0131karak ba\u015far\u0131n\u0131n bilimini a\u00e7\u0131\u011fa \u00e7\u0131karan Sandra Anne Taylor, d\u00fc\u015flerinizi ger\u00e7ekle\u015ftirmeniz i\u00e7in size \u0131\u015f\u0131k tutuyor. Kuantum Ba\u015far\u0131; zihin a\u00e7an y\u00f6ntemler, dinamik stratejiler, d\u0131\u015fa vurumun enerjisel yasalar\u0131 ve bilincin kuantum i\u015fleyi\u015fi ile ilgili bilgilerle hem profesyonel hem de ki\u015fisel ya\u015famda ba\u015far\u0131y\u0131 ve mutlu\u011fu yakalaman\u0131z i\u00e7in yol g\u00f6steriyor. \ufffcTan\u0131t\u0131m Metni<\/p>\n","protected":false},"excerpt":{"rendered":"<p>\u0130stedi\u011finiz her \u015feyi elde edebilseydiniz ne yapard\u0131n\u0131z? Kuantum fizi\u011fi ilkelerinden yola \u00e7\u0131karak ba\u015far\u0131n\u0131n bilimini a\u00e7\u0131\u011fa \u00e7\u0131karan Sandra Anne Taylor, d\u00fc\u015flerinizi ger\u00e7ekle\u015ftirmeniz i\u00e7in size \u0131\u015f\u0131k tutuyor. Kuantum<span class=\"excerpt-hellip\"> [\u2026]<\/span><\/p>\n","protected":false},"featured_media":0,"template":"","meta":{"_monsterinsights_skip_tracking":false,"_monsterinsights_sitenote_active":false,"_monsterinsights_sitenote_note":"","_monsterinsights_sitenote_category":0},"product_brand":[],"product_cat":[12364,12376],"product_tag":[],"class_list":{"0":"post-710124","1":"product","2":"type-product","3":"status-publish","5":"product_cat-genel-konular","6":"product_cat-kisisel-gelisim","7":"pa_cilt-ciltsiz","8":"pa_tur-kitap","9":"pa_yayinevi-nemesis-kitap","10":"pa_yazar-sandra-anne-taylor","12":"first","13":"instock","14":"sale","15":"shipping-taxable","16":"purchasable","17":"product-type-simple"},"_links":{"self":[{"href":"https:\/\/roveyayinevi.com.tr\/index.php\/wp-json\/wp\/v2\/product\/710124","targetHints":{"allow":["GET"]}}],"collection":[{"href":"https:\/\/roveyayinevi.com.tr\/index.php\/wp-json\/wp\/v2\/product"}],"about":[{"href":"https:\/\/roveyayinevi.com.tr\/index.php\/wp-json\/wp\/v2\/types\/product"}],"wp:attachment":[{"href":"https:\/\/roveyayinevi.com.tr\/index.php\/wp-json\/wp\/v2\/media?parent=710124"}],"wp:term":[{"taxonomy":"product_brand","embeddable":true,"href":"https:\/\/roveyayinevi.com.tr\/index.php\/wp-json\/wp\/v2\/product_brand?post=710124"},{"taxonomy":"product_cat","embeddable":true,"href":"https:\/\/roveyayinevi.com.tr\/index.php\/wp-json\/wp\/v2\/product_cat?post=710124"},{"taxonomy":"product_tag","embeddable":true,"href":"https:\/\/roveyayinevi.com.tr\/index.php\/wp-json\/wp\/v2\/product_tag?post=710124"}],"curies":[{"name":"wp","href":"https:\/\/api.w.org\/{rel}","templated":true}]}}