{"id":710123,"date":"2025-08-27T16:32:44","date_gmt":"2025-08-27T13:32:44","guid":{"rendered":"https:\/\/roveyayinevi.com.tr\/index.php\/urun\/maviye-bakmak\/"},"modified":"2026-04-16T02:18:51","modified_gmt":"2026-04-15T23:18:51","slug":"maviye-bakmak","status":"publish","type":"product","link":"https:\/\/roveyayinevi.com.tr\/index.php\/urun\/maviye-bakmak\/","title":{"rendered":"Maviye Bakmak"},"content":{"rendered":"<p>\u201c\u015eimdi ona bak\u0131yor. Eskiden oldu\u011fu gibi hayranl\u0131kla ya da elde etme iste\u011fiyle de\u011fil, sadece g\u00f6rmek i\u00e7in bak\u0131yor. Tamam\u0131n\u0131 \u00e7izmeye bile cesaret edemedi\u011fi y\u00fcz\u00fcne bak\u0131yor. A\u015fa\u011f\u0131ya d\u00fc\u015fen g\u00f6zkapaklar\u0131na bak\u0131yor. \u00c7ocuklu\u011fundan kalma, tozlu bir an beliriyor zihninde; yata\u011fa kendini s\u0131rt\u00fcst\u00fc at\u0131p yumdu\u011funda g\u00f6zlerini, g\u00f6rd\u00fc\u011f\u00fc ince y\u00fczl\u00fc o\u011flan \u00e7ocu\u011funun \u0131\u015f\u0131l \u0131\u015f\u0131l parlayan mavi g\u00f6zlerini an\u0131ms\u0131yor. Kar\u015f\u0131s\u0131ndaki, o g\u00f6zlerden miras par\u0131lt\u0131lar ta\u015f\u0131yan, \u00e7i\u011fnenmi\u015f isteklerin belirdi\u011fi yorgun g\u00f6zlere bak\u0131yor. Her \u015feyin ba\u015f\u0131n\u0131 ve sonunu kapsayarak \u00f6tesine ge\u00e7en, kar\u015f\u0131l\u0131\u011f\u0131 olmayan, derin varl\u0131\u011f\u0131n\u0131n yan\u0131nda di\u011fer t\u00fcm g\u00f6r\u00fcnenler anlam\u0131n\u0131 yitiriyor&#8230;\u201dMaviye Bakmak, her bakt\u0131\u011f\u0131 yerde sevdi\u011fi erke\u011fi g\u00f6ren bir kad\u0131n\u0131n ger\u00e7ek a\u015fka uyan\u0131\u015f\u0131n\u0131n hik\u00e2yesi&#8230; Modern hayat\u0131n \u00e7arklar\u0131 ve kendi tutkusu aras\u0131nda esir d\u00fc\u015fm\u00fc\u015f bir kad\u0131n\u0131n d\u00f6n\u00fc\u015f\u00fcm yolculu\u011fu bu&#8230;  Ger\u00e7ek a\u015fk\u0131 hat\u0131rlamak isteyenler i\u00e7in&#8230; <\/p>\n","protected":false},"excerpt":{"rendered":"<p>\u201c\u015eimdi ona bak\u0131yor. Eskiden oldu\u011fu gibi hayranl\u0131kla ya da elde etme iste\u011fiyle de\u011fil, sadece g\u00f6rmek i\u00e7in bak\u0131yor. Tamam\u0131n\u0131 \u00e7izmeye bile cesaret edemedi\u011fi y\u00fcz\u00fcne bak\u0131yor. A\u015fa\u011f\u0131ya d\u00fc\u015fen<span class=\"excerpt-hellip\"> [\u2026]<\/span><\/p>\n","protected":false},"featured_media":0,"template":"","meta":{"_monsterinsights_skip_tracking":false,"_monsterinsights_sitenote_active":false,"_monsterinsights_sitenote_note":"","_monsterinsights_sitenote_category":0},"product_brand":[],"product_cat":[12291,12711],"product_tag":[],"class_list":{"0":"post-710123","1":"product","2":"type-product","3":"status-publish","5":"product_cat-edebiyat","6":"product_cat-roman-oyku","7":"pa_cilt-ciltsiz","8":"pa_tur-kitap","9":"pa_yayinevi-dogan-novus","10":"pa_yazar-serap-erdogan","12":"first","13":"instock","14":"sale","15":"shipping-taxable","16":"purchasable","17":"product-type-simple"},"_links":{"self":[{"href":"https:\/\/roveyayinevi.com.tr\/index.php\/wp-json\/wp\/v2\/product\/710123","targetHints":{"allow":["GET"]}}],"collection":[{"href":"https:\/\/roveyayinevi.com.tr\/index.php\/wp-json\/wp\/v2\/product"}],"about":[{"href":"https:\/\/roveyayinevi.com.tr\/index.php\/wp-json\/wp\/v2\/types\/product"}],"wp:attachment":[{"href":"https:\/\/roveyayinevi.com.tr\/index.php\/wp-json\/wp\/v2\/media?parent=710123"}],"wp:term":[{"taxonomy":"product_brand","embeddable":true,"href":"https:\/\/roveyayinevi.com.tr\/index.php\/wp-json\/wp\/v2\/product_brand?post=710123"},{"taxonomy":"product_cat","embeddable":true,"href":"https:\/\/roveyayinevi.com.tr\/index.php\/wp-json\/wp\/v2\/product_cat?post=710123"},{"taxonomy":"product_tag","embeddable":true,"href":"https:\/\/roveyayinevi.com.tr\/index.php\/wp-json\/wp\/v2\/product_tag?post=710123"}],"curies":[{"name":"wp","href":"https:\/\/api.w.org\/{rel}","templated":true}]}}