{"id":710116,"date":"2025-08-27T16:32:40","date_gmt":"2025-08-27T13:32:40","guid":{"rendered":"https:\/\/roveyayinevi.com.tr\/index.php\/urun\/yeni-baslayanlar-icin-korno-metodu-horn-method-for-beginners\/"},"modified":"2026-04-16T02:18:51","modified_gmt":"2026-04-15T23:18:51","slug":"yeni-baslayanlar-icin-korno-metodu-horn-method-for-beginners","status":"publish","type":"product","link":"https:\/\/roveyayinevi.com.tr\/index.php\/urun\/yeni-baslayanlar-icin-korno-metodu-horn-method-for-beginners\/","title":{"rendered":"Yeni Ba\u015flayanlar i\u00e7in Korno Metodu (Horn Method for Beginners)"},"content":{"rendered":"<p>Korno e\u011fitiminde bug\u00fcne kadar \u00fclkemizde ders kitab\u0131 olarak Almanca ve \u0130ngilizce dilinde yaz\u0131lm\u0131\u015f kitaplar kullan\u0131lmaktayd\u0131. Dolay\u0131s\u0131yla ba\u015flang\u0131\u00e7 d\u00fczeyindeki bu \u00f6\u011frenciler, yabanc\u0131 dildeki bu kitaplar\u0131 okuyup anlayamad\u0131klar\u0131ndan sadece g\u00f6rselleri inceleyerek yazan bilgiler hakk\u0131nda fikir sahibi olmaya \u00e7al\u0131\u015f\u0131yorlard\u0131. Bu eksikli\u011fi gidermek i\u00e7in \u00f6\u011frencilerimizin kendi dillerinde okuyup anlayabilecekleri bir kaynak kitap yazmay\u0131 ama\u00e7lad\u0131m. Bug\u00fcne kadar yaz\u0131lm\u0131\u015f literat\u00fcr\u00fcn en se\u00e7kin korno metotlar\u0131n\u0131 inceledim. T\u00fcm m\u00fczisyenlerin anlayabilece\u011fi ve kullanabilece\u011fi bir korno kitab\u0131 haz\u0131rlamaya \u00e7al\u0131\u015ft\u0131m. Bu kitap, \u00fclkemizde yay\u0131nlanan ilk \u2013 T\u00fcrk\u00e7e \u2013 korno metodu niteli\u011fini ta\u015f\u0131maktad\u0131r. Kitapta kornonun tarih\u00e7esinden ba\u015flayarak; kornoya yeni ba\u015flayanlar\u0131n ihtiya\u00e7 duyabilece\u011fi m\u00fczik terimleri, nefes egzersizleri, dudak pozisyonu, a\u011f\u0131zl\u0131\u011f\u0131n ve sa\u011f elin kullan\u0131m\u0131, gamlar ve \u00e7al\u0131\u015fma \u015fekilleri ile g\u00fcnl\u00fck \u0131s\u0131nma \u00e7al\u0131\u015fmalar\u0131na yer verilmi\u015ftir. Beg\u00fcm G\u00f6kmenM\u00fczik E\u011fitimi Yay\u0131nlar\u0131 No.77 Korno Kitaplar\u0131 Serisi No.01www.muzikegitimi.net <\/p>\n","protected":false},"excerpt":{"rendered":"<p>Korno e\u011fitiminde bug\u00fcne kadar \u00fclkemizde ders kitab\u0131 olarak Almanca ve \u0130ngilizce dilinde yaz\u0131lm\u0131\u015f kitaplar kullan\u0131lmaktayd\u0131. Dolay\u0131s\u0131yla ba\u015flang\u0131\u00e7 d\u00fczeyindeki bu \u00f6\u011frenciler, yabanc\u0131 dildeki bu kitaplar\u0131 okuyup anlayamad\u0131klar\u0131ndan<span class=\"excerpt-hellip\"> [\u2026]<\/span><\/p>\n","protected":false},"featured_media":0,"template":"","meta":{"_monsterinsights_skip_tracking":false,"_monsterinsights_sitenote_active":false,"_monsterinsights_sitenote_note":"","_monsterinsights_sitenote_category":0},"product_brand":[],"product_cat":[14556,20810],"product_tag":[],"class_list":{"0":"post-710116","1":"product","2":"type-product","3":"status-publish","5":"product_cat-muzik","6":"product_cat-ogrenim-kitaplari","7":"pa_cilt-ciltsiz","8":"pa_tur-kitap","9":"pa_yayinevi-muzik-egitimi-yayinlari","10":"pa_yazar-begum-gokmen","12":"first","13":"instock","14":"sale","15":"shipping-taxable","16":"purchasable","17":"product-type-simple"},"_links":{"self":[{"href":"https:\/\/roveyayinevi.com.tr\/index.php\/wp-json\/wp\/v2\/product\/710116","targetHints":{"allow":["GET"]}}],"collection":[{"href":"https:\/\/roveyayinevi.com.tr\/index.php\/wp-json\/wp\/v2\/product"}],"about":[{"href":"https:\/\/roveyayinevi.com.tr\/index.php\/wp-json\/wp\/v2\/types\/product"}],"wp:attachment":[{"href":"https:\/\/roveyayinevi.com.tr\/index.php\/wp-json\/wp\/v2\/media?parent=710116"}],"wp:term":[{"taxonomy":"product_brand","embeddable":true,"href":"https:\/\/roveyayinevi.com.tr\/index.php\/wp-json\/wp\/v2\/product_brand?post=710116"},{"taxonomy":"product_cat","embeddable":true,"href":"https:\/\/roveyayinevi.com.tr\/index.php\/wp-json\/wp\/v2\/product_cat?post=710116"},{"taxonomy":"product_tag","embeddable":true,"href":"https:\/\/roveyayinevi.com.tr\/index.php\/wp-json\/wp\/v2\/product_tag?post=710116"}],"curies":[{"name":"wp","href":"https:\/\/api.w.org\/{rel}","templated":true}]}}