{"id":710112,"date":"2025-08-27T16:32:38","date_gmt":"2025-08-27T13:32:38","guid":{"rendered":"https:\/\/roveyayinevi.com.tr\/index.php\/urun\/bir-zamanlar-nisantasinda\/"},"modified":"2026-04-16T02:18:51","modified_gmt":"2026-04-15T23:18:51","slug":"bir-zamanlar-nisantasinda","status":"publish","type":"product","link":"https:\/\/roveyayinevi.com.tr\/index.php\/urun\/bir-zamanlar-nisantasinda\/","title":{"rendered":"Bir Zamanlar Ni\u015fanta\u015f\u0131\u2019nda"},"content":{"rendered":"<p>Vali Kona\u011f\u0131\u2019n\u0131n da yer ald\u0131\u011f\u0131 modern bir semt olan Ni\u015fanta\u015f\u0131\u2019ndan an\u0131lar, portreler&#8230; H\u0131fz\u0131 T opuz bu kitab\u0131nda \u00e7ocukluk ve gen\u00e7lik y\u0131llar\u0131ndaki Ni\u015fanta\u015f\u0131\u2019n\u0131 anlat\u0131yor. Ni\u015fanta\u015f\u0131\u2019n\u0131n 40\u2019l\u0131 50\u2019li y\u0131llar\u0131ndan konaklar, sokaklar, pastaneler, \u00fcnl\u00fc sakinler, renkli sosyal ili\u015fkiler, ak\u015fam turlar\u0131, g\u00f6z a\u015final\u0131klar\u0131 ve belki de ya\u015fam boyu an\u0131msanacak a\u015fklardan buruk an\u0131lar\u2026<\/p>\n","protected":false},"excerpt":{"rendered":"<p>Vali Kona\u011f\u0131\u2019n\u0131n da yer ald\u0131\u011f\u0131 modern bir semt olan Ni\u015fanta\u015f\u0131\u2019ndan an\u0131lar, portreler&#8230; H\u0131fz\u0131 T opuz bu kitab\u0131nda \u00e7ocukluk ve gen\u00e7lik y\u0131llar\u0131ndaki Ni\u015fanta\u015f\u0131\u2019n\u0131 anlat\u0131yor. Ni\u015fanta\u015f\u0131\u2019n\u0131n 40\u2019l\u0131 50\u2019li<span class=\"excerpt-hellip\"> [\u2026]<\/span><\/p>\n","protected":false},"featured_media":0,"template":"","meta":{"_monsterinsights_skip_tracking":false,"_monsterinsights_sitenote_active":false,"_monsterinsights_sitenote_note":"","_monsterinsights_sitenote_category":0},"product_brand":[],"product_cat":[13701,12291],"product_tag":[],"class_list":{"0":"post-710112","1":"product","2":"type-product","3":"status-publish","5":"product_cat-ani-mektup-gunluk","6":"product_cat-edebiyat","7":"pa_cilt-ciltsiz","8":"pa_tur-kitap","9":"pa_yayinevi-remzi-kitabevi","10":"pa_yazar-hifzi-topuz","12":"first","13":"instock","14":"sale","15":"shipping-taxable","16":"purchasable","17":"product-type-simple"},"_links":{"self":[{"href":"https:\/\/roveyayinevi.com.tr\/index.php\/wp-json\/wp\/v2\/product\/710112","targetHints":{"allow":["GET"]}}],"collection":[{"href":"https:\/\/roveyayinevi.com.tr\/index.php\/wp-json\/wp\/v2\/product"}],"about":[{"href":"https:\/\/roveyayinevi.com.tr\/index.php\/wp-json\/wp\/v2\/types\/product"}],"wp:attachment":[{"href":"https:\/\/roveyayinevi.com.tr\/index.php\/wp-json\/wp\/v2\/media?parent=710112"}],"wp:term":[{"taxonomy":"product_brand","embeddable":true,"href":"https:\/\/roveyayinevi.com.tr\/index.php\/wp-json\/wp\/v2\/product_brand?post=710112"},{"taxonomy":"product_cat","embeddable":true,"href":"https:\/\/roveyayinevi.com.tr\/index.php\/wp-json\/wp\/v2\/product_cat?post=710112"},{"taxonomy":"product_tag","embeddable":true,"href":"https:\/\/roveyayinevi.com.tr\/index.php\/wp-json\/wp\/v2\/product_tag?post=710112"}],"curies":[{"name":"wp","href":"https:\/\/api.w.org\/{rel}","templated":true}]}}