{"id":710111,"date":"2025-08-27T16:32:37","date_gmt":"2025-08-27T13:32:37","guid":{"rendered":"https:\/\/roveyayinevi.com.tr\/index.php\/urun\/idigey-ile-moradim-baskurt-turklerinin-tarihi-destani\/"},"modified":"2026-04-16T02:18:51","modified_gmt":"2026-04-15T23:18:51","slug":"idigey-ile-moradim-baskurt-turklerinin-tarihi-destani","status":"publish","type":"product","link":"https:\/\/roveyayinevi.com.tr\/index.php\/urun\/idigey-ile-moradim-baskurt-turklerinin-tarihi-destani\/","title":{"rendered":"\u0130digey ile Morad\u0131m &#8211; Ba\u015fkurt T\u00fcrklerinin Tarihi Destan\u0131"},"content":{"rendered":"<p>\u0130digey ile Morad\u0131m Destan\u0131 \u00f6zelde Ba\u015fkurt, genelde T\u00fcrk k\u00fclt\u00fcrel belle\u011finin d\u0131\u015f d\u00fcnyaya yans\u0131yan anlam alanlar\u0131ndan biridir. Hem mitolojik d\u00f6nemden itibaren zihinsel ak\u0131\u015f halindeki k\u00fclt\u00fcrel kodlar\u0131 hem de tarih\u00ee d\u00f6nemin bilinen belge ve bilgilerini bug\u00fcn\u00fcn insan\u0131na bir hat\u0131rlatma fig\u00fcr\u00fc olarak sunan \u00f6nemli eserlerdendir. \u0130digey Destan\u0131, birden fazla T\u00fcrk boyu aras\u0131nda bilinen ve anlat\u0131lan destanlardan biridir. Ba\u015fkurtlar d\u0131\u015f\u0131nda K\u0131r\u0131m ve Kazan Tatarlar\u0131, Altay, Kazak, \u00d6zbek, T\u00fcrkmen, Nogay ve Karakalpaklar aras\u0131nda ya\u015famaktad\u0131r. Genel olarak destan\u0131n ana konusu ve olay \u00f6rg\u00fcs\u00fc 14-15. y\u00fczy\u0131llarda Alt\u0131nordu Devleti i\u00e7inde ya\u015fanan m\u00fccadelelere dayanmaktad\u0131r. Ara\u015ft\u0131r\u0131c\u0131lar \u00f6zellikle Kazak-Nogay destan sahas\u0131ndaki destanlarda tarihsel ger\u00e7ekliklerin di\u011fer destan sahalar\u0131na g\u00f6re daha a\u011f\u0131r bast\u0131\u011f\u0131 ve bunun en g\u00fczel \u00f6rneklerinden birinin &#8220;Edige Destan\u0131&#8221; oldu\u011funu belirtirler. \u0130digey ile Morad\u0131m Destan\u0131&#8217;n\u0131n ba\u015fkahraman\u0131 ve kar\u015f\u0131 kahraman\u0131, adlar\u0131, mevki ve konumlar\u0131, m\u00fccadeleleri y\u00f6n\u00fcnden baz\u0131 tarihsel verilerle \u00f6rt\u00fc\u015fmektedir. \u0130digey\/Edige\/Edg\u00fc Mirza ile Alt\u0131nordu h\u00fck\u00fcmdar\u0131 Toktam\u0131\u015f veya bu \u015fahsiyetlerin T\u00fcmur Han ile ya\u015fad\u0131klar\u0131 \u00e7e\u015fitli siyasi ili\u015fkiler, tarihi verilerle de do\u011frulanmaktad\u0131r. Fakat destanda ad\u0131 ge\u00e7en kahramanlar veya olaylarla, tarihte ya\u015fam\u0131\u015f \u015fahsiyet veya ya\u015fanm\u0131\u015f olaylarla ili\u015fki kurulsa bile, destan\u0131n o tarihi d\u00f6nemi a\u015fan b\u00fct\u00fcnc\u00fcl ve kurgusal bir \u00f6zelli\u011fe sahip oldu\u011funu da \u00f6ncelikle vurgulamak gerekmektedir. <\/p>\n","protected":false},"excerpt":{"rendered":"<p>\u0130digey ile Morad\u0131m Destan\u0131 \u00f6zelde Ba\u015fkurt, genelde T\u00fcrk k\u00fclt\u00fcrel belle\u011finin d\u0131\u015f d\u00fcnyaya yans\u0131yan anlam alanlar\u0131ndan biridir. Hem mitolojik d\u00f6nemden itibaren zihinsel ak\u0131\u015f halindeki k\u00fclt\u00fcrel kodlar\u0131 hem<span class=\"excerpt-hellip\"> [\u2026]<\/span><\/p>\n","protected":false},"featured_media":0,"template":"","meta":{"_monsterinsights_skip_tracking":false,"_monsterinsights_sitenote_active":false,"_monsterinsights_sitenote_note":"","_monsterinsights_sitenote_category":0},"product_brand":[],"product_cat":[12718,12858],"product_tag":[],"class_list":{"0":"post-710111","1":"product","2":"type-product","3":"status-publish","5":"product_cat-din","6":"product_cat-mitolojiler","7":"pa_cilt-ciltsiz","8":"pa_tur-kitap","9":"pa_yayinevi-otuken-nesriyat","10":"pa_yazar-mustafa-arslan","12":"first","13":"instock","14":"sale","15":"shipping-taxable","16":"purchasable","17":"product-type-simple"},"_links":{"self":[{"href":"https:\/\/roveyayinevi.com.tr\/index.php\/wp-json\/wp\/v2\/product\/710111","targetHints":{"allow":["GET"]}}],"collection":[{"href":"https:\/\/roveyayinevi.com.tr\/index.php\/wp-json\/wp\/v2\/product"}],"about":[{"href":"https:\/\/roveyayinevi.com.tr\/index.php\/wp-json\/wp\/v2\/types\/product"}],"wp:attachment":[{"href":"https:\/\/roveyayinevi.com.tr\/index.php\/wp-json\/wp\/v2\/media?parent=710111"}],"wp:term":[{"taxonomy":"product_brand","embeddable":true,"href":"https:\/\/roveyayinevi.com.tr\/index.php\/wp-json\/wp\/v2\/product_brand?post=710111"},{"taxonomy":"product_cat","embeddable":true,"href":"https:\/\/roveyayinevi.com.tr\/index.php\/wp-json\/wp\/v2\/product_cat?post=710111"},{"taxonomy":"product_tag","embeddable":true,"href":"https:\/\/roveyayinevi.com.tr\/index.php\/wp-json\/wp\/v2\/product_tag?post=710111"}],"curies":[{"name":"wp","href":"https:\/\/api.w.org\/{rel}","templated":true}]}}