{"id":710108,"date":"2025-08-27T16:32:36","date_gmt":"2025-08-27T13:32:36","guid":{"rendered":"https:\/\/roveyayinevi.com.tr\/index.php\/urun\/olumune-sike\/"},"modified":"2026-04-16T02:18:51","modified_gmt":"2026-04-15T23:18:51","slug":"olumune-sike","status":"publish","type":"product","link":"https:\/\/roveyayinevi.com.tr\/index.php\/urun\/olumune-sike\/","title":{"rendered":"\u00d6l\u00fcm\u00fcne \u015eike"},"content":{"rendered":"<p>Spora g\u00f6n\u00fcl vermenin, asla vazge\u00e7meyerek hayata tutunman\u0131n ilham verici hik\u00e2yesi\u2026 T\u00fcm hayat\u0131n\u0131 basketbol sahalar\u0131nda ge\u00e7irmekten ba\u015fka arzusu olmayan bir \u00e7ocuk bu hayalini ger\u00e7e\u011fe d\u00f6n\u00fc\u015ft\u00fcrmek i\u00e7in gece g\u00fcnd\u00fcz \u00e7al\u0131\u015f\u0131r. Terini, kan\u0131n\u0131, hatta t\u00fcm benli\u011fini iyi bir basketbolcu olmak ve milli tak\u0131mda oynamak i\u00e7in ortaya koyar. Sonunda \u00e7ok \u00e7al\u0131\u015fmas\u0131n\u0131n kar\u015f\u0131l\u0131\u011f\u0131n\u0131 al\u0131r, ba\u015far\u0131 basamaklar\u0131n\u0131 bin bir zorlukla teker teker t\u0131rman\u0131r, gen\u00e7 ya\u015fta hem hayalindeki tak\u0131ma transfer olur, hem de milli formay\u0131 giymeye ba\u015flar. Ancak tam her \u015fey yoluna girmi\u015f ve r\u00fcya gibi bir ya\u015fam s\u00fcrerken korkun\u00e7 bir kaza meydana gelir. Kazada \u00f6len gen\u00e7 adam ayn\u0131 bedene geri d\u00f6nerek bir mucize ger\u00e7ekle\u015ftirir.Milli basketbol oyunculu\u011fundan antren\u00f6rl\u00fc\u011fe, hakemlikten spor kul\u00fcb\u00fc y\u00f6neticili\u011fine kadar uzanan; i\u00e7 hesapla\u015fmalarla zenginle\u015fen bir ya\u015fam \u00f6yk\u00fcs\u00fc. \u00d6l\u00fcm olay\u0131n\u0131n t\u00fcyler \u00fcrperten ya\u015fanm\u0131\u015f ger\u00e7ek anlat\u0131m\u0131\u2026 <\/p>\n","protected":false},"excerpt":{"rendered":"<p>Spora g\u00f6n\u00fcl vermenin, asla vazge\u00e7meyerek hayata tutunman\u0131n ilham verici hik\u00e2yesi\u2026 T\u00fcm hayat\u0131n\u0131 basketbol sahalar\u0131nda ge\u00e7irmekten ba\u015fka arzusu olmayan bir \u00e7ocuk bu hayalini ger\u00e7e\u011fe d\u00f6n\u00fc\u015ft\u00fcrmek i\u00e7in gece<span class=\"excerpt-hellip\"> [\u2026]<\/span><\/p>\n","protected":false},"featured_media":0,"template":"","meta":{"_monsterinsights_skip_tracking":false,"_monsterinsights_sitenote_active":false,"_monsterinsights_sitenote_note":"","_monsterinsights_sitenote_category":0},"product_brand":[],"product_cat":[15563,15564],"product_tag":[],"class_list":{"0":"post-710108","1":"product","2":"type-product","3":"status-publish","5":"product_cat-hobi","6":"product_cat-spor","7":"pa_cilt-ciltsiz","8":"pa_tur-kitap","9":"pa_yayinevi-inkilap-kitabevi","10":"pa_yazar-cihan-levent","12":"first","13":"instock","14":"sale","15":"shipping-taxable","16":"purchasable","17":"product-type-simple"},"_links":{"self":[{"href":"https:\/\/roveyayinevi.com.tr\/index.php\/wp-json\/wp\/v2\/product\/710108","targetHints":{"allow":["GET"]}}],"collection":[{"href":"https:\/\/roveyayinevi.com.tr\/index.php\/wp-json\/wp\/v2\/product"}],"about":[{"href":"https:\/\/roveyayinevi.com.tr\/index.php\/wp-json\/wp\/v2\/types\/product"}],"wp:attachment":[{"href":"https:\/\/roveyayinevi.com.tr\/index.php\/wp-json\/wp\/v2\/media?parent=710108"}],"wp:term":[{"taxonomy":"product_brand","embeddable":true,"href":"https:\/\/roveyayinevi.com.tr\/index.php\/wp-json\/wp\/v2\/product_brand?post=710108"},{"taxonomy":"product_cat","embeddable":true,"href":"https:\/\/roveyayinevi.com.tr\/index.php\/wp-json\/wp\/v2\/product_cat?post=710108"},{"taxonomy":"product_tag","embeddable":true,"href":"https:\/\/roveyayinevi.com.tr\/index.php\/wp-json\/wp\/v2\/product_tag?post=710108"}],"curies":[{"name":"wp","href":"https:\/\/api.w.org\/{rel}","templated":true}]}}