{"id":710104,"date":"2025-08-27T16:32:34","date_gmt":"2025-08-27T13:32:34","guid":{"rendered":"https:\/\/roveyayinevi.com.tr\/index.php\/urun\/kutuk-osmanogullari-hanedani-kurulus-donemi-soyagaci\/"},"modified":"2026-04-16T02:18:50","modified_gmt":"2026-04-15T23:18:50","slug":"kutuk-osmanogullari-hanedani-kurulus-donemi-soyagaci","status":"publish","type":"product","link":"https:\/\/roveyayinevi.com.tr\/index.php\/urun\/kutuk-osmanogullari-hanedani-kurulus-donemi-soyagaci\/","title":{"rendered":"K\u00fct\u00fck &#8211; Osmano\u011fullar\u0131 Hanedan\u0131 Kurulu\u015f D\u00f6nemi Soya\u011fac\u0131"},"content":{"rendered":"<p>Osmano\u011fullar\u0131 Hanedan\u0131 ancak tarihe mal olmu\u015f ki\u015filikleriyle tarih kitaplar\u0131nda yer alm\u0131\u015f ve haf\u0131zalar\u0131m\u0131za kaz\u0131nm\u0131\u015ft\u0131r. \u00d6zellikle kurulu\u015f d\u00f6nemine ait \u015fecere bilgileri neredeyse yok denecek kadar azd\u0131r. K\u00fct\u00fck, ula\u015f\u0131lmas\u0131 zahmetli ar\u015fivler, gizlenip saklanm\u0131\u015f belgeler ve hatta mezar ta\u015flar\u0131 dahi ara\u015ft\u0131r\u0131larak, padi\u015fah\u0131ndan bebekken bo\u011fdurulmu\u015f \u015fehzadelerine, ad\u0131 bilinmeyen halay\u0131klardan en g\u00f6zde cariyelere kadar t\u00fcm Osmano\u011fullar\u0131 mensuplar\u0131n\u0131n isimlerinin, do\u011fum ve \u00f6l\u00fcm tarihleri ile \u00f6l\u00fcm sebeplerinin yer ald\u0131\u011f\u0131, \u015fimdiye dek \u00fclkemizde yap\u0131lm\u0131\u015f olan en kapsaml\u0131 tarihsel \u00e7al\u0131\u015fmad\u0131r. <\/p>\n","protected":false},"excerpt":{"rendered":"<p>Osmano\u011fullar\u0131 Hanedan\u0131 ancak tarihe mal olmu\u015f ki\u015filikleriyle tarih kitaplar\u0131nda yer alm\u0131\u015f ve haf\u0131zalar\u0131m\u0131za kaz\u0131nm\u0131\u015ft\u0131r. \u00d6zellikle kurulu\u015f d\u00f6nemine ait \u015fecere bilgileri neredeyse yok denecek kadar azd\u0131r. K\u00fct\u00fck,<span class=\"excerpt-hellip\"> [\u2026]<\/span><\/p>\n","protected":false},"featured_media":0,"template":"","meta":{"_monsterinsights_skip_tracking":false,"_monsterinsights_sitenote_active":false,"_monsterinsights_sitenote_note":"","_monsterinsights_sitenote_category":0},"product_brand":[],"product_cat":[13517,12304],"product_tag":[],"class_list":{"0":"post-710104","1":"product","2":"type-product","3":"status-publish","5":"product_cat-osmanli-tarihi","6":"product_cat-tarih","7":"pa_cilt-ciltsiz","8":"pa_tur-kitap","9":"pa_yayinevi-destek-yayinlari","10":"pa_yazar-necmi-tarkan","12":"first","13":"instock","14":"sale","15":"shipping-taxable","16":"purchasable","17":"product-type-simple"},"_links":{"self":[{"href":"https:\/\/roveyayinevi.com.tr\/index.php\/wp-json\/wp\/v2\/product\/710104","targetHints":{"allow":["GET"]}}],"collection":[{"href":"https:\/\/roveyayinevi.com.tr\/index.php\/wp-json\/wp\/v2\/product"}],"about":[{"href":"https:\/\/roveyayinevi.com.tr\/index.php\/wp-json\/wp\/v2\/types\/product"}],"wp:attachment":[{"href":"https:\/\/roveyayinevi.com.tr\/index.php\/wp-json\/wp\/v2\/media?parent=710104"}],"wp:term":[{"taxonomy":"product_brand","embeddable":true,"href":"https:\/\/roveyayinevi.com.tr\/index.php\/wp-json\/wp\/v2\/product_brand?post=710104"},{"taxonomy":"product_cat","embeddable":true,"href":"https:\/\/roveyayinevi.com.tr\/index.php\/wp-json\/wp\/v2\/product_cat?post=710104"},{"taxonomy":"product_tag","embeddable":true,"href":"https:\/\/roveyayinevi.com.tr\/index.php\/wp-json\/wp\/v2\/product_tag?post=710104"}],"curies":[{"name":"wp","href":"https:\/\/api.w.org\/{rel}","templated":true}]}}