{"id":710100,"date":"2025-08-27T16:32:32","date_gmt":"2025-08-27T13:32:32","guid":{"rendered":"https:\/\/roveyayinevi.com.tr\/index.php\/urun\/kahramanin-sonsuz-yolculugu\/"},"modified":"2026-04-16T02:18:50","modified_gmt":"2026-04-15T23:18:50","slug":"kahramanin-sonsuz-yolculugu","status":"publish","type":"product","link":"https:\/\/roveyayinevi.com.tr\/index.php\/urun\/kahramanin-sonsuz-yolculugu\/","title":{"rendered":"Kahraman\u0131n Sonsuz Yolculu\u011fu"},"content":{"rendered":"<p>Mitlerin ve masallar\u0131n gizemini \u00e7\u00f6zmek i\u00e7in ba\u015fvurulacak ilk kitap.\u201cElinizdeki kitab\u0131n amac\u0131, pek de karma\u015f\u0131k olmayan bir \u00f6rnekler y\u0131\u011f\u0131n\u0131n\u0131 bir araya getirip kadim anlam\u0131n kendi kendini ortaya \u00e7\u0131karmas\u0131n\u0131 sa\u011flayarak dinsel ve mitolojik fig\u00fcrler alt\u0131nda \u00e7arp\u0131t\u0131lm\u0131\u015f baz\u0131 ger\u00e7ekleri ayd\u0131nlatmakt\u0131r. Eski \u00f6\u011fretmenler ne dediklerini bilirlerdi. Hele onlar\u0131n simgesel dilini okumas\u0131n\u0131 bir \u00f6\u011frendik mi, \u00f6\u011fretilerinin anla\u015f\u0131lmas\u0131 i\u00e7in bir derlemecinin yetene\u011finden fazlas\u0131na ihtiyac\u0131m\u0131z yoktur. Fakat ilk \u00f6nce simgelerin dilbilgisini \u00f6\u011frenmeliyiz ve ben, bu esrara bir anahtar olarak psikanalizden daha iyi bir ara\u00e7 bilmiyorum. Psikanalizi konuya dair son s\u00f6z olarak kabul etmesek bile, onun bir yakla\u015f\u0131m olarak i\u015f g\u00f6rmesine izin verebiliriz. Buradan hareketle at\u0131lacak ikinci ad\u0131m, d\u00fcnyan\u0131n d\u00f6rt bir yan\u0131ndan bir dizi mitle halk hik\u00e2yesini bir araya getirmek ve simgelerin kendi ad\u0131na konu\u015fmalar\u0131na izin vermek olacakt\u0131r. Benzerlikler hemen g\u00fcn y\u00fcz\u00fcne \u00e7\u0131kacakt\u0131r; \u00fcstelik bunlar insan\u0131n gezegendeki binlerce y\u0131ll\u0131k ikameti boyunca ya\u015fayageldi\u011fi temel ger\u00e7eklerin geni\u015f ve \u015fa\u015f\u0131rt\u0131c\u0131 bi\u00e7imde de\u011fi\u015fmeyen bir ifadesini ortaya \u00e7\u0131karacakt\u0131r.\u201d\u2013Joseph Campbell <\/p>\n","protected":false},"excerpt":{"rendered":"<p>Mitlerin ve masallar\u0131n gizemini \u00e7\u00f6zmek i\u00e7in ba\u015fvurulacak ilk kitap.\u201cElinizdeki kitab\u0131n amac\u0131, pek de karma\u015f\u0131k olmayan bir \u00f6rnekler y\u0131\u011f\u0131n\u0131n\u0131 bir araya getirip kadim anlam\u0131n kendi kendini ortaya<span class=\"excerpt-hellip\"> [\u2026]<\/span><\/p>\n","protected":false},"featured_media":0,"template":"","meta":{"_monsterinsights_skip_tracking":false,"_monsterinsights_sitenote_active":false,"_monsterinsights_sitenote_note":"","_monsterinsights_sitenote_category":0},"product_brand":[],"product_cat":[12718,12858],"product_tag":[],"class_list":{"0":"post-710100","1":"product","2":"type-product","3":"status-publish","5":"product_cat-din","6":"product_cat-mitolojiler","7":"pa_cilt-ciltsiz","8":"pa_tur-kitap","9":"pa_yayinevi-ithaki-yayinlari","10":"pa_yazar-joseph-campbell","12":"first","13":"instock","14":"sale","15":"shipping-taxable","16":"purchasable","17":"product-type-simple"},"_links":{"self":[{"href":"https:\/\/roveyayinevi.com.tr\/index.php\/wp-json\/wp\/v2\/product\/710100","targetHints":{"allow":["GET"]}}],"collection":[{"href":"https:\/\/roveyayinevi.com.tr\/index.php\/wp-json\/wp\/v2\/product"}],"about":[{"href":"https:\/\/roveyayinevi.com.tr\/index.php\/wp-json\/wp\/v2\/types\/product"}],"wp:attachment":[{"href":"https:\/\/roveyayinevi.com.tr\/index.php\/wp-json\/wp\/v2\/media?parent=710100"}],"wp:term":[{"taxonomy":"product_brand","embeddable":true,"href":"https:\/\/roveyayinevi.com.tr\/index.php\/wp-json\/wp\/v2\/product_brand?post=710100"},{"taxonomy":"product_cat","embeddable":true,"href":"https:\/\/roveyayinevi.com.tr\/index.php\/wp-json\/wp\/v2\/product_cat?post=710100"},{"taxonomy":"product_tag","embeddable":true,"href":"https:\/\/roveyayinevi.com.tr\/index.php\/wp-json\/wp\/v2\/product_tag?post=710100"}],"curies":[{"name":"wp","href":"https:\/\/api.w.org\/{rel}","templated":true}]}}