{"id":710054,"date":"2025-08-27T16:32:08","date_gmt":"2025-08-27T13:32:08","guid":{"rendered":"https:\/\/roveyayinevi.com.tr\/index.php\/urun\/buluntu-kitap-edebiyat-ve-gundelik-hayat-uzerine-denemeler\/"},"modified":"2026-04-16T02:18:49","modified_gmt":"2026-04-15T23:18:49","slug":"buluntu-kitap-edebiyat-ve-gundelik-hayat-uzerine-denemeler","status":"publish","type":"product","link":"https:\/\/roveyayinevi.com.tr\/index.php\/urun\/buluntu-kitap-edebiyat-ve-gundelik-hayat-uzerine-denemeler\/","title":{"rendered":"Buluntu Kitap &#8211; Edebiyat ve G\u00fcndelik Hayat \u00dczerine Denemeler"},"content":{"rendered":"<p>Buluntu Kitap, uzla\u015fmalar\u0131n yaratt\u0131\u011f\u0131 kolektif amneziden \u00e7\u0131k\u0131\u015f yollar\u0131n\u0131 ara\u015ft\u0131r\u0131rken \u00f6ncelikle \u015funlar\u0131 soruyor: Neden; iyi de nas\u0131l? Neden her \u015fey bu kadar berbat? Peki ne yap\u0131lamaz? G\u00fcndelik hayat\u0131, Facebook personalar\u0131n\u0131, Wikileaks\u2019i ve T\u00fcrkileaks\u2019i, kedilerle ya\u015famay\u0131, M\u00fcsl\u00fcm G\u00fcrses\u2019e ilgiyi, Behzat \u00c7. tiplemesini ve ta\u015fra gazinolar\u0131nda hayat\u0131 Thomas Mann\u2019\u0131n Buddenbrook Ailesi roman\u0131na dayanan bir tart\u0131\u015fma ile, \u0130kinci Yeni \u015fairlerinin sosyo-politik tutumlar\u0131n\u0131 \u00f6zellikle d\u00fczyaz\u0131lar\u0131 \u00fczerinden kavramaya d\u00f6n\u00fck sorgulamalarla, N\u00e2z\u0131m\u2019la kar\u015f\u0131la\u015ft\u0131rmal\u0131 okumalarla, Goethe\u2019nin \u201cErlk\u00f6nig\u201d \u015fiirinden ve Schubert\u2019in ayn\u0131 adl\u0131 lied\u2019inden do\u011fan denemelerle; \u00fctopyac\u0131l\u0131k ile idealizmin, anar\u015fizm ile melankolinin ba\u011flar\u0131na bakarak, g\u00fcvencesiz \u00e7al\u0131\u015fma ko\u015fullar\u0131n\u0131n hayata ve k\u00fclt\u00fcre etkilerini inceleyerek, ola\u011fan\u00fcst\u00fc durumlarda neden ve nas\u0131l yaz\u0131labilece\u011fini merak ederek, \u015eahan \u015eahnur ve Re\u015fat Nuri gibi iki \u00dcsk\u00fcdarl\u0131 yazar\u0131n yakla\u015f\u0131mlar\u0131n\u0131 bulu\u015fturarak ve Benedict Anderson\u2019\u0131 ta Filipinler\u2019e kadar takip ederek masaya koyuyor. S\u00fcreyyya Evren\u2019den edebiyata, sanata ve g\u00fcndelik hayata dair yeni d\u00fc\u015f\u00fcnme sahalar\u0131yla ve buruk tatlar\u0131yla \u00f6ne \u00e7\u0131kan denemeler&#8230; <\/p>\n","protected":false},"excerpt":{"rendered":"<p>Buluntu Kitap, uzla\u015fmalar\u0131n yaratt\u0131\u011f\u0131 kolektif amneziden \u00e7\u0131k\u0131\u015f yollar\u0131n\u0131 ara\u015ft\u0131r\u0131rken \u00f6ncelikle \u015funlar\u0131 soruyor: Neden; iyi de nas\u0131l? Neden her \u015fey bu kadar berbat? Peki ne yap\u0131lamaz? G\u00fcndelik<span class=\"excerpt-hellip\"> [\u2026]<\/span><\/p>\n","protected":false},"featured_media":0,"template":"","meta":{"_monsterinsights_skip_tracking":false,"_monsterinsights_sitenote_active":false,"_monsterinsights_sitenote_note":"","_monsterinsights_sitenote_category":0},"product_brand":[],"product_cat":[12777,12291],"product_tag":[],"class_list":{"0":"post-710054","1":"product","2":"type-product","3":"status-publish","5":"product_cat-deneme","6":"product_cat-edebiyat","7":"pa_cilt-ciltsiz","8":"pa_tur-kitap","9":"pa_yayinevi-yeni-insan-yayinlari","10":"pa_yazar-sureyyya-evren","12":"first","13":"instock","14":"sale","15":"shipping-taxable","16":"purchasable","17":"product-type-simple"},"_links":{"self":[{"href":"https:\/\/roveyayinevi.com.tr\/index.php\/wp-json\/wp\/v2\/product\/710054","targetHints":{"allow":["GET"]}}],"collection":[{"href":"https:\/\/roveyayinevi.com.tr\/index.php\/wp-json\/wp\/v2\/product"}],"about":[{"href":"https:\/\/roveyayinevi.com.tr\/index.php\/wp-json\/wp\/v2\/types\/product"}],"wp:attachment":[{"href":"https:\/\/roveyayinevi.com.tr\/index.php\/wp-json\/wp\/v2\/media?parent=710054"}],"wp:term":[{"taxonomy":"product_brand","embeddable":true,"href":"https:\/\/roveyayinevi.com.tr\/index.php\/wp-json\/wp\/v2\/product_brand?post=710054"},{"taxonomy":"product_cat","embeddable":true,"href":"https:\/\/roveyayinevi.com.tr\/index.php\/wp-json\/wp\/v2\/product_cat?post=710054"},{"taxonomy":"product_tag","embeddable":true,"href":"https:\/\/roveyayinevi.com.tr\/index.php\/wp-json\/wp\/v2\/product_tag?post=710054"}],"curies":[{"name":"wp","href":"https:\/\/api.w.org\/{rel}","templated":true}]}}