{"id":710037,"date":"2025-08-27T16:31:59","date_gmt":"2025-08-27T13:31:59","guid":{"rendered":"https:\/\/roveyayinevi.com.tr\/index.php\/urun\/bay-kusyuvasi-ve-komsu-ev\/"},"modified":"2026-04-16T02:18:49","modified_gmt":"2026-04-15T23:18:49","slug":"bay-kusyuvasi-ve-komsu-ev","status":"publish","type":"product","link":"https:\/\/roveyayinevi.com.tr\/index.php\/urun\/bay-kusyuvasi-ve-komsu-ev\/","title":{"rendered":"Bay Ku\u015fyuvas\u0131 ve Kom\u015fu Ev"},"content":{"rendered":"<p>Bu evi almam\u0131z gerek! Elmo ile ablas\u0131, kom\u015fu evin orman\u0131 and\u0131ran bah\u00e7esinde oynamay\u0131 \u00e7ok seviyorlar ama orman evi SAT\u0130L\u0130K! \u00c7ok ge\u00e7meden esrarengiz Bay Ku\u015fyuvas\u0131 orman evine ta\u015f\u0131n\u0131nca iki karde\u015fin orman evi ziyaretleri son bulur. Ta ki bir g\u00fcn orman evinin penceresinde tan\u0131d\u0131k bir y\u00fcz g\u00f6rene dek&#8230; Misafir Y\u0131lan\u2019\u0131n yazar\u0131 bol \u00f6d\u00fcll\u00fc Julia Donaldson\u2019\u0131n kaleminden bu e\u011flenceli bir hik\u00e2yeyi Hannah Shaw resimledi. \u201cBu evde kelebekler, bir aslan, maymunlar ve ku\u015f yiyen bir \u00f6r\u00fcmcek var\u201d dedi Elmo. \u201cBu bir orman evi!\u201d \ufffcTan\u0131t\u0131m Metni<\/p>\n","protected":false},"excerpt":{"rendered":"<p>Bu evi almam\u0131z gerek! Elmo ile ablas\u0131, kom\u015fu evin orman\u0131 and\u0131ran bah\u00e7esinde oynamay\u0131 \u00e7ok seviyorlar ama orman evi SAT\u0130L\u0130K! \u00c7ok ge\u00e7meden esrarengiz Bay Ku\u015fyuvas\u0131 orman evine<span class=\"excerpt-hellip\"> [\u2026]<\/span><\/p>\n","protected":false},"featured_media":0,"template":"","meta":{"_monsterinsights_skip_tracking":false,"_monsterinsights_sitenote_active":false,"_monsterinsights_sitenote_note":"","_monsterinsights_sitenote_category":0},"product_brand":[],"product_cat":[12274,12284],"product_tag":[],"class_list":{"0":"post-710037","1":"product","2":"type-product","3":"status-publish","5":"product_cat-cocuk-ve-genclik-kitaplari","6":"product_cat-hikayeler","7":"pa_cilt-ciltsiz","8":"pa_tur-kitap","9":"pa_yayinevi-yapi-kredi-yayinlari","10":"pa_yazar-julia-donaldson","12":"first","13":"instock","14":"sale","15":"shipping-taxable","16":"purchasable","17":"product-type-simple"},"_links":{"self":[{"href":"https:\/\/roveyayinevi.com.tr\/index.php\/wp-json\/wp\/v2\/product\/710037","targetHints":{"allow":["GET"]}}],"collection":[{"href":"https:\/\/roveyayinevi.com.tr\/index.php\/wp-json\/wp\/v2\/product"}],"about":[{"href":"https:\/\/roveyayinevi.com.tr\/index.php\/wp-json\/wp\/v2\/types\/product"}],"wp:attachment":[{"href":"https:\/\/roveyayinevi.com.tr\/index.php\/wp-json\/wp\/v2\/media?parent=710037"}],"wp:term":[{"taxonomy":"product_brand","embeddable":true,"href":"https:\/\/roveyayinevi.com.tr\/index.php\/wp-json\/wp\/v2\/product_brand?post=710037"},{"taxonomy":"product_cat","embeddable":true,"href":"https:\/\/roveyayinevi.com.tr\/index.php\/wp-json\/wp\/v2\/product_cat?post=710037"},{"taxonomy":"product_tag","embeddable":true,"href":"https:\/\/roveyayinevi.com.tr\/index.php\/wp-json\/wp\/v2\/product_tag?post=710037"}],"curies":[{"name":"wp","href":"https:\/\/api.w.org\/{rel}","templated":true}]}}