{"id":710034,"date":"2025-08-27T16:31:51","date_gmt":"2025-08-27T13:31:51","guid":{"rendered":"https:\/\/roveyayinevi.com.tr\/index.php\/urun\/gizem-ve-hayalet-oykuleri-yazi-dersleri\/"},"modified":"2026-04-16T02:18:49","modified_gmt":"2026-04-15T23:18:49","slug":"gizem-ve-hayalet-oykuleri-yazi-dersleri","status":"publish","type":"product","link":"https:\/\/roveyayinevi.com.tr\/index.php\/urun\/gizem-ve-hayalet-oykuleri-yazi-dersleri\/","title":{"rendered":"Gizem ve Hayalet \u00d6yk\u00fcleri &#8211; Yaz\u0131 Dersleri"},"content":{"rendered":"<p>Bu ilgi \u00e7ekici kitap, polisiye, gerilim ve korku t\u00fcrlerinde eserler yazmak isteyen gen\u00e7ler i\u00e7in rehber olarak haz\u0131rlanm\u0131\u015ft\u0131r. Hayaletler, perili evler, eksantrik dedektifler, lanetli ta\u015flar ve bunlar gibi birbirinden ilgin\u00e7 konular\u0131 i\u015fleyen t\u00fcyler \u00fcrpertici \u00f6yk\u00fcler ve romanlar yazmak i\u00e7in i\u015fe bu kitapla ba\u015flayabilirsin. Hepsi gelece\u011fin \u00fcnl\u00fc yazarlar\u0131 i\u00e7in &#8211; kullan\u0131\u015fl\u0131 ipu\u00e7lar\u0131, ilgin\u00e7 fikirler, yaz\u0131m a\u015famalar\u0131 ve \u00f6yk\u00fclerini yazabilece\u011fin bo\u015f sayfalar&#8230; \ufffcTan\u0131t\u0131m Metni<\/p>\n","protected":false},"excerpt":{"rendered":"<p>Bu ilgi \u00e7ekici kitap, polisiye, gerilim ve korku t\u00fcrlerinde eserler yazmak isteyen gen\u00e7ler i\u00e7in rehber olarak haz\u0131rlanm\u0131\u015ft\u0131r. Hayaletler, perili evler, eksantrik dedektifler, lanetli ta\u015flar ve bunlar<span class=\"excerpt-hellip\"> [\u2026]<\/span><\/p>\n","protected":false},"featured_media":0,"template":"","meta":{"_monsterinsights_skip_tracking":false,"_monsterinsights_sitenote_active":false,"_monsterinsights_sitenote_note":"","_monsterinsights_sitenote_category":0},"product_brand":[],"product_cat":[12274,12284],"product_tag":[],"class_list":{"0":"post-710034","1":"product","2":"type-product","3":"status-publish","5":"product_cat-cocuk-ve-genclik-kitaplari","6":"product_cat-hikayeler","7":"pa_cilt-ciltli","8":"pa_tur-kitap","9":"pa_yayinevi-is-bankasi-kultur-yayinlari","10":"pa_yazar-kolektif","12":"first","13":"instock","14":"sale","15":"shipping-taxable","16":"purchasable","17":"product-type-simple"},"_links":{"self":[{"href":"https:\/\/roveyayinevi.com.tr\/index.php\/wp-json\/wp\/v2\/product\/710034","targetHints":{"allow":["GET"]}}],"collection":[{"href":"https:\/\/roveyayinevi.com.tr\/index.php\/wp-json\/wp\/v2\/product"}],"about":[{"href":"https:\/\/roveyayinevi.com.tr\/index.php\/wp-json\/wp\/v2\/types\/product"}],"wp:attachment":[{"href":"https:\/\/roveyayinevi.com.tr\/index.php\/wp-json\/wp\/v2\/media?parent=710034"}],"wp:term":[{"taxonomy":"product_brand","embeddable":true,"href":"https:\/\/roveyayinevi.com.tr\/index.php\/wp-json\/wp\/v2\/product_brand?post=710034"},{"taxonomy":"product_cat","embeddable":true,"href":"https:\/\/roveyayinevi.com.tr\/index.php\/wp-json\/wp\/v2\/product_cat?post=710034"},{"taxonomy":"product_tag","embeddable":true,"href":"https:\/\/roveyayinevi.com.tr\/index.php\/wp-json\/wp\/v2\/product_tag?post=710034"}],"curies":[{"name":"wp","href":"https:\/\/api.w.org\/{rel}","templated":true}]}}