{"id":710033,"date":"2025-08-27T16:31:50","date_gmt":"2025-08-27T13:31:50","guid":{"rendered":"https:\/\/roveyayinevi.com.tr\/index.php\/urun\/iphigenia-auliste\/"},"modified":"2026-04-16T02:18:49","modified_gmt":"2026-04-15T23:18:49","slug":"iphigenia-auliste","status":"publish","type":"product","link":"https:\/\/roveyayinevi.com.tr\/index.php\/urun\/iphigenia-auliste\/","title":{"rendered":"\u0130phigenia Aulis\u2019te"},"content":{"rendered":"<p>Euripides (M\u00d6 y.484-406): Atina\u2019n\u0131n yeti\u015ftirdi\u011fi \u00fc\u00e7 b\u00fcy\u00fck tragedya \u015fairi aras\u0131nda en fazla eseri g\u00fcn\u00fcm\u00fcze ula\u015fansanat\u00e7\u0131 olarak \u00f6zel bir yeri vard\u0131r. Bu \u00f6zelli\u011fi \u015fenliklerde Aiskhylos ve Sophokles kadar birincilik \u00f6d\u00fcl\u00fc kazanmam\u0131\u015folsa da halk aras\u0131nda daha \u00e7ok be\u011fenilen bir ozan olmas\u0131na ba\u011flan\u0131r. Euripides\u2019in oyun kahramanlar\u0131 insana \u00f6zg\u00fczay\u0131fl\u0131k ve kusurlar\u0131 ta\u015f\u0131rlar, ya\u015fad\u0131klar\u0131 tragedyalar da bu kusurlar\u0131 ile vazge\u00e7emedikleri tutkular\u0131ndan kaynaklan\u0131r. Euripides \u00e7a\u011fda\u015f tiyatroya en yak\u0131n eserler veren klasik ozan, ya da modern ozanlar\u0131n ilki say\u0131labilir. Euripides\u2019inen \u00fcnl\u00fc tragedyalar\u0131ndan olan Iphigenia Aulis\u2019te, ozan\u0131n \u00f6l\u00fcm\u00fcnden sonra ada\u015f\u0131 olan o\u011flu taraf\u0131ndan sahnelendi veona yar\u0131\u015fmalardaki be\u015finci birincili\u011fini kazand\u0131rd\u0131. Ozan Iphigenia Aulis\u2019te eserinde, Troya efsanesinden hareketle, insan\u0131n tanr\u0131lara ve vatan\u0131na kar\u015f\u0131 etik g\u00f6revlerini ve bir \u00fclk\u00fc u\u011fruna kendini feda etmesini, \u201csahnelerin filozofu\u201dunvan\u0131na yak\u0131\u015fan bir ustal\u0131kla i\u015fler. \ufffcTan\u0131t\u0131m Metni<\/p>\n","protected":false},"excerpt":{"rendered":"<p>Euripides (M\u00d6 y.484-406): Atina\u2019n\u0131n yeti\u015ftirdi\u011fi \u00fc\u00e7 b\u00fcy\u00fck tragedya \u015fairi aras\u0131nda en fazla eseri g\u00fcn\u00fcm\u00fcze ula\u015fansanat\u00e7\u0131 olarak \u00f6zel bir yeri vard\u0131r. Bu \u00f6zelli\u011fi \u015fenliklerde Aiskhylos ve Sophokles<span class=\"excerpt-hellip\"> [\u2026]<\/span><\/p>\n","protected":false},"featured_media":0,"template":"","meta":{"_monsterinsights_skip_tracking":false,"_monsterinsights_sitenote_active":false,"_monsterinsights_sitenote_note":"","_monsterinsights_sitenote_category":0},"product_brand":[],"product_cat":[12291,12509],"product_tag":[],"class_list":{"0":"post-710033","1":"product","2":"type-product","3":"status-publish","5":"product_cat-edebiyat","6":"product_cat-siir","7":"pa_cilt-ciltsiz","8":"pa_tur-kitap","9":"pa_yayinevi-is-bankasi-kultur-yayinlari","10":"pa_yazar-euripides","12":"first","13":"instock","14":"sale","15":"shipping-taxable","16":"purchasable","17":"product-type-simple"},"_links":{"self":[{"href":"https:\/\/roveyayinevi.com.tr\/index.php\/wp-json\/wp\/v2\/product\/710033","targetHints":{"allow":["GET"]}}],"collection":[{"href":"https:\/\/roveyayinevi.com.tr\/index.php\/wp-json\/wp\/v2\/product"}],"about":[{"href":"https:\/\/roveyayinevi.com.tr\/index.php\/wp-json\/wp\/v2\/types\/product"}],"wp:attachment":[{"href":"https:\/\/roveyayinevi.com.tr\/index.php\/wp-json\/wp\/v2\/media?parent=710033"}],"wp:term":[{"taxonomy":"product_brand","embeddable":true,"href":"https:\/\/roveyayinevi.com.tr\/index.php\/wp-json\/wp\/v2\/product_brand?post=710033"},{"taxonomy":"product_cat","embeddable":true,"href":"https:\/\/roveyayinevi.com.tr\/index.php\/wp-json\/wp\/v2\/product_cat?post=710033"},{"taxonomy":"product_tag","embeddable":true,"href":"https:\/\/roveyayinevi.com.tr\/index.php\/wp-json\/wp\/v2\/product_tag?post=710033"}],"curies":[{"name":"wp","href":"https:\/\/api.w.org\/{rel}","templated":true}]}}