{"id":710022,"date":"2025-08-27T16:31:45","date_gmt":"2025-08-27T13:31:45","guid":{"rendered":"https:\/\/roveyayinevi.com.tr\/index.php\/urun\/goldilocks-and-the-three-bears-level-a\/"},"modified":"2026-04-16T02:18:49","modified_gmt":"2026-04-15T23:18:49","slug":"goldilocks-and-the-three-bears-level-a","status":"publish","type":"product","link":"https:\/\/roveyayinevi.com.tr\/index.php\/urun\/goldilocks-and-the-three-bears-level-a\/","title":{"rendered":"Goldilocks and The Three Bears Level A"},"content":{"rendered":"<p>\u0130ngilizce bilgisine g\u00f6re Temel ,Orta ve Y\u00fcksek olmak \u00fczere d\u00f6rt de\u011fi\u015fik seviyeye g\u00f6re haz\u0131rlanm\u0131\u015ft\u0131r. Seviyeler s\u0131ras\u0131yla Level A , Level B ,Level C , Level D \u015feklinde s\u0131n\u0131fland\u0131r\u0131lm\u0131\u015ft\u0131r. \u0130ncelemekde oldu\u011funuz hikayemiz Level A (Temel ) seviyesindedir. \u00c7ocuklar\u0131m\u0131z i\u00e7erik olarak b\u00fct\u00fcn hikayeyi okudukdan sonra kitab\u0131n sonunda hikayeyle il\u011fili Aktivite (Test ) b\u00f6l\u00fcm\u00fc bulunmaktad\u0131r. Bu aktivitenin yap\u0131lmas\u0131 hikayede ge\u00e7en kelimeleri \u00f6\u011frenme a\u00e7\u0131s\u0131ndan \u00f6nemlidir. <\/p>\n","protected":false},"excerpt":{"rendered":"<p>\u0130ngilizce bilgisine g\u00f6re Temel ,Orta ve Y\u00fcksek olmak \u00fczere d\u00f6rt de\u011fi\u015fik seviyeye g\u00f6re haz\u0131rlanm\u0131\u015ft\u0131r. Seviyeler s\u0131ras\u0131yla Level A , Level B ,Level C , Level D<span class=\"excerpt-hellip\"> [\u2026]<\/span><\/p>\n","protected":false},"featured_media":0,"template":"","meta":{"_monsterinsights_skip_tracking":false,"_monsterinsights_sitenote_active":false,"_monsterinsights_sitenote_note":"","_monsterinsights_sitenote_category":0},"product_brand":[],"product_cat":[12472],"product_tag":[],"class_list":{"0":"post-710022","1":"product","2":"type-product","3":"status-publish","5":"product_cat-yabanci-dilde-kitaplar","6":"pa_cilt-ciltsiz","7":"pa_tur-kitap","8":"pa_yayinevi-engin-yayinevi","9":"pa_yazar-komisyon","11":"first","12":"instock","13":"sale","14":"shipping-taxable","15":"purchasable","16":"product-type-simple"},"_links":{"self":[{"href":"https:\/\/roveyayinevi.com.tr\/index.php\/wp-json\/wp\/v2\/product\/710022","targetHints":{"allow":["GET"]}}],"collection":[{"href":"https:\/\/roveyayinevi.com.tr\/index.php\/wp-json\/wp\/v2\/product"}],"about":[{"href":"https:\/\/roveyayinevi.com.tr\/index.php\/wp-json\/wp\/v2\/types\/product"}],"wp:attachment":[{"href":"https:\/\/roveyayinevi.com.tr\/index.php\/wp-json\/wp\/v2\/media?parent=710022"}],"wp:term":[{"taxonomy":"product_brand","embeddable":true,"href":"https:\/\/roveyayinevi.com.tr\/index.php\/wp-json\/wp\/v2\/product_brand?post=710022"},{"taxonomy":"product_cat","embeddable":true,"href":"https:\/\/roveyayinevi.com.tr\/index.php\/wp-json\/wp\/v2\/product_cat?post=710022"},{"taxonomy":"product_tag","embeddable":true,"href":"https:\/\/roveyayinevi.com.tr\/index.php\/wp-json\/wp\/v2\/product_tag?post=710022"}],"curies":[{"name":"wp","href":"https:\/\/api.w.org\/{rel}","templated":true}]}}