{"id":710021,"date":"2025-08-27T16:31:44","date_gmt":"2025-08-27T13:31:44","guid":{"rendered":"https:\/\/roveyayinevi.com.tr\/index.php\/urun\/ay-yildizin-cocuklari-15-temmuzun-kahramanlik-hikayeleri\/"},"modified":"2026-04-16T02:18:49","modified_gmt":"2026-04-15T23:18:49","slug":"ay-yildizin-cocuklari-15-temmuzun-kahramanlik-hikayeleri","status":"publish","type":"product","link":"https:\/\/roveyayinevi.com.tr\/index.php\/urun\/ay-yildizin-cocuklari-15-temmuzun-kahramanlik-hikayeleri\/","title":{"rendered":"Ay Y\u0131ld\u0131z\u0131n \u00c7ocuklar\u0131 &#8211; 15 Temmuz\u2019un Kahramanl\u0131k Hikayeleri"},"content":{"rendered":"<p>15 Temmuz\u2019un birinci y\u0131ld\u00f6n\u00fcm\u00fcnde T\u00fcrkiye\u2019de ilk kez darbeye kar\u015f\u0131 aktif m\u00fccadele eden, \u00e7at\u0131\u015fmalara giren Jandarma komutanlar\u0131 ba\u015fta olmak \u00fczere \u00d6zel Harekat Polisleri ve emniyet g\u00fc\u00e7leriyle yap\u0131lan r\u00f6portajlar\u0131 i\u00e7eren \u201cAY YILZIDIN \u00c7OCUKLARI\u2019\u2019 kitab\u0131n\u0131 yay\u0131nlad\u0131. Gazeteci Ru\u015fen \u00c7ak\u0131r ile birlikte kaleme ald\u0131\u011f\u0131 \u201cRecep Tayyip Erdo\u011fan Bir D\u00f6n\u00fc\u015f\u00fcm Hik\u00e2yesi\u201d , Erbakan\u2019\u0131n K\u00fcrtleri, Selam\u00fcn Aleyk\u00fcm Komutan\u0131m \u2018\u2018Das \u0130st Erbakan\u201d gibi ba\u015far\u0131l\u0131 kitaplarla okuyucu kar\u015f\u0131s\u0131na \u00e7\u0131kan Gazeteci-Yazar Fehmi \u00c7almuk. bu kez farkl\u0131 bir r\u00f6portaj kitab\u0131yla kar\u015f\u0131m\u0131zda. Darbenin ilk ba\u015flama saatiyle birlikte Ankara Emniyeti A\u015fayi\u015f M\u00fcd\u00fcrl\u00fc\u011f\u00fc Telsiz anonslar\u0131n\u0131n da ilk kez yay\u0131nland\u0131\u011f\u0131 kitapta; bug\u00fcne kadar duyulmam\u0131\u015f olaylar ve konu\u015fmalar da g\u00fcn y\u00fcz\u00fcne \u00e7\u0131k\u0131yor. Jandarma Komutanlar\u0131; Korgeneral Arif \u00c7etin, Tu\u011fgeneraller; Ahmet Hac\u0131o\u011flu, Semih Okyar , Nurettin Alkan , Kurmay Albaylar; G\u00fcven \u015ea\u011fban ve Aziz Y\u0131lmaz \u00f6zel izinle Ay Y\u0131ld\u0131z\u0131n \u00c7ocuklar\u0131 Kitab\u0131\u2019na konu\u015ftular. Kitapta Jandarma Genel Komutanl\u0131\u011f\u0131\u2019n\u0131 i\u015fgal eden darbecilere kar\u015f\u0131 yap\u0131lan m\u00fccadele, Tu\u011fgeneral Nurettin Alkan\u2019\u0131n vurulmas\u0131, Kurmay Albay G\u00fcven \u015ea\u011fban\u2019\u0131n rehin al\u0131nmas\u0131, Cami avlusu ve lojman\u0131n\u0131n nas\u0131l gizli karargah haline getirildi\u011fi, Marmaris\u2019te Cumhurba\u015fkan\u0131 Recep Tayyip Erdo\u011fan\u2019a suikast timini yakalayan Komutan Tu\u011fgeneral Semih Okyar\u2019\u0131n ya\u015fad\u0131\u011f\u0131 olaylar i\u015fleniyor. \u00d6zel foto\u011fraflar ve belgeler ile 15 Temmuz gecesinin anlat\u0131ld\u0131\u011f\u0131 kitapta; \u00d6zel Harekat Polisleri\u2019nin m\u00fccadelelerinin yan\u0131s\u0131ra Emniyet Havac\u0131l\u0131k Dairesi Ba\u015fkan Yard\u0131mc\u0131s\u0131 Halil Senirkentli, Ankara \u0130l Emniyet M\u00fcd\u00fcr Yard\u0131mc\u0131s\u0131 Yaman A\u011f\u0131rlar ile Ankara ve \u0130stanbul Emniyeti\u2019nde g\u00f6revli polis memurlar\u0131n\u0131n geceye ili\u015fkin tan\u0131kl\u0131klar\u0131 i\u015fleniyor. <\/p>\n","protected":false},"excerpt":{"rendered":"<p>15 Temmuz\u2019un birinci y\u0131ld\u00f6n\u00fcm\u00fcnde T\u00fcrkiye\u2019de ilk kez darbeye kar\u015f\u0131 aktif m\u00fccadele eden, \u00e7at\u0131\u015fmalara giren Jandarma komutanlar\u0131 ba\u015fta olmak \u00fczere \u00d6zel Harekat Polisleri ve emniyet g\u00fc\u00e7leriyle yap\u0131lan<span class=\"excerpt-hellip\"> [\u2026]<\/span><\/p>\n","protected":false},"featured_media":0,"template":"","meta":{"_monsterinsights_skip_tracking":false,"_monsterinsights_sitenote_active":false,"_monsterinsights_sitenote_note":"","_monsterinsights_sitenote_category":0},"product_brand":[],"product_cat":[12337,14543],"product_tag":[],"class_list":{"0":"post-710021","1":"product","2":"type-product","3":"status-publish","5":"product_cat-politika-siyaset","6":"product_cat-turkiye-siyaseti-ve-politikasi","7":"pa_cilt-ciltsiz","8":"pa_tur-kitap","9":"pa_yayinevi-hoton-yayinlari","10":"pa_yazar-fehmi-calmuk","12":"first","13":"instock","14":"sale","15":"shipping-taxable","16":"purchasable","17":"product-type-simple"},"_links":{"self":[{"href":"https:\/\/roveyayinevi.com.tr\/index.php\/wp-json\/wp\/v2\/product\/710021","targetHints":{"allow":["GET"]}}],"collection":[{"href":"https:\/\/roveyayinevi.com.tr\/index.php\/wp-json\/wp\/v2\/product"}],"about":[{"href":"https:\/\/roveyayinevi.com.tr\/index.php\/wp-json\/wp\/v2\/types\/product"}],"wp:attachment":[{"href":"https:\/\/roveyayinevi.com.tr\/index.php\/wp-json\/wp\/v2\/media?parent=710021"}],"wp:term":[{"taxonomy":"product_brand","embeddable":true,"href":"https:\/\/roveyayinevi.com.tr\/index.php\/wp-json\/wp\/v2\/product_brand?post=710021"},{"taxonomy":"product_cat","embeddable":true,"href":"https:\/\/roveyayinevi.com.tr\/index.php\/wp-json\/wp\/v2\/product_cat?post=710021"},{"taxonomy":"product_tag","embeddable":true,"href":"https:\/\/roveyayinevi.com.tr\/index.php\/wp-json\/wp\/v2\/product_tag?post=710021"}],"curies":[{"name":"wp","href":"https:\/\/api.w.org\/{rel}","templated":true}]}}