{"id":710018,"date":"2025-08-27T16:31:43","date_gmt":"2025-08-27T13:31:43","guid":{"rendered":"https:\/\/roveyayinevi.com.tr\/index.php\/urun\/historia-1923-tarih-ve-kultur-dergisi-islamcilik-asrin-ideolojisi-olabilir-mi-sayi-3\/"},"modified":"2026-04-16T02:18:49","modified_gmt":"2026-04-15T23:18:49","slug":"historia-1923-tarih-ve-kultur-dergisi-islamcilik-asrin-ideolojisi-olabilir-mi-sayi-3","status":"publish","type":"product","link":"https:\/\/roveyayinevi.com.tr\/index.php\/urun\/historia-1923-tarih-ve-kultur-dergisi-islamcilik-asrin-ideolojisi-olabilir-mi-sayi-3\/","title":{"rendered":"Historia 1923 Tarih ve K\u00fclt\u00fcr Dergisi &#8211; \u0130slamc\u0131l\u0131k Asr\u0131n \u0130deolojisi Olabilir mi? (Say\u0131 3)"},"content":{"rendered":"<p>\u00dc\u00e7\u00fcnc\u00fc say\u0131m\u0131zda \u00f6zel dosya konusu, \u201c\u0130sl\u00e2mc\u0131l\u0131k Asr\u0131n \u0130deolojisi Olabilir mi?\u201d De\u011fi\u015fik a\u00e7\u0131lardan detayl\u0131 incelenen dosya konusu d\u0131\u015f\u0131nda yine eski ve gen\u00e7 ku\u015fak tarih\u00e7ilerimizin \u00e7e\u015fitli konulardaki yaz\u0131lar\u0131 da yer al\u0131yor. <\/p>\n","protected":false},"excerpt":{"rendered":"<p>\u00dc\u00e7\u00fcnc\u00fc say\u0131m\u0131zda \u00f6zel dosya konusu, \u201c\u0130sl\u00e2mc\u0131l\u0131k Asr\u0131n \u0130deolojisi Olabilir mi?\u201d De\u011fi\u015fik a\u00e7\u0131lardan detayl\u0131 incelenen dosya konusu d\u0131\u015f\u0131nda yine eski ve gen\u00e7 ku\u015fak tarih\u00e7ilerimizin \u00e7e\u015fitli konulardaki yaz\u0131lar\u0131<span class=\"excerpt-hellip\"> [\u2026]<\/span><\/p>\n","protected":false},"featured_media":0,"template":"","meta":{"_monsterinsights_skip_tracking":false,"_monsterinsights_sitenote_active":false,"_monsterinsights_sitenote_note":"","_monsterinsights_sitenote_category":0},"product_brand":[],"product_cat":[13527],"product_tag":[],"class_list":{"0":"post-710018","1":"product","2":"type-product","3":"status-publish","5":"product_cat-sureli-yayinlar","6":"pa_cilt-ciltsiz","7":"pa_tur-dergi","8":"pa_yayinevi-bilgi-yayinevi","9":"pa_yazar-kolektif","11":"first","12":"instock","13":"sale","14":"shipping-taxable","15":"purchasable","16":"product-type-simple"},"_links":{"self":[{"href":"https:\/\/roveyayinevi.com.tr\/index.php\/wp-json\/wp\/v2\/product\/710018","targetHints":{"allow":["GET"]}}],"collection":[{"href":"https:\/\/roveyayinevi.com.tr\/index.php\/wp-json\/wp\/v2\/product"}],"about":[{"href":"https:\/\/roveyayinevi.com.tr\/index.php\/wp-json\/wp\/v2\/types\/product"}],"wp:attachment":[{"href":"https:\/\/roveyayinevi.com.tr\/index.php\/wp-json\/wp\/v2\/media?parent=710018"}],"wp:term":[{"taxonomy":"product_brand","embeddable":true,"href":"https:\/\/roveyayinevi.com.tr\/index.php\/wp-json\/wp\/v2\/product_brand?post=710018"},{"taxonomy":"product_cat","embeddable":true,"href":"https:\/\/roveyayinevi.com.tr\/index.php\/wp-json\/wp\/v2\/product_cat?post=710018"},{"taxonomy":"product_tag","embeddable":true,"href":"https:\/\/roveyayinevi.com.tr\/index.php\/wp-json\/wp\/v2\/product_tag?post=710018"}],"curies":[{"name":"wp","href":"https:\/\/api.w.org\/{rel}","templated":true}]}}

Historia 1923 Tarih ve Kültür Dergisi &#8211; İslamcılık Asrın İdeolojisi Olabilir mi? (Sayı 3)

<p>Üçüncü sayımızda özel dosya konusu, “İslâmcılık Asrın İdeolojisi Olabilir mi?” Değişik açılardan detaylı incelenen dosya konusu dışında yine eski ve genç kuşak tarihçilerimizin çeşitli konulardaki yazıları da yer alıyor. </p>

<p>Üçüncü sayımızda özel dosya konusu, “İslâmcılık Asrın İdeolojisi Olabilir mi?” Değişik açılardan detaylı incelenen dosya konusu dışında yine eski ve genç kuşak tarihçilerimizin çeşitli konulardaki yazıları<span class="excerpt-hellip"> […]</span></p>
