{"id":709997,"date":"2025-08-27T16:31:31","date_gmt":"2025-08-27T13:31:31","guid":{"rendered":"https:\/\/roveyayinevi.com.tr\/index.php\/urun\/cok-evin-yok-kedisi\/"},"modified":"2026-04-16T02:18:48","modified_gmt":"2026-04-15T23:18:48","slug":"cok-evin-yok-kedisi","status":"publish","type":"product","link":"https:\/\/roveyayinevi.com.tr\/index.php\/urun\/cok-evin-yok-kedisi\/","title":{"rendered":"\u00c7ok Evin Yok Kedisi"},"content":{"rendered":"<p>Bir cumartesi g\u00fcn\u00fc, kalabal\u0131\u011f\u0131 yeni da\u011f\u0131lan limanda kar\u015f\u0131la\u015ft\u0131lar. G\u00fcliz Han\u0131m onu g\u00f6r\u00fcr g\u00f6rmez anlam\u0131\u015ft\u0131, aylard\u0131r hayalini kurdu\u011fu kedi tam kar\u015f\u0131s\u0131ndayd\u0131! G\u00fcm\u00fc\u015f ad\u0131n\u0131 verdi\u011fi bu asilzadenin arkada\u015fl\u0131\u011f\u0131yla ge\u00e7ecek g\u00fcnlerin mutlulu\u011fu yans\u0131yordu y\u00fcz\u00fcne. Derken, bir g\u00fcn G\u00fcm\u00fc\u015f soka\u011f\u0131 tan\u0131d\u0131. Bu, beklenmedik kar\u015f\u0131la\u015fmalar\u0131n ba\u015flang\u0131c\u0131yd\u0131\u2026 \u00d6yk\u00fcleri ve biyografik romanlar\u0131yla sevilen yazar G\u00f6knil Gen\u00e7, hayat\u0131na tan\u0131kl\u0131k etti\u011fi bir kediden yola \u00e7\u0131kt\u0131\u011f\u0131 roman\u0131nda, farkl\u0131 insanlar\u0131 ortak bir \u00f6yk\u00fcde bulu\u015fturuyor. <\/p>\n","protected":false},"excerpt":{"rendered":"<p>Bir cumartesi g\u00fcn\u00fc, kalabal\u0131\u011f\u0131 yeni da\u011f\u0131lan limanda kar\u015f\u0131la\u015ft\u0131lar. G\u00fcliz Han\u0131m onu g\u00f6r\u00fcr g\u00f6rmez anlam\u0131\u015ft\u0131, aylard\u0131r hayalini kurdu\u011fu kedi tam kar\u015f\u0131s\u0131ndayd\u0131! G\u00fcm\u00fc\u015f ad\u0131n\u0131 verdi\u011fi bu asilzadenin arkada\u015fl\u0131\u011f\u0131yla<span class=\"excerpt-hellip\"> [\u2026]<\/span><\/p>\n","protected":false},"featured_media":0,"template":"","meta":{"_monsterinsights_skip_tracking":false,"_monsterinsights_sitenote_active":false,"_monsterinsights_sitenote_note":"","_monsterinsights_sitenote_category":0},"product_brand":[],"product_cat":[12274,12284],"product_tag":[],"class_list":{"0":"post-709997","1":"product","2":"type-product","3":"status-publish","5":"product_cat-cocuk-ve-genclik-kitaplari","6":"product_cat-hikayeler","7":"pa_cilt-ciltsiz","8":"pa_tur-kitap","9":"pa_yayinevi-can-cocuk-yayinlari","10":"pa_yazar-goknil-genc","12":"first","13":"instock","14":"sale","15":"shipping-taxable","16":"purchasable","17":"product-type-simple"},"_links":{"self":[{"href":"https:\/\/roveyayinevi.com.tr\/index.php\/wp-json\/wp\/v2\/product\/709997","targetHints":{"allow":["GET"]}}],"collection":[{"href":"https:\/\/roveyayinevi.com.tr\/index.php\/wp-json\/wp\/v2\/product"}],"about":[{"href":"https:\/\/roveyayinevi.com.tr\/index.php\/wp-json\/wp\/v2\/types\/product"}],"wp:attachment":[{"href":"https:\/\/roveyayinevi.com.tr\/index.php\/wp-json\/wp\/v2\/media?parent=709997"}],"wp:term":[{"taxonomy":"product_brand","embeddable":true,"href":"https:\/\/roveyayinevi.com.tr\/index.php\/wp-json\/wp\/v2\/product_brand?post=709997"},{"taxonomy":"product_cat","embeddable":true,"href":"https:\/\/roveyayinevi.com.tr\/index.php\/wp-json\/wp\/v2\/product_cat?post=709997"},{"taxonomy":"product_tag","embeddable":true,"href":"https:\/\/roveyayinevi.com.tr\/index.php\/wp-json\/wp\/v2\/product_tag?post=709997"}],"curies":[{"name":"wp","href":"https:\/\/api.w.org\/{rel}","templated":true}]}}