{"id":709994,"date":"2025-08-27T16:31:29","date_gmt":"2025-08-27T13:31:29","guid":{"rendered":"https:\/\/roveyayinevi.com.tr\/index.php\/urun\/babam-yerinde-durmuyor\/"},"modified":"2026-04-16T02:18:48","modified_gmt":"2026-04-15T23:18:48","slug":"babam-yerinde-durmuyor","status":"publish","type":"product","link":"https:\/\/roveyayinevi.com.tr\/index.php\/urun\/babam-yerinde-durmuyor\/","title":{"rendered":"Babam Yerinde Durmuyor"},"content":{"rendered":"<p>\u201cHey, bukalemunlar, tapirler, papa\u011fanlar! Yine, yeni, yeniden, sizi g\u00f6rmeye, hayvanat bah\u00e7esine geliyorum! \u201c Flamingolarla hat\u0131ra foto\u011fraf\u0131 \u00e7ektiren ya da penguenleri taklit eden bir baban\u0131z m\u0131 var!? \u0130tiraf etmeliyiz ki bu durum \u00e7ok KOM\u0130K ve bir o kadar da e\u011flenceli. Kim deve taklidi yaparak hayvanat bah\u00e7esinin kap\u0131s\u0131na dek d\u00f6rtnala ko\u015fan bir babas\u0131 olsun istemez ki? Yine de durum o kadar basit de\u011fil. \u00c7\u00fcnk\u00fc baban\u0131z, son derece nazik ve sevecen biri olsa da, onu hayvanat bah\u00e7esine g\u00f6t\u00fcrmeden \u00f6nce bir kere daha d\u00fc\u015f\u00fcn\u00fcn: Bu gezi, d\u00fc\u015f\u00fcnd\u00fc\u011f\u00fcn\u00fcz kadar kolay olmayabilir&#8230; \u00c7ok sevilen Babam Uyumak Bilmiyor kitab\u0131n\u0131n yarat\u0131c\u0131lar\u0131 Coralie Saudo ve Kris Di Giacomo&#8217;dan i\u00e7i i\u00e7ine s\u0131\u011fmayan, yerinde durmak bilmeyen babalara yepyeni bir macera: Babam Yerinde Durmuyor.   Baba ve \u00e7ocuk rollerini tersy\u00fcz ederek k\u00fc\u00e7\u00fck \u00e7ocuklar\u0131n \u00fcstesinden gelmeye zorland\u0131klar\u0131 sab\u0131rs\u0131zl\u0131k, \u0131srarc\u0131l\u0131k, inat\u00e7\u0131l\u0131k gibi duygular\u0131 mizahi bir incelikle irdeleyen bu resimli kitap, muzip \u00f6yk\u00fcs\u00fcyle miniklerin yolunu ayd\u0131nlat\u0131yor.     Z\u0131p z\u0131p hoplayan, bir g\u00f6r\u00fcn\u00fcp bir kaybolan, \u00e7ocuk ruhlu babalar\u0131n pazar g\u00fcn\u00fc e\u011flencesine renk katacak Babam Yerinde Durmuyor, hayvanat bah\u00e7elerindeki sevimli fillere \u015fapkas\u0131n\u0131 kapt\u0131ran t\u00fcm okurlara selam g\u00f6nderiyor\u2026 <\/p>\n","protected":false},"excerpt":{"rendered":"<p>\u201cHey, bukalemunlar, tapirler, papa\u011fanlar! Yine, yeni, yeniden, sizi g\u00f6rmeye, hayvanat bah\u00e7esine geliyorum! \u201c Flamingolarla hat\u0131ra foto\u011fraf\u0131 \u00e7ektiren ya da penguenleri taklit eden bir baban\u0131z m\u0131 var!?<span class=\"excerpt-hellip\"> [\u2026]<\/span><\/p>\n","protected":false},"featured_media":0,"template":"","meta":{"_monsterinsights_skip_tracking":false,"_monsterinsights_sitenote_active":false,"_monsterinsights_sitenote_note":"","_monsterinsights_sitenote_category":0},"product_brand":[],"product_cat":[12274,12284],"product_tag":[],"class_list":{"0":"post-709994","1":"product","2":"type-product","3":"status-publish","5":"product_cat-cocuk-ve-genclik-kitaplari","6":"product_cat-hikayeler","7":"pa_cilt-ciltli","8":"pa_tur-kitap","9":"pa_yayinevi-ucanbalik-yayincilik","10":"pa_yazar-coralie-saudo","12":"first","13":"instock","14":"sale","15":"shipping-taxable","16":"purchasable","17":"product-type-simple"},"_links":{"self":[{"href":"https:\/\/roveyayinevi.com.tr\/index.php\/wp-json\/wp\/v2\/product\/709994","targetHints":{"allow":["GET"]}}],"collection":[{"href":"https:\/\/roveyayinevi.com.tr\/index.php\/wp-json\/wp\/v2\/product"}],"about":[{"href":"https:\/\/roveyayinevi.com.tr\/index.php\/wp-json\/wp\/v2\/types\/product"}],"wp:attachment":[{"href":"https:\/\/roveyayinevi.com.tr\/index.php\/wp-json\/wp\/v2\/media?parent=709994"}],"wp:term":[{"taxonomy":"product_brand","embeddable":true,"href":"https:\/\/roveyayinevi.com.tr\/index.php\/wp-json\/wp\/v2\/product_brand?post=709994"},{"taxonomy":"product_cat","embeddable":true,"href":"https:\/\/roveyayinevi.com.tr\/index.php\/wp-json\/wp\/v2\/product_cat?post=709994"},{"taxonomy":"product_tag","embeddable":true,"href":"https:\/\/roveyayinevi.com.tr\/index.php\/wp-json\/wp\/v2\/product_tag?post=709994"}],"curies":[{"name":"wp","href":"https:\/\/api.w.org\/{rel}","templated":true}]}}