{"id":709958,"date":"2025-08-27T16:31:09","date_gmt":"2025-08-27T13:31:09","guid":{"rendered":"https:\/\/roveyayinevi.com.tr\/index.php\/urun\/partizan-teorisi-siyasal-kavrami-uzerine-bir-arasoz\/"},"modified":"2026-04-16T02:18:47","modified_gmt":"2026-04-15T23:18:47","slug":"partizan-teorisi-siyasal-kavrami-uzerine-bir-arasoz","status":"publish","type":"product","link":"https:\/\/roveyayinevi.com.tr\/index.php\/urun\/partizan-teorisi-siyasal-kavrami-uzerine-bir-arasoz\/","title":{"rendered":"Partizan Teorisi (Siyasal Kavram\u0131 \u00dczerine Bir Aras\u00f6z)"},"content":{"rendered":"<p>D\u00fcnya tarihi, jeo-politik, askeri, siyasi ve toplumsal a\u00e7\u0131lardan yeni bir momente giriyor. Mek\u00e2nsal yeniden yap\u0131lanmalar\u0131n ya\u015fand\u0131\u011f\u0131, toplumsal ve siyasal yap\u0131lar\u0131n sars\u0131ld\u0131\u011f\u0131, askeri-teknik kapasitenin geli\u015fti\u011fi, sava\u015flar \u00fczerindeki devlet tekelinin ortadan kalkt\u0131\u011f\u0131 yeni konfig\u00fcrasyon i\u00e7inde, politika, sava\u015f ve devlet aras\u0131ndaki ili\u015fkileri yeniden d\u00fc\u015f\u00fcnmeye ihtiyac\u0131m\u0131z var. Krizler derinle\u015firken derinlikli ele\u015ftirilere de ihtiya\u00e7 duyuluyor.Yeni d\u00f6nemin politik k\u00fclt\u00fcr\u00fcn\u00fcn \u015fifrelerini \u00e7\u00f6zmek ve krizin tarihsel derinli\u011fini kavramak noktas\u0131nda elinizdeki kitab\u0131n s\u00f6yleyece\u011fi \u00e7ok \u015fey var. Hayat\u0131n\u0131n son d\u00f6nem eserleri aras\u0131nda addedilen bu eserinde Carl Schmitt, yeni sava\u015flar\u0131n, yeni m\u00fccadele tarzlar\u0131n\u0131n, d\u00fcnyan\u0131n i\u00e7ine d\u00fc\u015ft\u00fc\u011f\u00fc sosyo-politik krizlerin, olduk\u00e7a erken say\u0131labilecek bir d\u00f6nemde ele\u015ftirel bir de\u011ferlendirmesini ger\u00e7ekle\u015ftiriyor. Bu nedenle Partizan Teorisi d\u00fcnyada vuku bulan son d\u00f6nemdeki hadiseler kar\u015f\u0131s\u0131nda da bir k\u0131lavuz niteli\u011finde. <\/p>\n","protected":false},"excerpt":{"rendered":"<p>D\u00fcnya tarihi, jeo-politik, askeri, siyasi ve toplumsal a\u00e7\u0131lardan yeni bir momente giriyor. Mek\u00e2nsal yeniden yap\u0131lanmalar\u0131n ya\u015fand\u0131\u011f\u0131, toplumsal ve siyasal yap\u0131lar\u0131n sars\u0131ld\u0131\u011f\u0131, askeri-teknik kapasitenin geli\u015fti\u011fi, sava\u015flar \u00fczerindeki<span class=\"excerpt-hellip\"> [\u2026]<\/span><\/p>\n","protected":false},"featured_media":0,"template":"","meta":{"_monsterinsights_skip_tracking":false,"_monsterinsights_sitenote_active":false,"_monsterinsights_sitenote_note":"","_monsterinsights_sitenote_category":0},"product_brand":[],"product_cat":[12338,12337],"product_tag":[],"class_list":{"0":"post-709958","1":"product","2":"type-product","3":"status-publish","5":"product_cat-dunya-siyaseti-ve-politikasi","6":"product_cat-politika-siyaset","7":"pa_cilt-ciltsiz","8":"pa_tur-kitap","9":"pa_yayinevi-nika-yayinevi","10":"pa_yazar-carl-schmitt","12":"first","13":"instock","14":"sale","15":"shipping-taxable","16":"purchasable","17":"product-type-simple"},"_links":{"self":[{"href":"https:\/\/roveyayinevi.com.tr\/index.php\/wp-json\/wp\/v2\/product\/709958","targetHints":{"allow":["GET"]}}],"collection":[{"href":"https:\/\/roveyayinevi.com.tr\/index.php\/wp-json\/wp\/v2\/product"}],"about":[{"href":"https:\/\/roveyayinevi.com.tr\/index.php\/wp-json\/wp\/v2\/types\/product"}],"wp:attachment":[{"href":"https:\/\/roveyayinevi.com.tr\/index.php\/wp-json\/wp\/v2\/media?parent=709958"}],"wp:term":[{"taxonomy":"product_brand","embeddable":true,"href":"https:\/\/roveyayinevi.com.tr\/index.php\/wp-json\/wp\/v2\/product_brand?post=709958"},{"taxonomy":"product_cat","embeddable":true,"href":"https:\/\/roveyayinevi.com.tr\/index.php\/wp-json\/wp\/v2\/product_cat?post=709958"},{"taxonomy":"product_tag","embeddable":true,"href":"https:\/\/roveyayinevi.com.tr\/index.php\/wp-json\/wp\/v2\/product_tag?post=709958"}],"curies":[{"name":"wp","href":"https:\/\/api.w.org\/{rel}","templated":true}]}}

Partizan Teorisi (Siyasal Kavramı Üzerine Bir Arasöz)

<p>Dünya tarihi, jeo-politik, askeri, siyasi ve toplumsal açılardan yeni bir momente giriyor. Mekânsal yeniden yapılanmaların yaşandığı, toplumsal ve siyasal yapıların sarsıldığı, askeri-teknik kapasitenin geliştiği, savaşlar üzerindeki devlet tekelinin ortadan kalktığı yeni konfigürasyon içinde, politika, savaş ve devlet arasındaki ilişkileri yeniden düşünmeye ihtiyacımız var. Krizler derinleşirken derinlikli eleştirilere de ihtiyaç duyuluyor.Yeni dönemin politik kültürünün şifrelerini çözmek ve krizin tarihsel derinliğini kavramak noktasında elinizdeki kitabın söyleyeceği çok şey var. Hayatının son dönem eserleri arasında addedilen bu eserinde Carl Schmitt, yeni savaşların, yeni mücadele tarzlarının, dünyanın içine düştüğü sosyo-politik krizlerin, oldukça erken sayılabilecek bir dönemde eleştirel bir değerlendirmesini gerçekleştiriyor. Bu nedenle Partizan Teorisi dünyada vuku bulan son dönemdeki hadiseler karşısında da bir kılavuz niteliğinde. </p>

<p>Dünya tarihi, jeo-politik, askeri, siyasi ve toplumsal açılardan yeni bir momente giriyor. Mekânsal yeniden yapılanmaların yaşandığı, toplumsal ve siyasal yapıların sarsıldığı, askeri-teknik kapasitenin geliştiği, savaşlar üzerindeki<span class="excerpt-hellip"> […]</span></p>
