{"id":709955,"date":"2025-08-27T16:31:07","date_gmt":"2025-08-27T13:31:07","guid":{"rendered":"https:\/\/roveyayinevi.com.tr\/index.php\/urun\/isletmelerde-muhasebe-hata-ve-hilelerinin-onlenmesinde-kurumsal-kaynak-planlamasi-sisteminin-kullanimi\/"},"modified":"2026-04-16T02:18:47","modified_gmt":"2026-04-15T23:18:47","slug":"isletmelerde-muhasebe-hata-ve-hilelerinin-onlenmesinde-kurumsal-kaynak-planlamasi-sisteminin-kullanimi","status":"publish","type":"product","link":"https:\/\/roveyayinevi.com.tr\/index.php\/urun\/isletmelerde-muhasebe-hata-ve-hilelerinin-onlenmesinde-kurumsal-kaynak-planlamasi-sisteminin-kullanimi\/","title":{"rendered":"\u0130\u015fletmelerde Muhasebe Hata ve Hilelerinin \u00d6nlenmesinde Kurumsal Kaynak Planlamas\u0131 Sisteminin Kullan\u0131m\u0131"},"content":{"rendered":"<p>\u0130\u00e7indekiler 1-Giri\u015f 2- Muhasebe Sisteminde hata ve hile ile ilgili genel bilgiler 3- \u0130\u00e7 Kontrol sistemi ve muhasebe hileleri ili\u015fkisi 4- \u0130\u015fletmelerde Hata ve Hilelerin \u00f6nlenmesinde i\u00e7 kontrol sistemi arac\u0131 olarak KKP sistemi kullan\u0131m\u0131n\u0131n etkisi 5-Kurumsal Kaynak Planlamas\u0131 Sistemi Kullan\u0131lan firmada \u00f6rnek uygulama <\/p>\n","protected":false},"excerpt":{"rendered":"<p>\u0130\u00e7indekiler 1-Giri\u015f 2- Muhasebe Sisteminde hata ve hile ile ilgili genel bilgiler 3- \u0130\u00e7 Kontrol sistemi ve muhasebe hileleri ili\u015fkisi 4- \u0130\u015fletmelerde Hata ve Hilelerin \u00f6nlenmesinde<span class=\"excerpt-hellip\"> [\u2026]<\/span><\/p>\n","protected":false},"featured_media":0,"template":"","meta":{"_monsterinsights_skip_tracking":false,"_monsterinsights_sitenote_active":false,"_monsterinsights_sitenote_note":"","_monsterinsights_sitenote_category":0},"product_brand":[],"product_cat":[12573,12566],"product_tag":[],"class_list":{"0":"post-709955","1":"product","2":"type-product","3":"status-publish","5":"product_cat-akademik-kitaplar","6":"product_cat-egitim","7":"pa_cilt-ciltsiz","8":"pa_tur-kitap","9":"pa_yayinevi-gazi-kitabevi","10":"pa_yazar-mujder-alptekin","12":"first","13":"instock","14":"sale","15":"shipping-taxable","16":"purchasable","17":"product-type-simple"},"_links":{"self":[{"href":"https:\/\/roveyayinevi.com.tr\/index.php\/wp-json\/wp\/v2\/product\/709955","targetHints":{"allow":["GET"]}}],"collection":[{"href":"https:\/\/roveyayinevi.com.tr\/index.php\/wp-json\/wp\/v2\/product"}],"about":[{"href":"https:\/\/roveyayinevi.com.tr\/index.php\/wp-json\/wp\/v2\/types\/product"}],"wp:attachment":[{"href":"https:\/\/roveyayinevi.com.tr\/index.php\/wp-json\/wp\/v2\/media?parent=709955"}],"wp:term":[{"taxonomy":"product_brand","embeddable":true,"href":"https:\/\/roveyayinevi.com.tr\/index.php\/wp-json\/wp\/v2\/product_brand?post=709955"},{"taxonomy":"product_cat","embeddable":true,"href":"https:\/\/roveyayinevi.com.tr\/index.php\/wp-json\/wp\/v2\/product_cat?post=709955"},{"taxonomy":"product_tag","embeddable":true,"href":"https:\/\/roveyayinevi.com.tr\/index.php\/wp-json\/wp\/v2\/product_tag?post=709955"}],"curies":[{"name":"wp","href":"https:\/\/api.w.org\/{rel}","templated":true}]}}