{"id":709951,"date":"2025-08-27T16:31:05","date_gmt":"2025-08-27T13:31:05","guid":{"rendered":"https:\/\/roveyayinevi.com.tr\/index.php\/urun\/elia-ile-yolculuk\/"},"modified":"2026-04-16T02:18:47","modified_gmt":"2026-04-15T23:18:47","slug":"elia-ile-yolculuk","status":"publish","type":"product","link":"https:\/\/roveyayinevi.com.tr\/index.php\/urun\/elia-ile-yolculuk\/","title":{"rendered":"Elia \u0130le Yolculuk"},"content":{"rendered":"<p>D\u00fcnyaca \u00fcnl\u00fc sinema ustas\u0131 ve yazar Elia Kazan, kendini bir Amerikal\u0131 ya da Yunan gibi de\u011fil, bir Anadolulu gibi hissederdi. Pek \u00e7ok oyuncuyu da birlikte \u00e7al\u0131\u015fmaya &#8220;Anadolu g\u00fcl\u00fc\u015f\u00fc&#8221; dedi\u011fi yetenekle ikna ederdi.Bu yetenek onu, hayat\u0131 boyunca ta\u015f\u0131yaca\u011f\u0131 &#8220;i\u015fbirlik\u00e7i&#8221; etiketinden kurtaramad\u0131. McCarthy d\u00f6nemindeki hatalar\u0131, onu \u00f6m\u00fcr boyu kovalad\u0131. \u00dc\u00e7\u00fcnc\u00fc Oscar\u2019\u0131n\u0131 bile \u00fcz\u00fcnt\u00fcyle kald\u0131ran Kazan, belki biraz avunmak ve ar\u0131nmak i\u00e7in annesinin dizlerine ko\u015fan bir \u00e7ocuk gibi, memleketiKayseri&#8217;nin yollar\u0131na d\u00fc\u015ft\u00fc. Kaderini bilen ama \u00f6lmeden \u00f6nce ona kar\u015f\u0131 m\u00fccadele eden bir Yunan trajedi kahraman\u0131 gibi.Kadim Anadolu, bamba\u015fka ilkelere sahip, farkl\u0131 deneyimler ya\u015fam\u0131\u015f iki insan\u0131, Z\u00fclf\u00fc Livaneli ve Elia Kazan&#8217;\u0131 belki de tek ortak yolculuklar\u0131na \u00e7\u0131karmay\u0131 ba\u015fard\u0131.Livaneli&#8217;nin b\u00fcy\u00fcl\u00fc sat\u0131rlar\u0131ndan okuyaca\u011f\u0131m\u0131z bu s\u0131ra d\u0131\u015f\u0131 yolculu\u011fu, M.K. Perker&#8217;in muhte\u015fem \u00e7izgileriyle izleyece\u011fiz.<\/p>\n","protected":false},"excerpt":{"rendered":"<p>D\u00fcnyaca \u00fcnl\u00fc sinema ustas\u0131 ve yazar Elia Kazan, kendini bir Amerikal\u0131 ya da Yunan gibi de\u011fil, bir Anadolulu gibi hissederdi. Pek \u00e7ok oyuncuyu da birlikte \u00e7al\u0131\u015fmaya<span class=\"excerpt-hellip\"> [\u2026]<\/span><\/p>\n","protected":false},"featured_media":0,"template":"","meta":{"_monsterinsights_skip_tracking":false,"_monsterinsights_sitenote_active":false,"_monsterinsights_sitenote_note":"","_monsterinsights_sitenote_category":0},"product_brand":[],"product_cat":[13701,12291],"product_tag":[],"class_list":{"0":"post-709951","1":"product","2":"type-product","3":"status-publish","5":"product_cat-ani-mektup-gunluk","6":"product_cat-edebiyat","7":"pa_cilt-ciltsiz","8":"pa_tur-kitap","9":"pa_yayinevi-kara-karga-yayinlari","10":"pa_yazar-zulfu-livaneli","12":"first","13":"instock","14":"sale","15":"shipping-taxable","16":"purchasable","17":"product-type-simple"},"_links":{"self":[{"href":"https:\/\/roveyayinevi.com.tr\/index.php\/wp-json\/wp\/v2\/product\/709951","targetHints":{"allow":["GET"]}}],"collection":[{"href":"https:\/\/roveyayinevi.com.tr\/index.php\/wp-json\/wp\/v2\/product"}],"about":[{"href":"https:\/\/roveyayinevi.com.tr\/index.php\/wp-json\/wp\/v2\/types\/product"}],"wp:attachment":[{"href":"https:\/\/roveyayinevi.com.tr\/index.php\/wp-json\/wp\/v2\/media?parent=709951"}],"wp:term":[{"taxonomy":"product_brand","embeddable":true,"href":"https:\/\/roveyayinevi.com.tr\/index.php\/wp-json\/wp\/v2\/product_brand?post=709951"},{"taxonomy":"product_cat","embeddable":true,"href":"https:\/\/roveyayinevi.com.tr\/index.php\/wp-json\/wp\/v2\/product_cat?post=709951"},{"taxonomy":"product_tag","embeddable":true,"href":"https:\/\/roveyayinevi.com.tr\/index.php\/wp-json\/wp\/v2\/product_tag?post=709951"}],"curies":[{"name":"wp","href":"https:\/\/api.w.org\/{rel}","templated":true}]}}