{"id":709950,"date":"2025-08-27T16:31:05","date_gmt":"2025-08-27T13:31:05","guid":{"rendered":"https:\/\/roveyayinevi.com.tr\/index.php\/urun\/ait\/"},"modified":"2026-04-16T02:18:47","modified_gmt":"2026-04-15T23:18:47","slug":"ait","status":"publish","type":"product","link":"https:\/\/roveyayinevi.com.tr\/index.php\/urun\/ait\/","title":{"rendered":"Ait"},"content":{"rendered":"<p>D\u00fcnya\u2019n\u0131n sosyal bilimler birikimini, T\u00fcrkiye\u2019nin i\u015f ve hayat ger\u00e7e\u011fini yorumlamak i\u00e7in kullan\u0131r. \u00c7al\u0131\u015fan, mesai yapan, emek harcayan fakat bir yandan da i\u015f hayat\u0131nda anlam arayan \u015fehirli insan\u0131n hayat\u0131n\u0131 ve davran\u0131\u015flar\u0131n\u0131 ke\u015ffeder. En \u00f6nemlisi; Ait Olma \u0130htiyac\u0131\u2019n\u0131n ve ona ba\u011fl\u0131 endi\u015felerin, hem g\u00fcndelik hem de ya\u015famsal kararlarda ne kadar b\u00fcy\u00fck bir \u015fekillendirici oldu\u011fu konusunda fark\u0131ndal\u0131k yarat\u0131r.Maslow\u2019un \u0130htiya\u00e7lar Piramidi Neden Yanl\u0131\u015f?Adam gibi Adam, Kad\u0131n gibi Kad\u0131n Olmay\u0131nca Ne Oluyor?Futbol Tak\u0131mlar\u0131 ve Taraftar Aidiyeti Neden Bu Kadar \u00d6nemli?Markalar ve Pazarlama Taktikleri Aitlik Duygusunu Nas\u0131l Kullan\u0131yor?Hem\u015ferilik Olmadan \u015eehirlilik Neden Olmaz?\u201cKurumsal Aile\u201d Olur mu; \u0130\u015f Hayat\u0131nda Aidiyet ve Anlam Aray\u0131\u015f\u0131 Neden Kesi\u015fir?Millet, Din, \u0130deoloji, E\u011fitim, Do\u011fa ve Dijitalle\u015fmenin Ortak Paydas\u0131 Ne? <\/p>\n","protected":false},"excerpt":{"rendered":"<p>D\u00fcnya\u2019n\u0131n sosyal bilimler birikimini, T\u00fcrkiye\u2019nin i\u015f ve hayat ger\u00e7e\u011fini yorumlamak i\u00e7in kullan\u0131r. \u00c7al\u0131\u015fan, mesai yapan, emek harcayan fakat bir yandan da i\u015f hayat\u0131nda anlam arayan \u015fehirli<span class=\"excerpt-hellip\"> [\u2026]<\/span><\/p>\n","protected":false},"featured_media":0,"template":"","meta":{"_monsterinsights_skip_tracking":false,"_monsterinsights_sitenote_active":false,"_monsterinsights_sitenote_note":"","_monsterinsights_sitenote_category":0},"product_brand":[],"product_cat":[12364,12376],"product_tag":[],"class_list":{"0":"post-709950","1":"product","2":"type-product","3":"status-publish","5":"product_cat-genel-konular","6":"product_cat-kisisel-gelisim","7":"pa_cilt-ciltsiz","8":"pa_tur-kitap","9":"pa_yayinevi-abakus-kitap","10":"pa_yazar-komisyon","12":"first","13":"instock","14":"sale","15":"shipping-taxable","16":"purchasable","17":"product-type-simple"},"_links":{"self":[{"href":"https:\/\/roveyayinevi.com.tr\/index.php\/wp-json\/wp\/v2\/product\/709950","targetHints":{"allow":["GET"]}}],"collection":[{"href":"https:\/\/roveyayinevi.com.tr\/index.php\/wp-json\/wp\/v2\/product"}],"about":[{"href":"https:\/\/roveyayinevi.com.tr\/index.php\/wp-json\/wp\/v2\/types\/product"}],"wp:attachment":[{"href":"https:\/\/roveyayinevi.com.tr\/index.php\/wp-json\/wp\/v2\/media?parent=709950"}],"wp:term":[{"taxonomy":"product_brand","embeddable":true,"href":"https:\/\/roveyayinevi.com.tr\/index.php\/wp-json\/wp\/v2\/product_brand?post=709950"},{"taxonomy":"product_cat","embeddable":true,"href":"https:\/\/roveyayinevi.com.tr\/index.php\/wp-json\/wp\/v2\/product_cat?post=709950"},{"taxonomy":"product_tag","embeddable":true,"href":"https:\/\/roveyayinevi.com.tr\/index.php\/wp-json\/wp\/v2\/product_tag?post=709950"}],"curies":[{"name":"wp","href":"https:\/\/api.w.org\/{rel}","templated":true}]}}