{"id":709940,"date":"2025-08-27T16:31:00","date_gmt":"2025-08-27T13:31:00","guid":{"rendered":"https:\/\/roveyayinevi.com.tr\/index.php\/urun\/doganin-kesfi-alexander-von-humboldtun-yeni-dunyasi\/"},"modified":"2026-04-16T02:18:47","modified_gmt":"2026-04-15T23:18:47","slug":"doganin-kesfi-alexander-von-humboldtun-yeni-dunyasi","status":"publish","type":"product","link":"https:\/\/roveyayinevi.com.tr\/index.php\/urun\/doganin-kesfi-alexander-von-humboldtun-yeni-dunyasi\/","title":{"rendered":"Do\u011fan\u0131n Ke\u015ffi &#8211; Alexander von Humboldt\u2019un Yeni Du\u0308nyas\u0131"},"content":{"rendered":"<p>\u00c7a\u011fda\u015flar\u0131 taraf\u0131ndan Napoleon\u2019dan sonraki en \u00fcnl\u00fc ki\u015fi olarak tan\u0131mlanan Humboldt, zaman\u0131n\u0131n en b\u00fcy\u00fcleyici ve ilham verici insanlar\u0131ndan biridir. Varl\u0131kl\u0131 bir ailenin \u00e7ocu\u011fu olarak do\u011fan Humboldt kendi ba\u015f\u0131na D\u00fcnya\u2019n\u0131n nas\u0131l i\u015fledi\u011fini ke\u015ffetmek i\u00e7in ayr\u0131cal\u0131kl\u0131 bir ya\u015famdan vazge\u00e7er. Thomas Jefferson onu \u201czaman\u0131n en b\u00fcy\u00fck de\u011ferlerinden biri\u201d olarak tan\u0131mlar. Charles Darwin \u201cHumboldt\u2019un Ki\u015fisel Anlat\u0131s\u0131n\u0131 okumak kadar hi\u00e7bir \u015fey benim gayretimi kam\u00e7\u0131lamam\u0131\u015ft\u0131\u201d diye yazar; Humboldt olmadan ne Beagle\u2019a binebilece\u011fini ne de T\u00fcrlerin K\u00f6keni\u2019ni tasavvur edebilece\u011fini s\u00f6yler. William Wordsworth\u2019la Samuel Taylor Coleridge\u2019in ikisi de \u015fiirlerine Humboldt\u2019un do\u011fa kavram\u0131n\u0131 katm\u0131\u015flard\u0131r. G\u00fcney Amerika\u2019y\u0131 \u0130spanyol s\u00f6m\u00fcrge y\u00f6netiminden kurtaran devrimci Simon Bolivar, Humboldt\u2019u \u201cYeni D\u00fcnya\u2019n\u0131n k\u00e2\u015fifi\u201d diye nitelendirir. Almanya\u2019n\u0131n b\u00fcy\u00fck \u015fairi Goethe, Humboldt\u2019la birka\u00e7 g\u00fcn ge\u00e7irmenin \u201cbir\u00e7ok y\u0131l ya\u015fam\u0131\u015f gibi\u201d oldu\u011funu dile getirir. Do\u011fan\u0131n Ke\u015ffi Alexander von Humboldt gibi b\u00fcy\u00fck bir bilim insan\u0131n\u0131 tan\u0131man\u0131n yan\u0131 s\u0131ra, \u00e7a\u011fda\u015f do\u011fa ve t\u00fcrlerin ili\u015fkiselli\u011fi a\u00e7\u0131s\u0131ndan g\u00fcn\u00fcm\u00fcz do\u011fa anlay\u0131\u015f\u0131na da \u0131\u015f\u0131k tutmaktad\u0131r. New York Times taraf\u0131ndan 2015 y\u0131l\u0131n\u0131n en iyi on kitab\u0131 aras\u0131nda say\u0131lan Do\u011fan\u0131n Ke\u015ffi, 23 \u00fclkede yay\u0131mland\u0131. Royal Society Bilim Kitab\u0131 \u00d6d\u00fcl\u00fc 2016, Costa Biyografi \u00d6d\u00fcl\u00fc 2015, Inaugural James Wright Do\u011fa Yaz\u0131lar\u0131 \u00d6d\u00fcl\u00fc 2016,  LA Times Kitap \u00d6d\u00fcl\u00fc 2016 ve Kraliyet Co\u011frafya Toplulu\u011fu\u2019ndan Ness Award 2016 \u00f6d\u00fcllerini alm\u0131\u015ft\u0131r.<\/p>\n","protected":false},"excerpt":{"rendered":"<p>\u00c7a\u011fda\u015flar\u0131 taraf\u0131ndan Napoleon\u2019dan sonraki en \u00fcnl\u00fc ki\u015fi olarak tan\u0131mlanan Humboldt, zaman\u0131n\u0131n en b\u00fcy\u00fcleyici ve ilham verici insanlar\u0131ndan biridir. Varl\u0131kl\u0131 bir ailenin \u00e7ocu\u011fu olarak do\u011fan Humboldt kendi<span class=\"excerpt-hellip\"> [\u2026]<\/span><\/p>\n","protected":false},"featured_media":0,"template":"","meta":{"_monsterinsights_skip_tracking":false,"_monsterinsights_sitenote_active":false,"_monsterinsights_sitenote_note":"","_monsterinsights_sitenote_category":0},"product_brand":[],"product_cat":[13005,13010],"product_tag":[],"class_list":{"0":"post-709940","1":"product","2":"type-product","3":"status-publish","5":"product_cat-bilim-muhendislik","6":"product_cat-doga-bilimleri","7":"pa_cilt-ciltsiz","8":"pa_tur-kitap","9":"pa_yayinevi-ayrinti-yayinlari","10":"pa_yazar-andrea-wulf","12":"first","13":"instock","14":"sale","15":"shipping-taxable","16":"purchasable","17":"product-type-simple"},"_links":{"self":[{"href":"https:\/\/roveyayinevi.com.tr\/index.php\/wp-json\/wp\/v2\/product\/709940","targetHints":{"allow":["GET"]}}],"collection":[{"href":"https:\/\/roveyayinevi.com.tr\/index.php\/wp-json\/wp\/v2\/product"}],"about":[{"href":"https:\/\/roveyayinevi.com.tr\/index.php\/wp-json\/wp\/v2\/types\/product"}],"wp:attachment":[{"href":"https:\/\/roveyayinevi.com.tr\/index.php\/wp-json\/wp\/v2\/media?parent=709940"}],"wp:term":[{"taxonomy":"product_brand","embeddable":true,"href":"https:\/\/roveyayinevi.com.tr\/index.php\/wp-json\/wp\/v2\/product_brand?post=709940"},{"taxonomy":"product_cat","embeddable":true,"href":"https:\/\/roveyayinevi.com.tr\/index.php\/wp-json\/wp\/v2\/product_cat?post=709940"},{"taxonomy":"product_tag","embeddable":true,"href":"https:\/\/roveyayinevi.com.tr\/index.php\/wp-json\/wp\/v2\/product_tag?post=709940"}],"curies":[{"name":"wp","href":"https:\/\/api.w.org\/{rel}","templated":true}]}}