{"id":709907,"date":"2025-08-27T16:30:41","date_gmt":"2025-08-27T13:30:41","guid":{"rendered":"https:\/\/roveyayinevi.com.tr\/index.php\/urun\/bulut-delisi\/"},"modified":"2026-04-08T02:24:22","modified_gmt":"2026-04-07T23:24:22","slug":"bulut-delisi","status":"publish","type":"product","link":"https:\/\/roveyayinevi.com.tr\/index.php\/urun\/bulut-delisi\/","title":{"rendered":"Bulut Delisi"},"content":{"rendered":"<p>\u00c7ocuksu hayaller g\u00f6ky\u00fcz\u00fcne dokunur!Leylek Havada ve Hayal K\u0131z adl\u0131 kitaplar\u0131yla sevilen, \u00f6d\u00fcll\u00fc yazar Leyla Ruhan Okyay, son kitab\u0131nda, \u00e7ocuklar\u0131n kurdu\u011fu her hayalin bir yolculuk oldu\u011funu duyumsat\u0131yor. Kalplere dokunan, bulutlarla ha\u015f\u0131r ne\u015fir bir hik\u00e2ye anlatan yazar, ge\u00e7mi\u015fin ac\u0131 izlerini renkli d\u00fc\u015flerle ve dostluk ba\u011flar\u0131yla siliyor. Zengin temalar\u0131 ve ger\u00e7ek\u00e7i karakterleriyle dayan\u0131\u015fmay\u0131 ve sevgiyi y\u00fccelten roman, arkada\u015fl\u0131\u011f\u0131n, payla\u015fman\u0131n, elbirli\u011fi etmenin ya\u015famsal \u00f6nemini hat\u0131rlat\u0131yor. An\u0131larla dolu bir tren yolculu\u011fuyla okurlar\u0131n\u0131 Kars&#8217;a kadar g\u00f6t\u00fcren bu umut dolu kitap, gen\u00e7 ill\u00fcstrat\u00f6r Merve At\u0131lgan&#8217;\u0131n desenleriyle renkleniyor. \u00c7a\u011fla, bulutlara sevdal\u0131, ne\u015feli bir \u00e7ocuktur. S\u0131k s\u0131k g\u00f6ky\u00fcz\u00fcndeki bulutlara bak\u0131p d\u00fc\u015fsel oyunlar kurar. Kars&#8217;a yap\u0131lacak okul gezisini duyduklar\u0131nda, b\u00fct\u00fcn s\u0131n\u0131f \u00e7ok heyecanlan\u0131r. Hem trene hem de u\u00e7a\u011fa bineceklerdir! Ancak, Azad&#8217;\u0131n geziye gelemeyece\u011fini \u00f6\u011frenince \u00e7ok \u00fcz\u00fcl\u00fcrler. Neyse ki, okulda d\u00fczenlenen \u00f6yk\u00fc yar\u0131\u015fmas\u0131n\u0131n birincisi geziyle \u00f6d\u00fcllendirilecektir. Acaba, Azad&#8217;\u0131n k\u00e2\u011f\u0131d\u0131na d\u00f6k\u00fclen hik\u00e2ye, onlar\u0131 hep birlikte bulutlar\u0131n \u00fczerine \u00e7\u0131karacak m\u0131d\u0131r?..<\/p>\n","protected":false},"excerpt":{"rendered":"<p>\u00c7ocuksu hayaller g\u00f6ky\u00fcz\u00fcne dokunur!Leylek Havada ve Hayal K\u0131z adl\u0131 kitaplar\u0131yla sevilen, \u00f6d\u00fcll\u00fc yazar Leyla Ruhan Okyay, son kitab\u0131nda, \u00e7ocuklar\u0131n kurdu\u011fu her hayalin bir yolculuk oldu\u011funu duyumsat\u0131yor.<span class=\"excerpt-hellip\"> [\u2026]<\/span><\/p>\n","protected":false},"featured_media":0,"template":"","meta":{"_monsterinsights_skip_tracking":false,"_monsterinsights_sitenote_active":false,"_monsterinsights_sitenote_note":"","_monsterinsights_sitenote_category":0},"product_brand":[],"product_cat":[12274,12284],"product_tag":[],"class_list":{"0":"post-709907","1":"product","2":"type-product","3":"status-publish","5":"product_cat-cocuk-ve-genclik-kitaplari","6":"product_cat-hikayeler","7":"pa_cilt-ciltsiz","8":"pa_tur-kitap","9":"pa_yayinevi-gunisigi-kitapligi","10":"pa_yazar-leyla-ruhan-okyay","12":"first","13":"instock","14":"sale","15":"shipping-taxable","16":"purchasable","17":"product-type-simple"},"_links":{"self":[{"href":"https:\/\/roveyayinevi.com.tr\/index.php\/wp-json\/wp\/v2\/product\/709907","targetHints":{"allow":["GET"]}}],"collection":[{"href":"https:\/\/roveyayinevi.com.tr\/index.php\/wp-json\/wp\/v2\/product"}],"about":[{"href":"https:\/\/roveyayinevi.com.tr\/index.php\/wp-json\/wp\/v2\/types\/product"}],"wp:attachment":[{"href":"https:\/\/roveyayinevi.com.tr\/index.php\/wp-json\/wp\/v2\/media?parent=709907"}],"wp:term":[{"taxonomy":"product_brand","embeddable":true,"href":"https:\/\/roveyayinevi.com.tr\/index.php\/wp-json\/wp\/v2\/product_brand?post=709907"},{"taxonomy":"product_cat","embeddable":true,"href":"https:\/\/roveyayinevi.com.tr\/index.php\/wp-json\/wp\/v2\/product_cat?post=709907"},{"taxonomy":"product_tag","embeddable":true,"href":"https:\/\/roveyayinevi.com.tr\/index.php\/wp-json\/wp\/v2\/product_tag?post=709907"}],"curies":[{"name":"wp","href":"https:\/\/api.w.org\/{rel}","templated":true}]}}