{"id":709904,"date":"2025-08-27T16:30:40","date_gmt":"2025-08-27T13:30:40","guid":{"rendered":"https:\/\/roveyayinevi.com.tr\/index.php\/urun\/kagidin-sihirli-dunyasi-2-kagit-katlama-aktiviteleri\/"},"modified":"2026-04-16T02:18:46","modified_gmt":"2026-04-15T23:18:46","slug":"kagidin-sihirli-dunyasi-2-kagit-katlama-aktiviteleri","status":"publish","type":"product","link":"https:\/\/roveyayinevi.com.tr\/index.php\/urun\/kagidin-sihirli-dunyasi-2-kagit-katlama-aktiviteleri\/","title":{"rendered":"Ka\u011f\u0131d\u0131n Sihirli D\u00fcnyas\u0131 2 (Ka\u011f\u0131t Katlama Aktiviteleri)"},"content":{"rendered":"<p>Kalp \u015feklinde bir zarf, \u00fcrk\u00fct\u00fcc\u00fc bir \u00f6r\u00fcmcek a\u011f\u0131, \u00fczerinde isminizin yazd\u0131\u011f\u0131 bir elma, k\u00e2\u011f\u0131ttan bir a\u011fa\u00e7&#8230; Basit bir dille anlat\u0131lan a\u00e7\u0131klamalar\u0131 oku; renkli, desenli k\u00e2\u011f\u0131tlar\u0131 kullan; birbirinden yarat\u0131c\u0131 10 farkl\u0131 fikri hayal g\u00fcc\u00fcn\u00fc de katarak hayata ge\u00e7ir! \ufffcTan\u0131t\u0131m Metni<\/p>\n","protected":false},"excerpt":{"rendered":"<p>Kalp \u015feklinde bir zarf, \u00fcrk\u00fct\u00fcc\u00fc bir \u00f6r\u00fcmcek a\u011f\u0131, \u00fczerinde isminizin yazd\u0131\u011f\u0131 bir elma, k\u00e2\u011f\u0131ttan bir a\u011fa\u00e7&#8230; Basit bir dille anlat\u0131lan a\u00e7\u0131klamalar\u0131 oku; renkli, desenli k\u00e2\u011f\u0131tlar\u0131 kullan;<span class=\"excerpt-hellip\"> [\u2026]<\/span><\/p>\n","protected":false},"featured_media":0,"template":"","meta":{"_monsterinsights_skip_tracking":false,"_monsterinsights_sitenote_active":false,"_monsterinsights_sitenote_note":"","_monsterinsights_sitenote_category":0},"product_brand":[],"product_cat":[12274,17859],"product_tag":[],"class_list":{"0":"post-709904","1":"product","2":"type-product","3":"status-publish","5":"product_cat-cocuk-ve-genclik-kitaplari","6":"product_cat-oyun-kitaplari","7":"pa_cilt-ciltsiz","8":"pa_tur-kitap","9":"pa_yayinevi-pia-cocuk-yayinlari","10":"pa_yazar-komisyon","12":"first","13":"instock","14":"sale","15":"shipping-taxable","16":"purchasable","17":"product-type-simple"},"_links":{"self":[{"href":"https:\/\/roveyayinevi.com.tr\/index.php\/wp-json\/wp\/v2\/product\/709904","targetHints":{"allow":["GET"]}}],"collection":[{"href":"https:\/\/roveyayinevi.com.tr\/index.php\/wp-json\/wp\/v2\/product"}],"about":[{"href":"https:\/\/roveyayinevi.com.tr\/index.php\/wp-json\/wp\/v2\/types\/product"}],"wp:attachment":[{"href":"https:\/\/roveyayinevi.com.tr\/index.php\/wp-json\/wp\/v2\/media?parent=709904"}],"wp:term":[{"taxonomy":"product_brand","embeddable":true,"href":"https:\/\/roveyayinevi.com.tr\/index.php\/wp-json\/wp\/v2\/product_brand?post=709904"},{"taxonomy":"product_cat","embeddable":true,"href":"https:\/\/roveyayinevi.com.tr\/index.php\/wp-json\/wp\/v2\/product_cat?post=709904"},{"taxonomy":"product_tag","embeddable":true,"href":"https:\/\/roveyayinevi.com.tr\/index.php\/wp-json\/wp\/v2\/product_tag?post=709904"}],"curies":[{"name":"wp","href":"https:\/\/api.w.org\/{rel}","templated":true}]}}