{"id":709879,"date":"2025-08-27T16:30:27","date_gmt":"2025-08-27T13:30:27","guid":{"rendered":"https:\/\/roveyayinevi.com.tr\/index.php\/urun\/naftalin-bozulmussa\/"},"modified":"2026-04-16T02:18:45","modified_gmt":"2026-04-15T23:18:45","slug":"naftalin-bozulmussa","status":"publish","type":"product","link":"https:\/\/roveyayinevi.com.tr\/index.php\/urun\/naftalin-bozulmussa\/","title":{"rendered":"Naftalin Bozulmu\u015fsa"},"content":{"rendered":"<p>Bir yakada BEN di\u011fer yakada KEND\u0130M, ne azg\u0131n ne durgun, belki biraz keyfi, belki biraz inad\u0131na, kesintisiz akan bir \u201cdere\u201d yata\u011f\u0131nda, m\u0131r\u0131l m\u0131r\u0131l m\u0131r\u0131ldan\u0131yor M\u00fcjdat Gezen. Daldan dala konarak, k\u00e2h g\u00fcncelin efk\u00e2r\u0131, k\u00e2h ge\u00e7mi\u015fin ac\u0131 tatl\u0131 hat\u0131ras\u0131yla, akl\u0131na ve \u201ca\u011fz\u0131na\u201d geleni, sak\u0131nmadan, b\u00fckmeden ama be\u015fer oldu\u011funu da unutmadan, m\u00fcdanas\u0131z oldu\u011fu kadar zarif de bir dille k\u00e2\u011f\u0131da d\u00f6k\u00fcyor. Bu kitap ayn\u0131 zamanda o malum \u201cAPTAL\u201d davas\u0131na ili\u015fkin tutanaklar\u0131yla tarihe d\u00fc\u015f\u00fclm\u00fc\u015f bir kay\u0131t niteli\u011fi ta\u015f\u0131yor.  \u201c\u2018Kabahat bende\u2019 g\u00fczel bir kurtulu\u015f yoludur. Ama bu defa bunu demeyece\u011fim. Belki kabahatin \u00e7o\u011fu bende ama h\u0131rs\u0131z\u0131n da ne denli kabahatli oldu\u011funu g\u00f6sterece\u011fim sizlere. Hem de belgeleriyle\u2026\u201d <\/p>\n","protected":false},"excerpt":{"rendered":"<p>Bir yakada BEN di\u011fer yakada KEND\u0130M, ne azg\u0131n ne durgun, belki biraz keyfi, belki biraz inad\u0131na, kesintisiz akan bir \u201cdere\u201d yata\u011f\u0131nda, m\u0131r\u0131l m\u0131r\u0131l m\u0131r\u0131ldan\u0131yor M\u00fcjdat Gezen.<span class=\"excerpt-hellip\"> [\u2026]<\/span><\/p>\n","protected":false},"featured_media":0,"template":"","meta":{"_monsterinsights_skip_tracking":false,"_monsterinsights_sitenote_active":false,"_monsterinsights_sitenote_note":"","_monsterinsights_sitenote_category":0},"product_brand":[],"product_cat":[12364,12826],"product_tag":[],"class_list":{"0":"post-709879","1":"product","2":"type-product","3":"status-publish","5":"product_cat-genel-konular","6":"product_cat-soylesi","7":"pa_cilt-ciltsiz","8":"pa_tur-kitap","9":"pa_yayinevi-kirmizi-kedi-yayinevi","10":"pa_yazar-mujdat-gezen","12":"first","13":"instock","14":"sale","15":"shipping-taxable","16":"purchasable","17":"product-type-simple"},"_links":{"self":[{"href":"https:\/\/roveyayinevi.com.tr\/index.php\/wp-json\/wp\/v2\/product\/709879","targetHints":{"allow":["GET"]}}],"collection":[{"href":"https:\/\/roveyayinevi.com.tr\/index.php\/wp-json\/wp\/v2\/product"}],"about":[{"href":"https:\/\/roveyayinevi.com.tr\/index.php\/wp-json\/wp\/v2\/types\/product"}],"wp:attachment":[{"href":"https:\/\/roveyayinevi.com.tr\/index.php\/wp-json\/wp\/v2\/media?parent=709879"}],"wp:term":[{"taxonomy":"product_brand","embeddable":true,"href":"https:\/\/roveyayinevi.com.tr\/index.php\/wp-json\/wp\/v2\/product_brand?post=709879"},{"taxonomy":"product_cat","embeddable":true,"href":"https:\/\/roveyayinevi.com.tr\/index.php\/wp-json\/wp\/v2\/product_cat?post=709879"},{"taxonomy":"product_tag","embeddable":true,"href":"https:\/\/roveyayinevi.com.tr\/index.php\/wp-json\/wp\/v2\/product_tag?post=709879"}],"curies":[{"name":"wp","href":"https:\/\/api.w.org\/{rel}","templated":true}]}}