{"id":709868,"date":"2025-08-27T16:30:22","date_gmt":"2025-08-27T13:30:22","guid":{"rendered":"https:\/\/roveyayinevi.com.tr\/index.php\/urun\/hosbes\/"},"modified":"2026-04-16T02:18:45","modified_gmt":"2026-04-15T23:18:45","slug":"hosbes","status":"publish","type":"product","link":"https:\/\/roveyayinevi.com.tr\/index.php\/urun\/hosbes\/","title":{"rendered":"Ho\u015fbe\u015f"},"content":{"rendered":"<p>&#8221;Gizli bir yetimler ittifak\u0131 \u00f6neririm. Birbirimize g\u00f6z k\u0131rpar\u0131z. Hiyerar\u015fiyi reddederiz. Her t\u00fcrl\u00fc hiyerar\u015fiyi. D\u00fcnyan\u0131n pisli\u011fini oldu\u011fu gibi kabullenir, buna ra\u011fmen nas\u0131l hayatta kald\u0131\u011f\u0131m\u0131za dair hik\u00e2yeleri payla\u015f\u0131r\u0131z. M\u00fcnasebetsiziz biz, kopu\u011fuz. Evrendeki y\u0131ld\u0131zlar\u0131n yar\u0131s\u0131ndan fazlas\u0131 hi\u00e7bir tak\u0131my\u0131ld\u0131za ait olmayan yetim y\u0131ld\u0131zlard\u0131r. Tak\u0131my\u0131ld\u0131zlar\u0131n hepsinden daha fazla \u0131\u015f\u0131k verirler.\u201d- John BergerBerger\u2019\u0131n a\u011fa\u00e7lar, ta\u015flar, \u00e7i\u00e7ekler, belli belirsiz \u0131\u015f\u0131lt\u0131lar ve biz okurlarla yapt\u0131\u011f\u0131 bir ho\u015fbe\u015f bu denemeler. Her\u015feye ra\u011fmen d\u00fcnyaya umutlu g\u00f6zlerle bakabilmemiz i\u00e7in. <\/p>\n","protected":false},"excerpt":{"rendered":"<p>&#8221;Gizli bir yetimler ittifak\u0131 \u00f6neririm. Birbirimize g\u00f6z k\u0131rpar\u0131z. Hiyerar\u015fiyi reddederiz. Her t\u00fcrl\u00fc hiyerar\u015fiyi. D\u00fcnyan\u0131n pisli\u011fini oldu\u011fu gibi kabullenir, buna ra\u011fmen nas\u0131l hayatta kald\u0131\u011f\u0131m\u0131za dair hik\u00e2yeleri payla\u015f\u0131r\u0131z.<span class=\"excerpt-hellip\"> [\u2026]<\/span><\/p>\n","protected":false},"featured_media":0,"template":"","meta":{"_monsterinsights_skip_tracking":false,"_monsterinsights_sitenote_active":false,"_monsterinsights_sitenote_note":"","_monsterinsights_sitenote_category":0},"product_brand":[],"product_cat":[12777,12291],"product_tag":[],"class_list":{"0":"post-709868","1":"product","2":"type-product","3":"status-publish","5":"product_cat-deneme","6":"product_cat-edebiyat","7":"pa_cilt-ciltsiz","8":"pa_tur-kitap","9":"pa_yayinevi-metis-yayinlari","10":"pa_yazar-john-berger","12":"first","13":"instock","14":"sale","15":"shipping-taxable","16":"purchasable","17":"product-type-simple"},"_links":{"self":[{"href":"https:\/\/roveyayinevi.com.tr\/index.php\/wp-json\/wp\/v2\/product\/709868","targetHints":{"allow":["GET"]}}],"collection":[{"href":"https:\/\/roveyayinevi.com.tr\/index.php\/wp-json\/wp\/v2\/product"}],"about":[{"href":"https:\/\/roveyayinevi.com.tr\/index.php\/wp-json\/wp\/v2\/types\/product"}],"wp:attachment":[{"href":"https:\/\/roveyayinevi.com.tr\/index.php\/wp-json\/wp\/v2\/media?parent=709868"}],"wp:term":[{"taxonomy":"product_brand","embeddable":true,"href":"https:\/\/roveyayinevi.com.tr\/index.php\/wp-json\/wp\/v2\/product_brand?post=709868"},{"taxonomy":"product_cat","embeddable":true,"href":"https:\/\/roveyayinevi.com.tr\/index.php\/wp-json\/wp\/v2\/product_cat?post=709868"},{"taxonomy":"product_tag","embeddable":true,"href":"https:\/\/roveyayinevi.com.tr\/index.php\/wp-json\/wp\/v2\/product_tag?post=709868"}],"curies":[{"name":"wp","href":"https:\/\/api.w.org\/{rel}","templated":true}]}}