{"id":709863,"date":"2025-08-27T16:30:18","date_gmt":"2025-08-27T13:30:18","guid":{"rendered":"https:\/\/roveyayinevi.com.tr\/index.php\/urun\/gece-avi\/"},"modified":"2026-04-16T02:18:45","modified_gmt":"2026-04-15T23:18:45","slug":"gece-avi","status":"publish","type":"product","link":"https:\/\/roveyayinevi.com.tr\/index.php\/urun\/gece-avi\/","title":{"rendered":"Gece Av\u0131"},"content":{"rendered":"<p>Buzdaki K\u0131z\u2019\u0131n \u00e7ok satan yazar\u0131ndan t\u00fcylerinizi diken diken edecek kan dondurucu bir gerilim.Londra\u2019y\u0131 bir s\u0131cak hava dalgas\u0131 vurmu\u015ftu. Bu s\u0131ca\u011f\u0131n ortas\u0131nda Dedektif Erika Foster\u2019a bir cinayet ihbar\u0131 gelmi\u015fti. Cinayet mahalline geldi\u011finde kar\u015f\u0131s\u0131ndaki kurban\u0131n ba\u015f\u0131na bir po\u015fet ge\u00e7irilerek bo\u011fulmu\u015f, \u00e7\u0131plak bir \u015fekilde yata\u011f\u0131na ba\u015flanm\u0131\u015f bir adam oldu\u011funu g\u00f6rd\u00fc.Birka\u00e7 g\u00fcn sonra ayn\u0131 \u015fekilde \u00f6ld\u00fcr\u00fclen bir kurban daha bulundu. Erika ve ekibi cinayetin derinine inmeye ba\u015flad\u0131klar\u0131nda, cinayeti i\u015flemeden \u00f6nce her \u015feyi en ufak detay\u0131na kadar hesap eden bir katille kar\u015f\u0131 kar\u015f\u0131ya olduklar\u0131n\u0131 anlam\u0131\u015ft\u0131.Kurbanlar\u0131n hepsi, bek\u00e2r ve kendi ba\u015flar\u0131na ya\u015fayan erkeklerdi. Ge\u00e7mi\u015fleri neden s\u0131rlarla \u00f6rt\u00fcl\u00fcyd\u00fc? Onlar\u0131 katile ba\u011flayan \u015fey neydi?\u015eehirde s\u0131cakl\u0131k artarken, Erika Foster daha fazla ki\u015fi \u00f6lmeden Gece Avc\u0131s\u0131\u2019n\u0131 bulmakta kararl\u0131yd\u0131. Kendi i\u015fini tehlikeye atmas\u0131 gerekse bile. Katil bir tek kurbanlar\u0131n\u0131 izlemiyordu\u2026 Erika\u2019n\u0131n kendi hayat\u0131 da tehlikedeydi.\u201cBu kitaba ger\u00e7ekten, ger\u00e7ekten bay\u0131ld\u0131m ve Erika Foster kesinlikle tam benim tarz\u0131mda bir karakter. Zeki, kararl\u0131, a\u00e7\u0131k s\u00f6zl\u00fc ve tutkulu; hik\u00e2ye beni al\u0131p g\u00f6t\u00fcrd\u00fc. Sa\u011flam ve b\u00fcy\u00fcleyici bir dille yaz\u0131lm\u0131\u015f. \u00dc\u00e7\u00fcnc\u00fc kitab\u0131 d\u00f6rt g\u00f6zle bekliyorum\u201d &#8211; Angela Marsons, Sessiz \u00c7\u0131\u011fl\u0131k\u2019\u0131n yazar\u0131\u201c\u00c7ok etkileyici bir roman. Bir kere ba\u015flad\u0131n\u0131z m\u0131 elinizden b\u0131rakamayacaks\u0131n\u0131z.\u201d &#8211; Rachel Abbott\u201cHerhalde bug\u00fcne kadar okudu\u011fum en heyecanl\u0131, dramatik, gergin ve \u00e7arp\u0131c\u0131 gerilim romanlar\u0131ndan biri.\u201d &#8211; Bir Kitapkoli\u011fin \u0130tiraflar\u0131 <\/p>\n","protected":false},"excerpt":{"rendered":"<p>Buzdaki K\u0131z\u2019\u0131n \u00e7ok satan yazar\u0131ndan t\u00fcylerinizi diken diken edecek kan dondurucu bir gerilim.Londra\u2019y\u0131 bir s\u0131cak hava dalgas\u0131 vurmu\u015ftu. Bu s\u0131ca\u011f\u0131n ortas\u0131nda Dedektif Erika Foster\u2019a bir cinayet<span class=\"excerpt-hellip\"> [\u2026]<\/span><\/p>\n","protected":false},"featured_media":0,"template":"","meta":{"_monsterinsights_skip_tracking":false,"_monsterinsights_sitenote_active":false,"_monsterinsights_sitenote_note":"","_monsterinsights_sitenote_category":0},"product_brand":[],"product_cat":[12291,12711],"product_tag":[],"class_list":{"0":"post-709863","1":"product","2":"type-product","3":"status-publish","5":"product_cat-edebiyat","6":"product_cat-roman-oyku","7":"pa_cilt-ciltsiz","8":"pa_tur-kitap","9":"pa_yayinevi-yabanci-yayinevi","10":"pa_yazar-robert-bryndza","12":"first","13":"instock","14":"sale","15":"shipping-taxable","16":"purchasable","17":"product-type-simple"},"_links":{"self":[{"href":"https:\/\/roveyayinevi.com.tr\/index.php\/wp-json\/wp\/v2\/product\/709863","targetHints":{"allow":["GET"]}}],"collection":[{"href":"https:\/\/roveyayinevi.com.tr\/index.php\/wp-json\/wp\/v2\/product"}],"about":[{"href":"https:\/\/roveyayinevi.com.tr\/index.php\/wp-json\/wp\/v2\/types\/product"}],"wp:attachment":[{"href":"https:\/\/roveyayinevi.com.tr\/index.php\/wp-json\/wp\/v2\/media?parent=709863"}],"wp:term":[{"taxonomy":"product_brand","embeddable":true,"href":"https:\/\/roveyayinevi.com.tr\/index.php\/wp-json\/wp\/v2\/product_brand?post=709863"},{"taxonomy":"product_cat","embeddable":true,"href":"https:\/\/roveyayinevi.com.tr\/index.php\/wp-json\/wp\/v2\/product_cat?post=709863"},{"taxonomy":"product_tag","embeddable":true,"href":"https:\/\/roveyayinevi.com.tr\/index.php\/wp-json\/wp\/v2\/product_tag?post=709863"}],"curies":[{"name":"wp","href":"https:\/\/api.w.org\/{rel}","templated":true}]}}