{"id":709848,"date":"2025-08-27T16:30:11","date_gmt":"2025-08-27T13:30:11","guid":{"rendered":"https:\/\/roveyayinevi.com.tr\/index.php\/urun\/komik-edebi-turler-parodi-satir-ve-ironi\/"},"modified":"2026-04-16T02:18:45","modified_gmt":"2026-04-15T23:18:45","slug":"komik-edebi-turler-parodi-satir-ve-ironi","status":"publish","type":"product","link":"https:\/\/roveyayinevi.com.tr\/index.php\/urun\/komik-edebi-turler-parodi-satir-ve-ironi\/","title":{"rendered":"Komik Edebi T\u00fcrler: Parodi, Satir ve \u0130roni"},"content":{"rendered":"<p>&#8220;T\u00fcrk edebiyat ele\u015ftirisinde, &#8220;komik edebi t\u00fcrlere&#8221; y\u00f6nelik kapsaml\u0131 bir \u00e7al\u0131\u015fman\u0131n kaleme al\u0131nmam\u0131\u015f olmas\u0131, ironik ve parodik yap\u0131lara dayanan modern ve postmodern yap\u0131tlar\u0131n de\u011ferlendirilmesinde ciddi sorunlar yaratmaktad\u0131r.&#8221;\u0130roni&#8221; kavram\u0131n\u0131n ve tekniklerinin yeterince tan\u0131nmamas\u0131, Ahmet Hamdi Tanp\u0131nar ve O\u011fuz Atay gibi &#8220;ironik yazarlar&#8221;\u0131n kapsaml\u0131 bir bi\u00e7imde de\u011ferlendirilmesinin \u00f6n\u00fcne ge\u00e7mi\u015f hatta \u00e7o\u011fu zaman yanl\u0131\u015f de\u011ferlendirilmelerine yol a\u00e7m\u0131\u015ft\u0131r. &#8220;Parodik ve satirik&#8221; yap\u0131lara ili\u015fkin bilgi yoklu\u011fu da benzer sorunlara neden olmu\u015f, \u00f6zellikle \u00e7a\u011fda\u015f roman okumalar\u0131nda kar\u015f\u0131m\u0131za \u00e7\u0131kan postmodern tekniklerin ele al\u0131nmas\u0131nda kullan\u0131lacak baz\u0131 &#8220;kavramsal ara\u00e7lar&#8221;, T\u00fcrk edebiyat ele\u015ftirisinde t\u00fcm\u00fcyle g\u00f6z ard\u0131 edilmi\u015ftir. Bilgi ve kaynak yoklu\u011funun salt ele\u015ftiri i\u00e7in bir sorun \u00fcretti\u011fini d\u00fc\u015f\u00fcnmek safl\u0131k olur, ayn\u0131 zamanda yazar ve okurlar i\u00e7in de ciddi yoksulla\u015fmalara yol a\u00e7an bir olgudur bu. \u0130\u015fte t\u00fcm bu g\u00fc\u00e7l\u00fckleri a\u015fman\u0131n yolu ku\u015fkusuz konuyu enine boyuna analiz eden \u00e7al\u0131\u015fmalar\u0131n yaz\u0131lmas\u0131 ve yay\u0131nlanmas\u0131d\u0131r.&#8221;O\u011fuz Cebeci, &#8220;Komik Edebi T\u00fcrler: Parodi, Satir ve \u0130roni&#8221; isimli bu ikinci kitab\u0131nda, hem yukarda de\u011finilen g\u00fc\u00e7l\u00fcklerin \u00fcstesinden gelmemize katk\u0131 sa\u011flayacak bi\u00e7imde komik edebi t\u00fcrlerin kapsaml\u0131 bir analizini yapmakta hem bu t\u00fcrlere ili\u015fkin b\u00fct\u00fcnl\u00fckl\u00fc bir tan\u0131m sunmakta hem de teorik ara\u00e7lar\u0131n yap\u0131t analizinde nas\u0131l kullan\u0131laca\u011f\u0131n\u0131 m\u00fckemmel bir bi\u00e7imde \u00f6rnekleyerek ele\u015firi literat\u00fcr\u00fcm\u00fcz a\u00e7\u0131s\u0131ndan &#8220;d\u00f6n\u00fc\u015ft\u00fcr\u00fcc\u00fc&#8221; olaca\u011f\u0131na inand\u0131\u011f\u0131m\u0131z bir m\u00fcdahalede bulunmaktad\u0131r&#8230; <\/p>\n","protected":false},"excerpt":{"rendered":"<p>&#8220;T\u00fcrk edebiyat ele\u015ftirisinde, &#8220;komik edebi t\u00fcrlere&#8221; y\u00f6nelik kapsaml\u0131 bir \u00e7al\u0131\u015fman\u0131n kaleme al\u0131nmam\u0131\u015f olmas\u0131, ironik ve parodik yap\u0131lara dayanan modern ve postmodern yap\u0131tlar\u0131n de\u011ferlendirilmesinde ciddi sorunlar yaratmaktad\u0131r.&#8221;\u0130roni&#8221;<span class=\"excerpt-hellip\"> [\u2026]<\/span><\/p>\n","protected":false},"featured_media":0,"template":"","meta":{"_monsterinsights_skip_tracking":false,"_monsterinsights_sitenote_active":false,"_monsterinsights_sitenote_note":"","_monsterinsights_sitenote_category":0},"product_brand":[],"product_cat":[12777,12291],"product_tag":[],"class_list":{"0":"post-709848","1":"product","2":"type-product","3":"status-publish","5":"product_cat-deneme","6":"product_cat-edebiyat","7":"pa_cilt-ciltsiz","8":"pa_tur-kitap","9":"pa_yayinevi-ithaki-yayinlari","10":"pa_yazar-oguz-cebeci","12":"first","13":"instock","14":"sale","15":"shipping-taxable","16":"purchasable","17":"product-type-simple"},"_links":{"self":[{"href":"https:\/\/roveyayinevi.com.tr\/index.php\/wp-json\/wp\/v2\/product\/709848","targetHints":{"allow":["GET"]}}],"collection":[{"href":"https:\/\/roveyayinevi.com.tr\/index.php\/wp-json\/wp\/v2\/product"}],"about":[{"href":"https:\/\/roveyayinevi.com.tr\/index.php\/wp-json\/wp\/v2\/types\/product"}],"wp:attachment":[{"href":"https:\/\/roveyayinevi.com.tr\/index.php\/wp-json\/wp\/v2\/media?parent=709848"}],"wp:term":[{"taxonomy":"product_brand","embeddable":true,"href":"https:\/\/roveyayinevi.com.tr\/index.php\/wp-json\/wp\/v2\/product_brand?post=709848"},{"taxonomy":"product_cat","embeddable":true,"href":"https:\/\/roveyayinevi.com.tr\/index.php\/wp-json\/wp\/v2\/product_cat?post=709848"},{"taxonomy":"product_tag","embeddable":true,"href":"https:\/\/roveyayinevi.com.tr\/index.php\/wp-json\/wp\/v2\/product_tag?post=709848"}],"curies":[{"name":"wp","href":"https:\/\/api.w.org\/{rel}","templated":true}]}}