{"id":709845,"date":"2025-08-27T16:30:09","date_gmt":"2025-08-27T13:30:09","guid":{"rendered":"https:\/\/roveyayinevi.com.tr\/index.php\/urun\/kaplan-kaplan\/"},"modified":"2026-04-16T02:18:45","modified_gmt":"2026-04-15T23:18:45","slug":"kaplan-kaplan","status":"publish","type":"product","link":"https:\/\/roveyayinevi.com.tr\/index.php\/urun\/kaplan-kaplan\/","title":{"rendered":"Kaplan! Kaplan!"},"content":{"rendered":"<p>\u201cBester\u2019in iki muazzam kitab\u0131 zaman\u0131n\u0131n \u00f6tesine ge\u00e7meyi ba\u015fard\u0131. Yakla\u015f\u0131k altm\u0131\u015f senedir herkesin en iyi on bilimkurgu kitab\u0131 listesindeki yerlerini korudular.\u201d \u2013Robert Silverberg\u201cEn sevdi\u011fim kitap ne mi? Kaplan! Kaplan!\u201d William Gibson\u201cBilimkurgu edebiyat\u0131 ger\u00e7ek deha \u00fcr\u00fcn\u00fc \u00e7ok az eser \u00e7\u0131kard\u0131 ve bu da onlardan biri.\u201d Joe Haldeman\u201cPek\u00e7oklar\u0131nca \u015fimdiye dek yaz\u0131lm\u0131\u015f en iyi bilimkurgu roman\u0131.\u201d Samuel R. Delany\u201cKaplan! Kaplan!, Alfred Bester\u2019in yazd\u0131\u011f\u0131 en iyi eser.\u201d James Lovegrove\u201cY\u00fcksek maceran\u0131n, zengin ya\u015faman\u0131n ve zor \u00f6lmenin oldu\u011fu bir Alt\u0131n \u00c7a\u011f\u2019dalard\u0131\u2026 ama kimse \u00f6yle d\u00fc\u015f\u00fcnm\u00fcyordu. Servet ve h\u0131rs\u0131zl\u0131\u011f\u0131n, talan ve ya\u011fmac\u0131l\u0131\u011f\u0131n, k\u00fclt\u00fcr ve ahlaks\u0131zl\u0131\u011f\u0131n gelece\u011fi\u2026 ama kimse bunu kabul etmiyordu. A\u015f\u0131r\u0131lar\u0131n \u00e7a\u011f\u0131ndayd\u0131lar, ucubelerin b\u00fcy\u00fcleyici y\u00fczy\u0131l\u0131\u2026 ama kimse bunu sevmiyordu.\u201dUzayda \u00f6l\u00fcme terk edilen ve 170 g\u00fcn boyunca havas\u0131z ortamda hayatta kalmay\u0131 ba\u015faran Gully Foyle, kendine geldikten sonra gemi enkaz\u0131ndan kurtulur ve intikam\u0131n\u0131 almak i\u00e7in yola koyulur. T\u00fcm D\u00fcnya\u2019y\u0131 de\u011fi\u015ftirecek bir s\u0131rr\u0131 da yan\u0131nda ta\u015f\u0131maktad\u0131r.Alfred Bester Kaplan! Kaplan!\u2019da bilimkurguya getirdi\u011fi t\u00fcm yenilikleri bir seviye ileri g\u00f6t\u00fcr\u00fcyor ve belki de yaz\u0131lm\u0131\u015f en iyi bilimkurgu roman\u0131n\u0131 ortaya \u00e7\u0131kar\u0131yor. Kaplan! Kaplan!, bilimkurgu edebiyat\u0131ndaki Monte Kristo Kontu. <\/p>\n","protected":false},"excerpt":{"rendered":"<p>\u201cBester\u2019in iki muazzam kitab\u0131 zaman\u0131n\u0131n \u00f6tesine ge\u00e7meyi ba\u015fard\u0131. Yakla\u015f\u0131k altm\u0131\u015f senedir herkesin en iyi on bilimkurgu kitab\u0131 listesindeki yerlerini korudular.\u201d \u2013Robert Silverberg\u201cEn sevdi\u011fim kitap ne mi?<span class=\"excerpt-hellip\"> [\u2026]<\/span><\/p>\n","protected":false},"featured_media":0,"template":"","meta":{"_monsterinsights_skip_tracking":false,"_monsterinsights_sitenote_active":false,"_monsterinsights_sitenote_note":"","_monsterinsights_sitenote_category":0},"product_brand":[],"product_cat":[12291,12711],"product_tag":[],"class_list":{"0":"post-709845","1":"product","2":"type-product","3":"status-publish","5":"product_cat-edebiyat","6":"product_cat-roman-oyku","7":"pa_cilt-ciltsiz","8":"pa_tur-kitap","9":"pa_yayinevi-ithaki-yayinlari","10":"pa_yazar-alfred-bester","12":"first","13":"instock","14":"sale","15":"shipping-taxable","16":"purchasable","17":"product-type-simple"},"_links":{"self":[{"href":"https:\/\/roveyayinevi.com.tr\/index.php\/wp-json\/wp\/v2\/product\/709845","targetHints":{"allow":["GET"]}}],"collection":[{"href":"https:\/\/roveyayinevi.com.tr\/index.php\/wp-json\/wp\/v2\/product"}],"about":[{"href":"https:\/\/roveyayinevi.com.tr\/index.php\/wp-json\/wp\/v2\/types\/product"}],"wp:attachment":[{"href":"https:\/\/roveyayinevi.com.tr\/index.php\/wp-json\/wp\/v2\/media?parent=709845"}],"wp:term":[{"taxonomy":"product_brand","embeddable":true,"href":"https:\/\/roveyayinevi.com.tr\/index.php\/wp-json\/wp\/v2\/product_brand?post=709845"},{"taxonomy":"product_cat","embeddable":true,"href":"https:\/\/roveyayinevi.com.tr\/index.php\/wp-json\/wp\/v2\/product_cat?post=709845"},{"taxonomy":"product_tag","embeddable":true,"href":"https:\/\/roveyayinevi.com.tr\/index.php\/wp-json\/wp\/v2\/product_tag?post=709845"}],"curies":[{"name":"wp","href":"https:\/\/api.w.org\/{rel}","templated":true}]}}