{"id":709833,"date":"2025-08-27T16:29:32","date_gmt":"2025-08-27T13:29:32","guid":{"rendered":"https:\/\/roveyayinevi.com.tr\/index.php\/urun\/cumhuriyetin-ilk-yuzyili-1923-2023\/"},"modified":"2026-04-16T02:18:44","modified_gmt":"2026-04-15T23:18:44","slug":"cumhuriyetin-ilk-yuzyili-1923-2023","status":"publish","type":"product","link":"https:\/\/roveyayinevi.com.tr\/index.php\/urun\/cumhuriyetin-ilk-yuzyili-1923-2023\/","title":{"rendered":"Cumhuriyetin \u0130lk Y\u00fczy\u0131l\u0131 (1923 &#8211; 2023)"},"content":{"rendered":"<p>&#8220;T\u00fcrklerin son iki asr\u0131 b\u00fct\u00fcn Do\u011fu d\u00fcnyas\u0131nda ve Balkanlar&#8217;da dikkatle g\u00f6zden ge\u00e7irilmesi gereken b\u00fcy\u00fck bir tarih\u00ee yolculuktur. Bu nedenle de D\u00fcnya Tarihi&#8217;nin \u00f6nemli bir par\u00e7as\u0131d\u0131r ve dikkatle \u00fczerinde durulmal\u0131d\u0131r.&#8221;\u0130lber Ortayl\u0131\u201cCumhuriyet&#8217;in \u0130lk Y\u00fczy\u0131l\u0131&#8217;na yeni devletimizin yap\u0131 ta\u015flar\u0131n\u0131n d\u00f6\u015fendi\u011fi Osmanl\u0131 \u0130mparatorlu\u011fu&#8217;nun modernle\u015fme d\u00f6neminden ba\u015flad\u0131k.Atat\u00fcrk ve silah arkada\u015flar\u0131n\u0131n yeti\u015fti\u011fi II. Abd\u00fclhamid&#8217;in modernlik aray\u0131\u015f\u0131 i\u00e7inde ge\u00e7en y\u0131llar\u0131n\u0131, ama ayn\u0131 zamanda istibdad g\u00fcnlerini ve buna kar\u015f\u0131 isyan edip h\u00fcrriyet arayan gen\u00e7 Osmanl\u0131 subaylar\u0131n\u0131n maceralar\u0131 hayatlar\u0131&#8230;Mill\u00ee M\u00fccadele d\u00f6nemini, \u00f6zg\u00fcrl\u00fck havas\u0131n\u0131n egemen oldu\u011fu Cumhuriyet&#8217;in ilk iki y\u0131l\u0131n\u0131 ve tek partili zorlu zamanlar\u0131, ard\u0131ndan gelen \u00e7ok partili siyasal ya\u015fam\u0131n ba\u015flad\u0131\u011f\u0131 1950&#8217;li y\u0131llar\u0131&#8230;1913 Bab\u0131ali Bask\u0131n\u0131&#8217;yla ba\u015flayan darbeler tarihini&#8230;Yeni devletin ilk g\u00fcn\u00fcnden itibaren \u00e7\u00f6zmeye \u00e7al\u0131\u015ft\u0131\u011f\u0131 kadim problemleri; K\u00fcrt Sorunu&#8217;nu, &#8220;irtica&#8221; meselesini ve e\u011fitim konusunu&#8230;\u0130sl\u00e2mc\u0131l\u0131ktan milliyet\u00e7ili\u011fe, merkez sa\u011fdan sosyal demokrasiye b\u00fct\u00fcn siyasal ak\u0131mlar\u0131&#8230;1876&#8217;dan 1924&#8217;e ve 1982&#8217;ye anayasa metinlerimizi&#8230; Bizleri 2023&#8217;e ta\u015f\u0131yacak yeni anayasa \u00f6zlemimizi&#8230;As\u0131rl\u0131k d\u0131\u015f politikam\u0131z, ikili ili\u015fkilerimiz, uluslararas\u0131 kurulu\u015flardaki temsiliyetimiz, K\u0131br\u0131s Bar\u0131\u015f Harek\u00e2t\u0131, AB maceras\u0131 ve Ortado\u011fu politikalar\u0131m\u0131z\u0131&#8230;\u015eehirle\u015fme, \u00fcniversitele\u015fme, gecekondula\u015fma, ekonomik b\u00fcy\u00fcme, yolsuzluklar, g\u00fcndelik ya\u015famdaki nitelik ve kalite kayb\u0131 gibi en g\u00fc\u00e7l\u00fc sosyolojik dinamik ve geli\u015fmeleri&#8230;Yani bizi biz yapan ve bug\u00fcnlere ta\u015f\u0131yan \u00f6nemli tarihsel dinamikleri konu\u015ftuk&#8230;\u201d\u0130smail K\u00fc\u00e7\u00fckkayaT\u00fcrkiye&#8217;nin ge\u00e7mi\u015f ve gelece\u011fiyle ilgilenen her okurun mutlaka okumas\u0131 gereken bir ba\u015fucu kitab\u0131\u2026 <\/p>\n","protected":false},"excerpt":{"rendered":"<p>&#8220;T\u00fcrklerin son iki asr\u0131 b\u00fct\u00fcn Do\u011fu d\u00fcnyas\u0131nda ve Balkanlar&#8217;da dikkatle g\u00f6zden ge\u00e7irilmesi gereken b\u00fcy\u00fck bir tarih\u00ee yolculuktur. Bu nedenle de D\u00fcnya Tarihi&#8217;nin \u00f6nemli bir par\u00e7as\u0131d\u0131r ve<span class=\"excerpt-hellip\"> [\u2026]<\/span><\/p>\n","protected":false},"featured_media":0,"template":"","meta":{"_monsterinsights_skip_tracking":false,"_monsterinsights_sitenote_active":false,"_monsterinsights_sitenote_note":"","_monsterinsights_sitenote_category":0},"product_brand":[],"product_cat":[12304,13493],"product_tag":[],"class_list":{"0":"post-709833","1":"product","2":"type-product","3":"status-publish","5":"product_cat-tarih","6":"product_cat-turkiye-ve-cumhuriyet-tarihi","7":"pa_cilt-ciltsiz","8":"pa_tur-kitap","9":"pa_yayinevi-kronik-kitap","10":"pa_yazar-ilber-ortayli-ismail-kucukkaya","12":"first","13":"instock","14":"sale","15":"shipping-taxable","16":"purchasable","17":"product-type-simple"},"_links":{"self":[{"href":"https:\/\/roveyayinevi.com.tr\/index.php\/wp-json\/wp\/v2\/product\/709833","targetHints":{"allow":["GET"]}}],"collection":[{"href":"https:\/\/roveyayinevi.com.tr\/index.php\/wp-json\/wp\/v2\/product"}],"about":[{"href":"https:\/\/roveyayinevi.com.tr\/index.php\/wp-json\/wp\/v2\/types\/product"}],"wp:attachment":[{"href":"https:\/\/roveyayinevi.com.tr\/index.php\/wp-json\/wp\/v2\/media?parent=709833"}],"wp:term":[{"taxonomy":"product_brand","embeddable":true,"href":"https:\/\/roveyayinevi.com.tr\/index.php\/wp-json\/wp\/v2\/product_brand?post=709833"},{"taxonomy":"product_cat","embeddable":true,"href":"https:\/\/roveyayinevi.com.tr\/index.php\/wp-json\/wp\/v2\/product_cat?post=709833"},{"taxonomy":"product_tag","embeddable":true,"href":"https:\/\/roveyayinevi.com.tr\/index.php\/wp-json\/wp\/v2\/product_tag?post=709833"}],"curies":[{"name":"wp","href":"https:\/\/api.w.org\/{rel}","templated":true}]}}

Cumhuriyetin İlk Yüzyılı (1923 &#8211; 2023)

<p>&#8220;Türklerin son iki asrı bütün Doğu dünyasında ve Balkanlar&#8217;da dikkatle gözden geçirilmesi gereken büyük bir tarihî yolculuktur. Bu nedenle de Dünya Tarihi&#8217;nin önemli bir parçasıdır ve dikkatle üzerinde durulmalıdır.&#8221;İlber Ortaylı“Cumhuriyet&#8217;in İlk Yüzyılı&#8217;na yeni devletimizin yapı taşlarının döşendiği Osmanlı İmparatorluğu&#8217;nun modernleşme döneminden başladık.Atatürk ve silah arkadaşlarının yetiştiği II. Abdülhamid&#8217;in modernlik arayışı içinde geçen yıllarını, ama aynı zamanda istibdad günlerini ve buna karşı isyan edip hürriyet arayan genç Osmanlı subaylarının maceraları hayatları&#8230;Millî Mücadele dönemini, özgürlük havasının egemen olduğu Cumhuriyet&#8217;in ilk iki yılını ve tek partili zorlu zamanları, ardından gelen çok partili siyasal yaşamın başladığı 1950&#8217;li yılları&#8230;1913 Babıali Baskını&#8217;yla başlayan darbeler tarihini&#8230;Yeni devletin ilk gününden itibaren çözmeye çalıştığı kadim problemleri; Kürt Sorunu&#8217;nu, &#8220;irtica&#8221; meselesini ve eğitim konusunu&#8230;İslâmcılıktan milliyetçiliğe, merkez sağdan sosyal demokrasiye bütün siyasal akımları&#8230;1876&#8217;dan 1924&#8217;e ve 1982&#8217;ye anayasa metinlerimizi&#8230; Bizleri 2023&#8217;e taşıyacak yeni anayasa özlemimizi&#8230;Asırlık dış politikamız, ikili ilişkilerimiz, uluslararası kuruluşlardaki temsiliyetimiz, Kıbrıs Barış Harekâtı, AB macerası ve Ortadoğu politikalarımızı&#8230;Şehirleşme, üniversiteleşme, gecekondulaşma, ekonomik büyüme, yolsuzluklar, gündelik yaşamdaki nitelik ve kalite kaybı gibi en güçlü sosyolojik dinamik ve gelişmeleri&#8230;Yani bizi biz yapan ve bugünlere taşıyan önemli tarihsel dinamikleri konuştuk&#8230;”İsmail KüçükkayaTürkiye&#8217;nin geçmiş ve geleceğiyle ilgilenen her okurun mutlaka okuması gereken bir başucu kitabı… </p>

<p>&#8220;Türklerin son iki asrı bütün Doğu dünyasında ve Balkanlar&#8217;da dikkatle gözden geçirilmesi gereken büyük bir tarihî yolculuktur. Bu nedenle de Dünya Tarihi&#8217;nin önemli bir parçasıdır ve<span class="excerpt-hellip"> […]</span></p>
