{"id":709832,"date":"2025-08-27T16:29:31","date_gmt":"2025-08-27T13:29:31","guid":{"rendered":"https:\/\/roveyayinevi.com.tr\/index.php\/urun\/kizil-golgeler\/"},"modified":"2026-04-16T02:18:44","modified_gmt":"2026-04-15T23:18:44","slug":"kizil-golgeler","status":"publish","type":"product","link":"https:\/\/roveyayinevi.com.tr\/index.php\/urun\/kizil-golgeler\/","title":{"rendered":"K\u0131z\u0131l G\u00f6lgeler"},"content":{"rendered":"<p>Ermenikalesininyoku\u015fyolu\u2026 Da\u011f\u0131nyama\u00e7lar\u0131\u0131ss\u0131zvesessiz. Sankihi\u00e7bir\u015feyya\u015fanmam\u0131\u015fgibi. Kaleniny\u0131k\u0131nt\u0131lar\u0131orman\u0131ng\u00f6\u011fs\u00fcnde can \u00e7eki\u015fmekte. Akl\u0131mda hep vedala\u015ft\u0131\u011f\u0131m\u0131zg\u00fcn\u2026 As\u0131rlar\u0131devirendostluklarbak\u0131\u015flarlavedala\u015ft\u0131, kelimelerharamd\u0131dudaklara. G\u00f6zg\u00f6zekonu\u015ftukbir\u00e7ok\u015feyi. Karine, gitmeyibilmeyenkad\u0131n&#8230; Bendenhi\u00e7gitmedi. G\u00f6zleribize \u201cBeni \u00f6zledi\u011finizdekaleyebak\u0131n, ben hep oradaolaca\u011f\u0131m.\u201d demi\u015ftisanki. Evet, ben o harabeyebak\u0131yorum\u015fimdi. Bizoraday\u0131z Karine. O s\u0131cakelindentutmu\u015f, r\u00fczg\u00e2r\u0131ntarad\u0131\u011f\u0131otlar\u0131ni\u00e7indeko\u015fuyoruz. Arkam\u0131zda Abraham, Garabed, Yeprosine, Armen, Adem, Kemal, \u015eahSenem\u2026 C\u0131v\u0131lt\u0131lar\u0131duyuyormusun Karine? <\/p>\n","protected":false},"excerpt":{"rendered":"<p>Ermenikalesininyoku\u015fyolu\u2026 Da\u011f\u0131nyama\u00e7lar\u0131\u0131ss\u0131zvesessiz. Sankihi\u00e7bir\u015feyya\u015fanmam\u0131\u015fgibi. Kaleniny\u0131k\u0131nt\u0131lar\u0131orman\u0131ng\u00f6\u011fs\u00fcnde can \u00e7eki\u015fmekte. Akl\u0131mda hep vedala\u015ft\u0131\u011f\u0131m\u0131zg\u00fcn\u2026 As\u0131rlar\u0131devirendostluklarbak\u0131\u015flarlavedala\u015ft\u0131, kelimelerharamd\u0131dudaklara. G\u00f6zg\u00f6zekonu\u015ftukbir\u00e7ok\u015feyi. Karine, gitmeyibilmeyenkad\u0131n&#8230; Bendenhi\u00e7gitmedi. G\u00f6zleribize \u201cBeni \u00f6zledi\u011finizdekaleyebak\u0131n, ben hep oradaolaca\u011f\u0131m.\u201d demi\u015ftisanki. Evet, ben o harabeyebak\u0131yorum\u015fimdi.<span class=\"excerpt-hellip\"> [\u2026]<\/span><\/p>\n","protected":false},"featured_media":0,"template":"","meta":{"_monsterinsights_skip_tracking":false,"_monsterinsights_sitenote_active":false,"_monsterinsights_sitenote_note":"","_monsterinsights_sitenote_category":0},"product_brand":[],"product_cat":[12291,12711],"product_tag":[],"class_list":{"0":"post-709832","1":"product","2":"type-product","3":"status-publish","5":"product_cat-edebiyat","6":"product_cat-roman-oyku","7":"pa_cilt-ciltsiz","8":"pa_tur-kitap","9":"pa_yayinevi-colpan-kitap","10":"pa_yazar-emine-ozturk-kalafat","12":"first","13":"instock","14":"sale","15":"shipping-taxable","16":"purchasable","17":"product-type-simple"},"_links":{"self":[{"href":"https:\/\/roveyayinevi.com.tr\/index.php\/wp-json\/wp\/v2\/product\/709832","targetHints":{"allow":["GET"]}}],"collection":[{"href":"https:\/\/roveyayinevi.com.tr\/index.php\/wp-json\/wp\/v2\/product"}],"about":[{"href":"https:\/\/roveyayinevi.com.tr\/index.php\/wp-json\/wp\/v2\/types\/product"}],"wp:attachment":[{"href":"https:\/\/roveyayinevi.com.tr\/index.php\/wp-json\/wp\/v2\/media?parent=709832"}],"wp:term":[{"taxonomy":"product_brand","embeddable":true,"href":"https:\/\/roveyayinevi.com.tr\/index.php\/wp-json\/wp\/v2\/product_brand?post=709832"},{"taxonomy":"product_cat","embeddable":true,"href":"https:\/\/roveyayinevi.com.tr\/index.php\/wp-json\/wp\/v2\/product_cat?post=709832"},{"taxonomy":"product_tag","embeddable":true,"href":"https:\/\/roveyayinevi.com.tr\/index.php\/wp-json\/wp\/v2\/product_tag?post=709832"}],"curies":[{"name":"wp","href":"https:\/\/api.w.org\/{rel}","templated":true}]}}